flight 185911 linux-linus real [real] http://logs.test-lab.xenproject.org/osstest/logs/185911/
Regressions :-( Tests which did not succeed and are blocking, including tests which could not be run: test-amd64-amd64-xl-qemut-debianhvm-i386-xsm 12 debian-hvm-install fail REGR. vs. 185870 test-armhf-armhf-libvirt-vhd 8 xen-boot fail REGR. vs. 185870 Tests which are failing intermittently (not blocking): test-armhf-armhf-xl-credit2 8 xen-boot fail in 185907 pass in 185911 test-armhf-armhf-xl-rtds 8 xen-boot fail in 185907 pass in 185911 test-armhf-armhf-xl-credit1 8 xen-boot fail in 185907 pass in 185911 test-armhf-armhf-xl 8 xen-boot fail pass in 185907 Tests which did not succeed, but are not blocking: test-armhf-armhf-libvirt 16 saverestore-support-check fail blocked in 185870 test-armhf-armhf-xl-qcow2 8 xen-boot fail in 185907 like 185870 test-armhf-armhf-xl 15 migrate-support-check fail in 185907 never pass test-armhf-armhf-xl 16 saverestore-support-check fail in 185907 never pass test-amd64-amd64-xl-qemut-win7-amd64 19 guest-stop fail like 185870 test-amd64-amd64-xl-qemuu-win7-amd64 19 guest-stop fail like 185870 test-amd64-amd64-xl-qemuu-ws16-amd64 19 guest-stop fail like 185870 test-armhf-armhf-xl-arndale 8 xen-boot fail like 185870 test-amd64-amd64-xl-qemut-ws16-amd64 19 guest-stop fail like 185870 test-amd64-amd64-qemuu-nested-amd 20 debian-hvm-install/l1/l2 fail like 185870 test-amd64-amd64-libvirt 15 migrate-support-check fail never pass test-amd64-amd64-libvirt-xsm 15 migrate-support-check fail never pass test-amd64-amd64-libvirt-qemuu-debianhvm-amd64-xsm 13 migrate-support-check fail never pass test-arm64-arm64-xl-credit1 15 migrate-support-check fail never pass test-arm64-arm64-xl-xsm 15 migrate-support-check fail never pass test-arm64-arm64-xl-credit1 16 saverestore-support-check fail never pass test-arm64-arm64-xl-xsm 16 saverestore-support-check fail never pass test-arm64-arm64-xl-thunderx 15 migrate-support-check fail never pass test-arm64-arm64-xl-thunderx 16 saverestore-support-check fail never pass test-arm64-arm64-libvirt-xsm 15 migrate-support-check fail never pass test-arm64-arm64-libvirt-xsm 16 saverestore-support-check fail never pass test-arm64-arm64-xl-credit2 15 migrate-support-check fail never pass test-arm64-arm64-xl-credit2 16 saverestore-support-check fail never pass test-arm64-arm64-xl 15 migrate-support-check fail never pass test-arm64-arm64-xl 16 saverestore-support-check fail never pass test-amd64-amd64-libvirt-qcow2 14 migrate-support-check fail never pass test-amd64-amd64-libvirt-raw 14 migrate-support-check fail never pass test-amd64-amd64-libvirt-vhd 14 migrate-support-check fail never pass test-armhf-armhf-xl-credit1 15 migrate-support-check fail never pass test-armhf-armhf-xl-credit1 16 saverestore-support-check fail never pass test-arm64-arm64-libvirt-raw 14 migrate-support-check fail never pass test-arm64-arm64-libvirt-raw 15 saverestore-support-check fail never pass test-arm64-arm64-xl-vhd 14 migrate-support-check fail never pass test-arm64-arm64-xl-vhd 15 saverestore-support-check fail never pass test-armhf-armhf-xl-qcow2 14 migrate-support-check fail never pass test-armhf-armhf-xl-qcow2 15 saverestore-support-check fail never pass test-armhf-armhf-xl-rtds 15 migrate-support-check fail never pass test-armhf-armhf-xl-rtds 16 saverestore-support-check fail never pass test-armhf-armhf-xl-credit2 15 migrate-support-check fail never pass test-armhf-armhf-xl-credit2 16 saverestore-support-check fail never pass test-armhf-armhf-libvirt 15 migrate-support-check fail never pass test-armhf-armhf-xl-multivcpu 15 migrate-support-check fail never pass test-armhf-armhf-xl-multivcpu 16 saverestore-support-check fail never pass test-armhf-armhf-xl-raw 14 migrate-support-check fail never pass test-armhf-armhf-xl-raw 15 saverestore-support-check fail never pass version targeted for testing: linux f03359bca01bf4372cf2c118cd9a987a5951b1c8 baseline version: linux b947cc5bf6d793101135265352e205aeb30b54f0 Last test of basis 185870 2024-04-29 17:43:51 Z 4 days Failing since 185888 2024-04-30 20:31:50 Z 3 days 7 attempts Testing same since 185907 2024-05-03 02:43:45 Z 0 days 2 attempts ------------------------------------------------------------ People who touched revisions under test: Alexander Gordeev <agord...@linux.ibm.com> Alexander Potapenko <gli...@google.com> Alexandra Winter <wint...@linux.ibm.com> Alexei Starovoitov <a...@kernel.org> Andrii Nakryiko <and...@kernel.org> Andy Shevchenko <andriy.shevche...@linux.intel.com> AngeloGioacchino Del Regno <angelogioacchino.delre...@collabora.com> Anton Protopopov <as...@isovalent.com> Arnd Bergmann <a...@arndb.de> Asbjørn Sloth Tønnesen <a...@fiberby.net> Audra Mitchell <au...@redhat.com> Barry Song <v-songbao...@oppo.com> Billy Tsai <billy_t...@aspeedtech.com> Björn Töpel <bj...@kernel.org> Björn Töpel <bj...@rivosinc.com> Bui Quang Minh <minhquangbu...@gmail.com> Chen-Yu Tsai <we...@chromium.org> Christoph Paasch <cpaa...@apple.com> Chuck Lever <chuck.le...@oracle.com> Claudio Imbrenda <imbre...@linux.ibm.com> Claudiu Beznea <claudiu.beznea...@bp.renesas.com> Dan Carpenter <dan.carpen...@linaro.org> Daniel Borkmann <dan...@iogearbox.net> David Bauer <m...@david-bauer.net> David Howells <dhowe...@redhat.com> David S. Miller <da...@davemloft.net> David Sterba <dste...@suse.com> Dima Ruinskiy <dima.ruins...@intel.com> Dominique Martinet <dominique.marti...@atmark-techno.com> Donald Hunter <donald.hun...@gmail.com> Doug Berger <open...@gmail.com> Felix Fietkau <n...@nbd.name> Florian Fainelli <florian.faine...@broadcom.com> Geert Uytterhoeven <geert+rene...@glider.be> Guillaume Nault <gna...@redhat.com> Hans de Goede <hdego...@redhat.com> Harald Freudenberger <fre...@linux.ibm.com> Heiko Carstens <h...@linux.ibm.com> Ilpo Järvinen <ilpo.jarvi...@linux.intel.com> Ilya Leoshkevich <i...@linux.ibm.com> Ivan Babrou <i...@cloudflare.com> Jakub Kicinski <k...@kernel.org> James Chapman <jchap...@katalix.com> Jan Dakinevich <jan.dakinev...@salutedevices.com> Jason Xing <kernelx...@tencent.com> Jeffrey Altman <jalt...@auristor.com> Jens Remus <jre...@linux.ibm.com> Jesper Dangaard Brouer <h...@kernel.org> John Garry <john.g.ga...@oracle.com> Josef Bacik <jo...@toxicpanda.com> Kent Overstreet <kent.overstr...@linux.dev> Krzysztof Kozlowski <k...@kernel.org> Krzysztof Kozlowski <krzysztof.kozlow...@linaro.org> Kuniyuki Iwashima <kun...@amazon.com> Lad Prabhakar <prabhakar.mahadev-lad...@bp.renesas.com> Lai Jiangshan <jiangshan....@antgroup.com> Linus Torvalds <torva...@linux-foundation.org> Linus Walleij <linus.wall...@linaro.org> Marc Dionne <marc.dio...@auristor.com> Marek Behún <ka...@kernel.org> Mark Brown <broo...@kernel.org> Martin K. Petersen <martin.peter...@oracle.com> Martin KaFai Lau <martin....@kernel.org> Matthieu Baerts (NGI0) <matt...@kernel.org> Matti Vaittinen <mazziesacco...@gmail.com> Max Filippov <jcmvb...@gmail.com> Nikolay Aleksandrov <ra...@blackwall.org> Olga Kornievskaia <ko...@netapp.com> Oliver Upton <oliver.up...@linux.dev> Paolo Abeni <pab...@redhat.com> Paolo Bonzini <pbonz...@redhat.com> Puranjay Mohan <puranja...@gmail.com> Puranjay Mohan <puran...@kernel.org> Qu Wenruo <w...@suse.com> Rafael J. Wysocki <rafael.j.wyso...@intel.com> Richard Gobert <richardbgob...@gmail.com> Sasha Neftin <sasha.nef...@intel.com> Sebastian Andrzej Siewior <bige...@linutronix.de> Sebastian Reichel <sebastian.reic...@collabora.com> Shigeru Yoshida <syosh...@redhat.com> Srinivas Pandruvada <srinivas.pandruv...@linux.intel.com> Stanislav Fomichev <s...@google.com> Sven Schnelle <sv...@linux.ibm.com> Takashi Sakamoto <o-taka...@sakamocchi.jp> Tejun Heo <t...@kernel.org> Thanassis Avgerinos <thanassis.avgeri...@gmail.com> Thorsten Blum <thorsten.b...@toblux.com> Toke Høiland-Jørgensen <t...@redhat.com> Tony Nguyen <anthony.l.ngu...@intel.com> Trond Myklebust <trond.mykleb...@hammerspace.com> Vitaly Lifshits <vitaly.lifsh...@intel.com> Xin Long <lucien....@gmail.com> Xingyou Chen <rockr...@rockwork.org> Xu Kuohai <xukuo...@huawei.com> Yunsheng Lin <linyunsh...@huawei.com> Zeng Heng <zenghe...@huawei.com> jobs: build-amd64-xsm pass build-arm64-xsm pass build-i386-xsm pass build-amd64 pass build-arm64 pass build-armhf pass build-i386 pass build-amd64-libvirt pass build-arm64-libvirt pass build-armhf-libvirt pass build-i386-libvirt pass build-amd64-pvops pass build-arm64-pvops pass build-armhf-pvops pass build-i386-pvops pass test-amd64-amd64-xl pass test-amd64-coresched-amd64-xl pass test-arm64-arm64-xl pass test-armhf-armhf-xl fail test-amd64-amd64-libvirt-qemuu-debianhvm-amd64-xsm pass test-amd64-amd64-xl-qemut-stubdom-debianhvm-amd64-xsm pass test-amd64-amd64-xl-qemut-debianhvm-i386-xsm fail test-amd64-amd64-xl-qemuu-debianhvm-i386-xsm pass test-amd64-amd64-libvirt-xsm pass test-arm64-arm64-libvirt-xsm pass test-amd64-amd64-xl-xsm pass test-arm64-arm64-xl-xsm pass test-amd64-amd64-qemuu-nested-amd fail test-amd64-amd64-xl-pvhv2-amd pass test-amd64-amd64-dom0pvh-xl-amd pass test-amd64-amd64-xl-qemut-debianhvm-amd64 pass test-amd64-amd64-xl-qemuu-debianhvm-amd64 pass test-amd64-amd64-qemuu-freebsd11-amd64 pass test-amd64-amd64-qemuu-freebsd12-amd64 pass test-amd64-amd64-xl-qemuu-ovmf-amd64 pass test-amd64-amd64-xl-qemut-win7-amd64 fail test-amd64-amd64-xl-qemuu-win7-amd64 fail test-amd64-amd64-xl-qemut-ws16-amd64 fail test-amd64-amd64-xl-qemuu-ws16-amd64 fail test-armhf-armhf-xl-arndale fail test-amd64-amd64-examine-bios pass test-amd64-amd64-xl-credit1 pass test-arm64-arm64-xl-credit1 pass test-armhf-armhf-xl-credit1 pass test-amd64-amd64-xl-credit2 pass test-arm64-arm64-xl-credit2 pass test-armhf-armhf-xl-credit2 pass test-amd64-amd64-xl-qemuu-dmrestrict-amd64-dmrestrict pass test-amd64-amd64-examine pass test-arm64-arm64-examine pass test-armhf-armhf-examine pass test-amd64-amd64-qemuu-nested-intel pass test-amd64-amd64-xl-pvhv2-intel pass test-amd64-amd64-dom0pvh-xl-intel pass test-amd64-amd64-libvirt pass test-armhf-armhf-libvirt pass test-amd64-amd64-xl-multivcpu pass test-armhf-armhf-xl-multivcpu pass test-amd64-amd64-pair pass test-amd64-amd64-libvirt-pair pass test-amd64-amd64-xl-pvshim pass test-amd64-amd64-pygrub pass test-amd64-amd64-libvirt-qcow2 pass test-amd64-amd64-xl-qcow2 pass test-armhf-armhf-xl-qcow2 pass test-amd64-amd64-libvirt-raw pass test-arm64-arm64-libvirt-raw pass test-amd64-amd64-xl-raw pass test-armhf-armhf-xl-raw pass test-amd64-amd64-xl-rtds pass test-armhf-armhf-xl-rtds pass test-amd64-amd64-xl-qemuu-debianhvm-amd64-shadow pass test-amd64-amd64-xl-shadow pass test-arm64-arm64-xl-thunderx pass test-amd64-amd64-examine-uefi pass test-amd64-amd64-libvirt-vhd pass test-armhf-armhf-libvirt-vhd fail test-amd64-amd64-xl-vhd pass test-arm64-arm64-xl-vhd pass ------------------------------------------------------------ sg-report-flight on osstest.test-lab.xenproject.org logs: /home/logs/logs images: /home/logs/images Logs, config files, etc. are available at http://logs.test-lab.xenproject.org/osstest/logs Explanation of these reports, and of osstest in general, is at http://xenbits.xen.org/gitweb/?p=osstest.git;a=blob;f=README.email;hb=master http://xenbits.xen.org/gitweb/?p=osstest.git;a=blob;f=README;hb=master Test harness code can be found at http://xenbits.xen.org/gitweb?p=osstest.git;a=summary Not pushing. (No revision log; it would be 4031 lines long.)