flight 185863 linux-6.1 real [real] http://logs.test-lab.xenproject.org/osstest/logs/185863/
Regressions :-( Tests which did not succeed and are blocking, including tests which could not be run: build-armhf-pvops 6 kernel-build fail REGR. vs. 185746 Tests which did not succeed, but are not blocking: test-armhf-armhf-examine 1 build-check(1) blocked n/a test-armhf-armhf-libvirt 1 build-check(1) blocked n/a test-armhf-armhf-libvirt-vhd 1 build-check(1) blocked n/a test-armhf-armhf-xl 1 build-check(1) blocked n/a test-armhf-armhf-xl-arndale 1 build-check(1) blocked n/a test-armhf-armhf-xl-credit1 1 build-check(1) blocked n/a test-armhf-armhf-xl-credit2 1 build-check(1) blocked n/a test-armhf-armhf-xl-multivcpu 1 build-check(1) blocked n/a test-armhf-armhf-xl-qcow2 1 build-check(1) blocked n/a test-armhf-armhf-xl-raw 1 build-check(1) blocked n/a test-armhf-armhf-xl-rtds 1 build-check(1) blocked n/a test-amd64-amd64-xl-qemuu-win7-amd64 19 guest-stop fail like 185746 test-amd64-amd64-xl-qemuu-ws16-amd64 19 guest-stop fail like 185746 test-amd64-amd64-xl-qemut-win7-amd64 19 guest-stop fail like 185746 test-amd64-amd64-xl-qemut-ws16-amd64 19 guest-stop fail like 185746 test-amd64-amd64-qemuu-nested-amd 20 debian-hvm-install/l1/l2 fail like 185746 test-amd64-amd64-libvirt 15 migrate-support-check fail never pass test-amd64-amd64-libvirt-xsm 15 migrate-support-check fail never pass test-arm64-arm64-xl-thunderx 15 migrate-support-check fail never pass test-arm64-arm64-xl-thunderx 16 saverestore-support-check fail never pass test-arm64-arm64-libvirt-xsm 15 migrate-support-check fail never pass test-arm64-arm64-libvirt-xsm 16 saverestore-support-check fail never pass test-arm64-arm64-xl 15 migrate-support-check fail never pass test-arm64-arm64-xl 16 saverestore-support-check fail never pass test-arm64-arm64-xl-credit1 15 migrate-support-check fail never pass test-arm64-arm64-xl-credit2 15 migrate-support-check fail never pass test-arm64-arm64-xl-credit1 16 saverestore-support-check fail never pass test-arm64-arm64-xl-credit2 16 saverestore-support-check fail never pass test-amd64-amd64-libvirt-qemuu-debianhvm-amd64-xsm 13 migrate-support-check fail never pass test-arm64-arm64-xl-xsm 15 migrate-support-check fail never pass test-arm64-arm64-xl-xsm 16 saverestore-support-check fail never pass test-amd64-amd64-libvirt-qcow2 14 migrate-support-check fail never pass test-amd64-amd64-libvirt-raw 14 migrate-support-check fail never pass test-amd64-amd64-libvirt-vhd 14 migrate-support-check fail never pass test-arm64-arm64-libvirt-raw 14 migrate-support-check fail never pass test-arm64-arm64-libvirt-raw 15 saverestore-support-check fail never pass test-arm64-arm64-xl-vhd 14 migrate-support-check fail never pass test-arm64-arm64-xl-vhd 15 saverestore-support-check fail never pass version targeted for testing: linux f2295faba5e8249ae4082791bfc1664c88fff83a baseline version: linux 6741e066ec7633450d3186946035c1f80c4226b8 Last test of basis 185746 2024-04-20 18:14:28 Z 9 days Testing same since 185832 2024-04-27 15:44:00 Z 2 days 5 attempts ------------------------------------------------------------ People who touched revisions under test: Ai Chao <aic...@kylinos.cn> Alan Stern <st...@rowland.harvard.edu> Alex Deucher <alexander.deuc...@amd.com> Alexander Gordeev <agord...@linux.ibm.com> Alexander Usyskin <alexander.usys...@intel.com> Alexey Izbyshev <izbys...@ispras.ru> Alvaro Karsz <alvaro.ka...@solid-run.com> Andi Shyti <andi.sh...@linux.intel.com> Andrew Morton <a...@linux-foundation.org> AngeloGioacchino Del Regno <angelogioacchino.delre...@collabora.com> Ard Biesheuvel <a...@kernel.org> Arnd Bergmann <a...@arndb.de> Arınç ÜNAL <arinc.u...@arinc9.com> Bjorn Helgaas <bhelg...@google.com> bolan wang <bolan.w...@fibocom.com> Borislav Petkov (AMD) <b...@alien8.de> Borislav Petkov <b...@suse.de> Brenton Simpson <appsforarti...@google.com> Carlos Llamas <cmlla...@google.com> Carolina Jubran <cjub...@nvidia.com> Catalin Marinas <catalin.mari...@arm.com> Chinmoy Ghosh <chinmoyghosh2...@gmail.com> Christophe JAILLET <christophe.jail...@wanadoo.fr> Chuanhong Guo <gch981...@gmail.com> Chuck Lever <chuck.le...@oracle.com> Coia Prant <coiapr...@gmail.com> Daniel Golle <dan...@makrotopia.org> Daniele Palmas <dnl...@gmail.com> Danilo Krummrich <d...@redhat.com> Dave Airlie <airl...@redhat.com> Dave Hansen <dave.han...@linux.intel.com> David S. Miller <da...@davemloft.net> David Yang <mmyan...@gmail.com> Dillon Varone <dillon.var...@amd.com> Dmitry Baryshkov <dmitry.barysh...@linaro.org> Dmitry Torokhov <dmitry.torok...@gmail.com> Emil Kronborg <emil.kronb...@protonmail.com> Eric Biggers <ebigg...@google.com> Finn Thain <fth...@linux-m68k.org> Florian Fainelli <florian.faine...@broadcom.com> Florian Westphal <f...@strlen.de> Geoffrey D. Bennett <g...@b4.vu> Gil Fine <gil.f...@linux.intel.com> Greg Kroah-Hartman <gre...@linuxfoundation.org> H. Peter Anvin (Intel) <h...@zytor.com> Hamza Mahfooz <hamza.mahf...@amd.com> Hans de Goede <hdego...@redhat.com> Hardik Gajjar <hgaj...@de.adit-jv.com> Hawking Zhang <hawking.zh...@amd.com> Hou Wenlong <houwenlong....@antgroup.com> Ilpo Järvinen <ilpo.jarvi...@linux.intel.com> Ingo Molnar <mi...@kernel.org> Jakub Kicinski <k...@kernel.org> Janusz Krzysztofik <janusz.krzyszto...@linux.intel.com> Jarkko Nikula <jarkko.nik...@bitmer.com> Jason A. Donenfeld <ja...@zx2c4.com> Jason Wang <jasow...@redhat.com> Jens Axboe <ax...@kernel.dk> Jeongjun Park <aha310...@gmail.com> Jerry Meng <jerry-m...@foxmail.com> Jiri Kosina <jkos...@suse.cz> Johan Hovold <johan+lin...@kernel.org> Johan Hovold <jo...@kernel.org> Jose Ignacio Tornos Martinez <jtorn...@redhat.com> Josh Poimboeuf <jpoim...@kernel.org> Kai-Heng Feng <kai.heng.f...@canonical.com> Kelvin Cao <kelvin....@microchip.com> kernelci.org bot <b...@kernelci.org> Konrad Dybcio <konrad.dyb...@linaro.org> Kuniyuki Iwashima <kun...@amazon.com> Lei Chen <lei.c...@smartx.com> Leon Romanovsky <l...@kernel.org> Like Xu <lik...@tencent.com> Linus Walleij <linus.wall...@linaro.org> Maciej W. Rozycki <ma...@orcam.me.uk> Marios Makassikis <mmakassi...@freebox.fr> Mark Brown <broo...@kernel.org> Mark Zhang <markzh...@nvidia.com> Masami Hiramatsu (Google) <mhira...@kernel.org> Mateusz Jończyk <mat.jonc...@o2.pl> Miaohe Lin <linmia...@huawei.com> Michael Ellerman <m...@ellerman.id.au> Michael Guralnik <michael...@nvidia.com> Michael S. Tsirkin <m...@redhat.com> Michal Swiatkowski <michal.swiatkow...@linux.intel.com> Mika Westerberg <mika.westerb...@linux.intel.com> Mike Pastore <m...@oobak.org> Mike Rapoport (IBM) <r...@kernel.org> Mike Rapoport <r...@linux.ibm.com> Mikhail Kobuk <m.ko...@ispras.ru> Miles Chen <miles.c...@mediatek.com> Minas Harutyunyan <minas.harutyun...@synopsys.com> Mingming Su <mingming...@mediatek.com> Mintu Patel <mintupate...@gmail.com> Namjae Jeon <linkinj...@kernel.org> Nikita Zhandarovich <n.zhandarov...@fintech.ru> Norihiko Hama <norihiko.h...@alpsalpine.com> Oscar Salvador <osalva...@suse.de> Pablo Neira Ayuso <pa...@netfilter.org> Paolo Abeni <pab...@redhat.com> Paolo Bonzini <pbonz...@redhat.com> Pasha Tatashin <pasha.tatas...@soleen.com> Pekka Paalanen <pekka.paala...@collabora.com> Peter Oberparleiter <ober...@linux.ibm.com> Philippe Perrot <phili...@perrot-net.fr> Pin-yen Lin <treapk...@chromium.org> Qiang Zhang <qiang4.zh...@intel.com> Rodrigo Vivi <rodrigo.v...@intel.com> Ron Economos <r...@w6rz.net> Ryusuke Konishi <konishi.ryus...@gmail.com> Samuel Thibault <samuel.thiba...@ens-lyon.org> Sandipan Das <sandipan....@amd.com> Sasha Levin <sas...@kernel.org> Sean Christopherson <sea...@google.com> SeongJae Park <s...@kernel.org> Shay Drory <sh...@nvidia.com> Shuah Khan <sk...@linuxfoundation.org> Siddharth Vadapalli <s-vadapa...@ti.com> Stephen Boyd <sb...@kernel.org> Steve French <stfre...@microsoft.com> Steven Rostedt (Google) <rost...@goodmis.org> Sujai Buvaneswaran <sujai.buvaneswa...@intel.com> Takashi Iwai <ti...@suse.de> Tariq Toukan <tar...@nvidia.com> Tejun Heo <t...@kernel.org> Tim Huang <tim.hu...@amd.com> Todd Kjos <tk...@google.com> Tom Lendacky <thomas.lenda...@amd.com> Tomas Winkler <tomas.wink...@intel.com> Tony Lindgren <t...@atomide.com> Tony Nguyen <anthony.l.ngu...@intel.com> Uwe Kleine-König <u.kleine-koe...@pengutronix.de> Vanillan Wang <vanillanw...@163.com> Vimal Kumar <vimal.kuma...@gmail.com> Vishal Badole <badolevishal1...@gmail.com> Vladimir Oltean <olte...@gmail.com> xinhui pan <xinhui....@amd.com> xiongxin <xiong...@kylinos.cn> Yanjun.Zhu <yanjun....@linux.dev> Yann Sionneau <ysionn...@kalrayinc.com> Yaxiong Tian <tianyaxi...@kylinos.cn> Ye Li <ye...@broadcom.com> Yu Zhe <yu...@nfschina.com> Yuanhe Shu <xiang...@linux.alibaba.com> Yuntao Wang <ytco...@gmail.com> Zack Rusin <zack.ru...@broadcom.com> Ziyang Xuan <william.xuanziy...@huawei.com> jobs: build-amd64-xsm pass build-arm64-xsm pass build-i386-xsm pass build-amd64 pass build-arm64 pass build-armhf pass build-i386 pass build-amd64-libvirt pass build-arm64-libvirt pass build-armhf-libvirt pass build-i386-libvirt pass build-amd64-pvops pass build-arm64-pvops pass build-armhf-pvops fail build-i386-pvops pass test-amd64-amd64-xl pass test-amd64-coresched-amd64-xl pass test-arm64-arm64-xl pass test-armhf-armhf-xl blocked test-amd64-amd64-libvirt-qemuu-debianhvm-amd64-xsm pass test-amd64-amd64-xl-qemut-stubdom-debianhvm-amd64-xsm pass test-amd64-amd64-xl-qemut-debianhvm-i386-xsm pass test-amd64-amd64-xl-qemuu-debianhvm-i386-xsm pass test-amd64-amd64-libvirt-xsm pass test-arm64-arm64-libvirt-xsm pass test-amd64-amd64-xl-xsm pass test-arm64-arm64-xl-xsm pass test-amd64-amd64-qemuu-nested-amd fail test-amd64-amd64-xl-pvhv2-amd pass test-amd64-amd64-dom0pvh-xl-amd pass test-amd64-amd64-xl-qemut-debianhvm-amd64 pass test-amd64-amd64-xl-qemuu-debianhvm-amd64 pass test-amd64-amd64-qemuu-freebsd11-amd64 pass test-amd64-amd64-qemuu-freebsd12-amd64 pass test-amd64-amd64-xl-qemuu-ovmf-amd64 pass test-amd64-amd64-xl-qemut-win7-amd64 fail test-amd64-amd64-xl-qemuu-win7-amd64 fail test-amd64-amd64-xl-qemut-ws16-amd64 fail test-amd64-amd64-xl-qemuu-ws16-amd64 fail test-armhf-armhf-xl-arndale blocked test-amd64-amd64-examine-bios pass test-amd64-amd64-xl-credit1 pass test-arm64-arm64-xl-credit1 pass test-armhf-armhf-xl-credit1 blocked test-amd64-amd64-xl-credit2 pass test-arm64-arm64-xl-credit2 pass test-armhf-armhf-xl-credit2 blocked test-amd64-amd64-xl-qemuu-dmrestrict-amd64-dmrestrict pass test-amd64-amd64-examine pass test-arm64-arm64-examine pass test-armhf-armhf-examine blocked test-amd64-amd64-qemuu-nested-intel pass test-amd64-amd64-xl-pvhv2-intel pass test-amd64-amd64-dom0pvh-xl-intel pass test-amd64-amd64-libvirt pass test-armhf-armhf-libvirt blocked test-amd64-amd64-xl-multivcpu pass test-armhf-armhf-xl-multivcpu blocked test-amd64-amd64-pair pass test-amd64-amd64-libvirt-pair pass test-amd64-amd64-xl-pvshim pass test-amd64-amd64-pygrub pass test-amd64-amd64-libvirt-qcow2 pass test-amd64-amd64-xl-qcow2 pass test-armhf-armhf-xl-qcow2 blocked test-amd64-amd64-libvirt-raw pass test-arm64-arm64-libvirt-raw pass test-amd64-amd64-xl-raw pass test-armhf-armhf-xl-raw blocked test-amd64-amd64-xl-rtds pass test-armhf-armhf-xl-rtds blocked test-amd64-amd64-xl-qemuu-debianhvm-amd64-shadow pass test-amd64-amd64-xl-shadow pass test-arm64-arm64-xl-thunderx pass test-amd64-amd64-examine-uefi pass test-amd64-amd64-libvirt-vhd pass test-armhf-armhf-libvirt-vhd blocked test-amd64-amd64-xl-vhd pass test-arm64-arm64-xl-vhd pass ------------------------------------------------------------ sg-report-flight on osstest.test-lab.xenproject.org logs: /home/logs/logs images: /home/logs/images Logs, config files, etc. are available at http://logs.test-lab.xenproject.org/osstest/logs Explanation of these reports, and of osstest in general, is at http://xenbits.xen.org/gitweb/?p=osstest.git;a=blob;f=README.email;hb=master http://xenbits.xen.org/gitweb/?p=osstest.git;a=blob;f=README;hb=master Test harness code can be found at http://xenbits.xen.org/gitweb?p=osstest.git;a=summary Not pushing. (No revision log; it would be 4764 lines long.)