flight 185577 linux-5.4 running [real] http://logs.test-lab.xenproject.org/osstest/logs/185577/
Regressions :-( Tests which did not succeed and are blocking, including tests which could not be run: build-amd64 <job status> broken build-amd64-pvops <job status> broken build-amd64-xsm <job status> broken build-arm64 <job status> broken build-arm64-xsm <job status> broken build-armhf <job status> broken build-armhf-pvops <job status> broken build-i386 <job status> broken build-i386-pvops <job status> broken build-i386-xsm <job status> broken build-i386 5 host-build-prep fail REGR. vs. 185168 build-armhf-pvops 5 host-build-prep fail REGR. vs. 185168 build-amd64-pvops 5 host-build-prep fail REGR. vs. 185168 build-amd64-xsm 5 host-build-prep fail REGR. vs. 185168 build-amd64 5 host-build-prep fail REGR. vs. 185168 build-i386-pvops 5 host-build-prep fail REGR. vs. 185168 build-i386-xsm 5 host-build-prep fail REGR. vs. 185168 build-arm64 5 host-build-prep fail REGR. vs. 185168 build-arm64-xsm 5 host-build-prep fail REGR. vs. 185168 build-armhf 5 host-build-prep fail REGR. vs. 185168 test-arm64-arm64-examine <none executed> queued test-arm64-arm64-libvirt-raw <none executed> queued test-arm64-arm64-libvirt-xsm <none executed> queued test-arm64-arm64-xl <none executed> queued test-arm64-arm64-xl-credit1 <none executed> queued test-arm64-arm64-xl-credit2 <none executed> queued test-arm64-arm64-xl-thunderx <none executed> queued test-arm64-arm64-xl-vhd <none executed> queued test-arm64-arm64-xl-xsm <none executed> queued build-arm64-pvops 5 host-build-prep running build-arm64-pvops 3 syslog-server running Tests which did not succeed, but are not blocking: test-amd64-i386-xl-qemuu-win7-amd64 1 build-check(1) blocked n/a test-amd64-i386-xl-qemuu-ws16-amd64 1 build-check(1) blocked n/a test-amd64-coresched-i386-xl 1 build-check(1) blocked n/a test-amd64-coresched-amd64-xl 1 build-check(1) blocked n/a test-amd64-amd64-xl-xsm 1 build-check(1) blocked n/a test-amd64-amd64-xl-shadow 1 build-check(1) blocked n/a test-amd64-amd64-xl-rtds 1 build-check(1) blocked n/a test-amd64-amd64-xl-raw 1 build-check(1) blocked n/a test-amd64-amd64-xl-qemuu-ws16-amd64 1 build-check(1) blocked n/a test-amd64-amd64-xl-qemuu-win7-amd64 1 build-check(1) blocked n/a test-amd64-amd64-xl-qemuu-ovmf-amd64 1 build-check(1) blocked n/a test-amd64-amd64-xl-qemuu-dmrestrict-amd64-dmrestrict 1 build-check(1) blocked n/a test-amd64-amd64-xl-qemuu-debianhvm-i386-xsm 1 build-check(1) blocked n/a test-amd64-amd64-xl-qemuu-debianhvm-amd64-shadow 1 build-check(1) blocked n/a build-amd64-libvirt 1 build-check(1) blocked n/a test-amd64-amd64-xl-qemuu-debianhvm-amd64 1 build-check(1) blocked n/a test-amd64-amd64-xl-qemut-ws16-amd64 1 build-check(1) blocked n/a build-arm64-libvirt 1 build-check(1) blocked n/a test-amd64-amd64-xl-qemut-win7-amd64 1 build-check(1) blocked n/a test-amd64-amd64-xl-qemut-stubdom-debianhvm-amd64-xsm 1 build-check(1) blocked n/a test-amd64-amd64-xl-qemut-debianhvm-i386-xsm 1 build-check(1) blocked n/a build-armhf-libvirt 1 build-check(1) blocked n/a test-amd64-amd64-xl-qemut-debianhvm-amd64 1 build-check(1) blocked n/a build-i386-libvirt 1 build-check(1) blocked n/a test-amd64-amd64-xl-qcow2 1 build-check(1) blocked n/a test-amd64-amd64-dom0pvh-xl-amd 1 build-check(1) blocked n/a test-amd64-amd64-xl-pvshim 1 build-check(1) blocked n/a test-amd64-amd64-dom0pvh-xl-intel 1 build-check(1) blocked n/a test-amd64-amd64-xl-pvhv2-intel 1 build-check(1) blocked n/a test-amd64-amd64-examine 1 build-check(1) blocked n/a test-amd64-amd64-examine-bios 1 build-check(1) blocked n/a test-amd64-amd64-examine-uefi 1 build-check(1) blocked n/a test-amd64-amd64-xl-pvhv2-amd 1 build-check(1) blocked n/a test-amd64-amd64-libvirt 1 build-check(1) blocked n/a test-amd64-amd64-libvirt-pair 1 build-check(1) blocked n/a test-amd64-amd64-xl-multivcpu 1 build-check(1) blocked n/a test-amd64-amd64-libvirt-qemuu-debianhvm-amd64-xsm 1 build-check(1) blocked n/a test-amd64-amd64-libvirt-vhd 1 build-check(1) blocked n/a test-amd64-amd64-xl-credit2 1 build-check(1) blocked n/a test-amd64-amd64-libvirt-xsm 1 build-check(1) blocked n/a test-amd64-amd64-pair 1 build-check(1) blocked n/a test-amd64-amd64-xl-credit1 1 build-check(1) blocked n/a test-amd64-amd64-pygrub 1 build-check(1) blocked n/a test-amd64-amd64-qemuu-freebsd11-amd64 1 build-check(1) blocked n/a test-amd64-amd64-xl 1 build-check(1) blocked n/a test-amd64-amd64-qemuu-freebsd12-amd64 1 build-check(1) blocked n/a test-amd64-amd64-qemuu-nested-amd 1 build-check(1) blocked n/a test-amd64-amd64-qemuu-nested-intel 1 build-check(1) blocked n/a test-amd64-i386-xl-qemuu-dmrestrict-amd64-dmrestrict 1 build-check(1) blocked n/a test-amd64-i386-xl-qemuu-ovmf-amd64 1 build-check(1) blocked n/a test-amd64-i386-examine 1 build-check(1) blocked n/a test-amd64-i386-examine-bios 1 build-check(1) blocked n/a test-amd64-i386-examine-uefi 1 build-check(1) blocked n/a test-amd64-i386-libvirt 1 build-check(1) blocked n/a test-amd64-i386-libvirt-pair 1 build-check(1) blocked n/a test-amd64-i386-libvirt-qcow2 1 build-check(1) blocked n/a test-amd64-i386-libvirt-qemuu-debianhvm-amd64-xsm 1 build-check(1) blocked n/a test-amd64-i386-libvirt-raw 1 build-check(1) blocked n/a test-amd64-i386-libvirt-xsm 1 build-check(1) blocked n/a test-amd64-i386-pair 1 build-check(1) blocked n/a test-amd64-i386-qemut-rhel6hvm-amd 1 build-check(1) blocked n/a test-amd64-i386-qemut-rhel6hvm-intel 1 build-check(1) blocked n/a test-amd64-i386-qemuu-freebsd10-amd64 1 build-check(1) blocked n/a test-amd64-i386-qemuu-freebsd10-i386 1 build-check(1) blocked n/a test-amd64-i386-qemuu-rhel6hvm-amd 1 build-check(1) blocked n/a test-amd64-i386-qemuu-rhel6hvm-intel 1 build-check(1) blocked n/a test-amd64-i386-xl 1 build-check(1) blocked n/a test-amd64-i386-xl-pvshim 1 build-check(1) blocked n/a test-amd64-i386-xl-qemut-debianhvm-amd64 1 build-check(1) blocked n/a test-amd64-i386-xl-qemut-debianhvm-i386-xsm 1 build-check(1) blocked n/a test-amd64-i386-xl-qemut-stubdom-debianhvm-amd64-xsm 1 build-check(1) blocked n/a test-amd64-i386-xl-qemut-win7-amd64 1 build-check(1) blocked n/a test-amd64-i386-xl-qemut-ws16-amd64 1 build-check(1) blocked n/a test-amd64-i386-xl-qemuu-debianhvm-amd64 1 build-check(1) blocked n/a test-amd64-i386-xl-qemuu-debianhvm-amd64-shadow 1 build-check(1) blocked n/a test-amd64-i386-xl-qemuu-debianhvm-i386-xsm 1 build-check(1) blocked n/a test-amd64-i386-xl-shadow 1 build-check(1) blocked n/a test-amd64-i386-xl-vhd 1 build-check(1) blocked n/a test-amd64-i386-xl-xsm 1 build-check(1) blocked n/a test-armhf-armhf-examine 1 build-check(1) blocked n/a test-armhf-armhf-libvirt 1 build-check(1) blocked n/a test-armhf-armhf-libvirt-vhd 1 build-check(1) blocked n/a test-armhf-armhf-xl 1 build-check(1) blocked n/a test-armhf-armhf-xl-arndale 1 build-check(1) blocked n/a test-armhf-armhf-xl-credit1 1 build-check(1) blocked n/a test-armhf-armhf-xl-credit2 1 build-check(1) blocked n/a test-armhf-armhf-xl-multivcpu 1 build-check(1) blocked n/a test-armhf-armhf-xl-qcow2 1 build-check(1) blocked n/a test-armhf-armhf-xl-raw 1 build-check(1) blocked n/a test-armhf-armhf-xl-rtds 1 build-check(1) blocked n/a version targeted for testing: linux 0dbd436fb9908fbb442cb4c6e28044a891360229 baseline version: linux 24489321d0cd5339f9c2da01eb8bf2bccbac7956 Last test of basis 185168 2024-03-26 23:14:28 Z 19 days Testing same since 185433 2024-04-13 11:16:55 Z 2 days 5 attempts ------------------------------------------------------------ People who touched revisions under test: "Andrey Jr. Melnikov" <temnota...@gmail.com> Adrian Hunter <adrian.hun...@intel.com> Alan Stern <st...@rowland.harvard.edu> Aleksandr Burakov <a.bura...@rosalinux.ru> Aleksandr Loktionov <aleksandr.loktio...@intel.com> Alex Deucher <alexander.deuc...@amd.com> Alex Henrie <alexhenri...@gmail.com> Alex Williamson <alex.william...@redhat.com> Alexandre Chartre <alexandre.char...@oracle.com> Amit Pundir <amit.pun...@linaro.org> Andi Shyti <andi.sh...@linux.intel.com> Andreas Larsson <andr...@gaisler.com> Andrew Morton <a...@linux-foundation.org> Andrew Paniakin <apany...@amazon.com> Andrey Jr. Melnikov <temnota...@gmail.com> Ard Biesheuvel <a...@kernel.org> Arend van Spriel <arend.vanspr...@broadcom.com> Aric Cyr <aric....@amd.com> Arnd Bergmann <a...@arndb.de> Arseniy Krasnov <avkras...@salutedevices.com> Aurélien Jacobs <au...@gnuage.org> Baokun Li <libaok...@huawei.com> Bart Van Assche <bvanass...@acm.org> Bastien Nocera <had...@hadess.net> Bjorn Andersson <anders...@kernel.org> Bjorn Helgaas <bhelg...@google.com> Borislav Petkov (AMD) <b...@alien8.de> Borislav Petkov <b...@suse.de> Camelia Groza <camelia.gr...@nxp.com> Cameron Williams <ca...@live.co.uk> Carlo Caione <ccai...@baylibre.com> Casey Schaufler <ca...@schaufler-ca.com> Charlie Jenkins <char...@rivosinc.com> Chris Wilson <ch...@chris-wilson.co.uk> Christian Brauner <brau...@kernel.org> Christian Häggström <christian.haggst...@orexplore.com> Christoph Hellwig <h...@lst.de> Christophe JAILLET <christophe.jail...@wanadoo.fr> Colin Ian King <colin.i.k...@gmail.com> Conrad Kostecki <conik...@gentoo.org> Dai Ngo <dai....@oracle.com> Damian Muszynski <damian.muszyn...@intel.com> Damien Le Moal <dlem...@kernel.org> Dan Carpenter <dan.carpen...@linaro.org> Daniel Borkmann <dan...@iogearbox.net> Daniel Drake <dr...@endlessos.org> Daniel Vogelbacher <dan...@chaospixel.com> Daniel Wheeler <daniel.whee...@amd.com> Dave Airlie <airl...@redhat.com> Dave Hansen <dave.han...@linux.intel.com> Dave Stevenson <dave.steven...@raspberrypi.org> David Hildenbrand <da...@redhat.com> David S. Miller <da...@davemloft.net> David Sterba <dste...@suse.com> Dirk Behme <dirk.be...@de.bosch.com> Dmitry Antipov <dmanti...@yandex.ru> Dmitry Torokhov <dmitry.torok...@gmail.com> Dominique Martinet <dominique.marti...@atmark-techno.com> Duje Mihanović <duje.mihano...@skole.hr> Duoming Zhou <duom...@zju.edu.cn> Edward Adam Davis <eada...@qq.com> Eric Dumazet <eduma...@google.com> Felix Fietkau <n...@nbd.name> Filipe Manana <fdman...@suse.com> Florian Fainelli <florian.faine...@broadcom.com> Francesco Dolcini <francesco.dolc...@toradex.com> Gabor Juhos <j4g...@gmail.com> Genjian Zhang <zhanggenj...@kylinos.cn> Gergo Koteles <so...@irl.hu> Giovanni Cabiddu <giovanni.cabi...@intel.com> Goldwyn Rodrigues <rgold...@suse.com> Greg Kroah-Hartman <gre...@linuxfoundation.org> Guenter Roeck <li...@roeck-us.net> Gui-Dong Han <2045gem...@gmail.com> Guilherme G. Piccoli <gpicc...@igalia.com> Guo Mengqi <guomeng...@huawei.com> Hangbin Liu <liuhang...@gmail.com> Hans Verkuil <hverkuil-ci...@xs4all.nl> Harald Freudenberger <fre...@linux.ibm.com> Harshit Mogalapalli <harshit.m.mogalapa...@oracle.com> Heiko Carstens <h...@linux.ibm.com> Heiko Stuebner <he...@sntech.de> Heiner Kallweit <hkallwe...@gmail.com> Helge Deller <del...@gmx.de> Herbert Xu <herb...@gondor.apana.org.au> Hidenori Kobayashi <hideno...@chromium.org> Hugo Villeneuve <hvillene...@dimonoff.com> Hui Wang <hui.w...@canonical.com> I Gede Agastya Darma Laksana <gedeaga...@gmail.com> Ian Abbott <abbo...@mev.co.uk> Ilpo Järvinen <ilpo.jarvi...@linux.intel.com> Ingo Molnar <mi...@kernel.org> Jacopo Mondi <jac...@jmondi.org> Jakub Kicinski <k...@kernel.org> Jakub Sitnicki <ja...@cloudflare.com> Jamal Hadi Salim <j...@mojatatu.com> Jan Kara <j...@suse.cz> Jani Nikula <jani.nik...@intel.com> Janusz Krzysztofik <janusz.krzyszto...@linux.intel.com> Jens Axboe <ax...@kernel.dk> Jerome Brunet <jbru...@baylibre.com> Jian-Hong Pan <j...@endlessos.org> Joe Perches <j...@perches.com> Johan Hovold <jo...@kernel.org> Johan Jonker <jbx6...@gmail.com> Johannes Berg <johannes.b...@intel.com> John Fastabend <john.fastab...@gmail.com> John Ogness <john.ogn...@linutronix.de> John Sperbeck <jsperb...@google.com> Jon Hunter <jonath...@nvidia.com> Jonathan Cameron <jonathan.came...@huawei.com> Jonathan Corbet <cor...@lwn.net> Josef Bacik <jo...@toxicpanda.com> Josh Poimboeuf <jpoim...@redhat.com> Josua Mayer <jo...@solid-run.com> Juergen Gross <jgr...@suse.com> Justin Tee <justin....@broadcom.com> Kai-Heng Feng <kai.heng.f...@canonical.com> Kailang Yang <kail...@realtek.com> Kalle Valo <kv...@kernel.org> Kalle Valo <quic_kv...@quicinc.com> Karthikeyan Ramasubramanian <krama...@chromium.org> Keerthana K <keerthana.kalyanasunda...@broadcom.com> Kees Cook <keesc...@chromium.org> kernelci.org bot <b...@kernelci.org> Kevin Hilman <khil...@baylibre.com> Kim Phillips <kim.phill...@amd.com> Krishna Kurapati <quic_krisk...@quicinc.com> Krzysztof Kozlowski <krzysztof.kozlow...@linaro.org> Kuniyuki Iwashima <kun...@amazon.com> Kuntal Nayak <kuntal.na...@broadcom.com> Kunwu Chan <chen...@kylinos.cn> Lin Yujun <linyujun...@huawei.com> Linus Torvalds <torva...@linux-foundation.org> Linux Kernel Functional Testing <l...@linaro.org> Liu Shixin <liushix...@huawei.com> Lubomir Rintel <lkund...@v3.sk> Luiz Augusto von Dentz <luiz.von.de...@intel.com> Mahmoud Adam <mngya...@amazon.com> Marco Felsch <m.fel...@pengutronix.de> Mark Brown <broo...@kernel.org> Martijn Coenen <m...@android.com> Martin K. Petersen <martin.peter...@oracle.com> Masahiro Yamada <masahi...@kernel.org> Mathias Nyman <mathias.ny...@linux.intel.com> Matthew Wilcox (Oracle) <wi...@infradead.org> Maulik Shah <quic_mks...@quicinc.com> Max Filippov <jcmvb...@gmail.com> Maxime Ripard <mrip...@kernel.org> Maximilian Heyne <mhe...@amazon.de> Mel Gorman <mgor...@techsingularity.net> Michael Ellerman <m...@ellerman.id.au> Michael S. Tsirkin <m...@redhat.com> Mike Snitzer <snit...@kernel.org> Mikko Rapeli <mikko.rap...@linaro.org> Miklos Szeredi <mszer...@redhat.com> Mikulas Patocka <mpato...@redhat.com> Minas Harutyunyan <minas.harutyun...@synopsys.com> Miquel Raynal <miquel.ray...@bootlin.com> Muhammad Usama Anjum <usama.an...@collabora.com> Nathan Chancellor <nat...@kernel.org> Neil Armstrong <neil.armstr...@linaro.org> Nicolas Pitre <n...@fluxnic.net> Nicolas Saenz Julienne <nsaenzjulie...@suse.de> Niklas Cassel <cas...@kernel.org> Nilesh Javali <njav...@marvell.com> OGAWA Hirofumi <hirof...@mail.parknet.co.jp> Oliver Neukum <oneu...@suse.com> Pablo Neira Ayuso <pa...@netfilter.org> Paolo Abeni <pab...@redhat.com> Paul Barker <paul.barker...@bp.renesas.com> Paul Menzel <pmen...@molgen.mpg.de> Peter Zijlstra (Intel) <pet...@infradead.org> Petr Mladek <pmla...@suse.com> Petre Rodan <petre.ro...@subdimension.ro> Philipp Zabel <p.za...@pengutronix.de> Piotr Wejman <piotrwejma...@gmail.com> Przemek Kitszel <przemyslaw.kits...@intel.com> Pucha Himasekhar Reddy <himasekharx.reddy.pu...@intel.com> (A Contingent worker at Intel) Qiang Zhang <qiang4.zh...@intel.com> Qingliang Li <qingliang...@mediatek.com> Quinn Tran <qut...@marvell.com> Rafael J. Wysocki <rafael.j.wyso...@intel.com> Rafael J. Wysocki <raf...@kernel.org> Rafal Romanowski <rafal.romanow...@intel.com> Randy Dunlap <rdun...@infradead.org> Ricardo B. Marliere <rica...@marliere.net> Richard Weinberger <rich...@nod.at> Ricky Wu <ricky...@realtek.com> Roberto Sassu <roberto.sa...@huawei.com> Rodrigo Vivi <rodrigo.v...@intel.com> Roman Smirnov <r.smir...@omp.ru> Rui Qi <qirui....@bytedance.com> Ryosuke Yasuoka <ryasu...@redhat.com> Ryusuke Konishi <konishi.ryus...@gmail.com> Sakari Ailus <sakari.ai...@linux.intel.com> Samasth Norway Ananda <samasth.norway.ana...@oracle.com> Samuel Thibault <samuel.thiba...@ens-lyon.org> Sandipan Das <sandipan....@amd.com> Sasha Levin <sas...@kernel.org> Sean Anderson <sean.ander...@linux.dev> Sean Anderson <sean.ander...@seco.com> Sean Christopherson <sea...@google.com> SeongJae Park <s...@kernel.org> Shannon Nelson <shannon.nel...@amd.com> Sherry Sun <sherry....@nxp.com> Shuah Khan <sk...@linuxfoundation.org> Siddh Raman Pant <c...@siddh.me> Song Liu <s...@kernel.org> Srinivas Kandagatla <srinivas.kandaga...@linaro.org> Srivathsa Dara <srivathsa.d.d...@oracle.com> Steffen Klassert <steffen.klass...@secunet.com> Stephen Lee <slee08...@gmail.com> Steve Wahl <steve.w...@hpe.com> Steven Rostedt (Google) <rost...@goodmis.org> Steven Rostedt <rost...@goodmis.org> Sumanth Korikkar <suman...@linux.ibm.com> Svyatoslav Pankratov <svyatoslav.pankra...@intel.com> syzbot+d4066896495db3801...@syzkaller.appspotmail.com Takashi Iwai <ti...@suse.de> Tetsuo Handa <penguin-ker...@i-love.sakura.ne.jp> Thadeu Lima de Souza Cascardo <casca...@canonical.com> Thadeu Lima de Souza Cascardo <casca...@igalia.com> Theodore Ts'o <ty...@mit.edu> Thomas Gleixner <t...@linutronix.de> Thomas Zimmermann <tzimmerm...@suse.de> Tim Schumacher <timsch...@gmx.de> Toke Høiland-Jørgensen <t...@toke.dk> Tony Nguyen <anthony.l.ngu...@intel.com> Toru Katagiri <toru.katag...@tdk.com> Trond Myklebust <trond.mykleb...@hammerspace.com> Ulf Hansson <ulf.hans...@linaro.org> Uwe Kleine-König <u.kleine-koe...@pengutronix.de> Vasiliy Kovalev <kova...@altlinux.org> Vasily Gorbik <g...@linux.ibm.com> Vladimir Oltean <vladimir.olt...@nxp.com> Vlastimil Babka <vba...@suse.cz> William Tu <u9012...@gmail.com> Wolfram Sang <wsa+rene...@sang-engineering.com> Xiao Ni <x...@redhat.com> Yang Jihong <yangjiho...@huawei.com> yangerkun <yanger...@huawei.com> Yangxi Xiang <xyang...@gmail.com> Yonghong Song <yonghong.s...@linux.dev> Yu Kuai <yuku...@huawei.com> yuan linyu <yuanli...@hihonor.com> Zhang Shurong <zhang_shur...@foxmail.com> Zhang Yi <yi.zh...@huawei.com> Zheng Wang <zyytlz...@163.com> Zhong Jinghua <zhongjing...@huawei.com> Zi Yan <z...@nvidia.com> Ziyang Xuan <william.xuanziy...@huawei.com> jobs: build-amd64-xsm broken build-arm64-xsm broken build-i386-xsm broken build-amd64 broken build-arm64 broken build-armhf broken build-i386 broken build-amd64-libvirt blocked build-arm64-libvirt blocked build-armhf-libvirt blocked build-i386-libvirt blocked build-amd64-pvops broken build-arm64-pvops running build-armhf-pvops broken build-i386-pvops broken test-amd64-amd64-xl blocked test-amd64-coresched-amd64-xl blocked test-arm64-arm64-xl queued test-armhf-armhf-xl blocked test-amd64-i386-xl blocked test-amd64-coresched-i386-xl blocked test-amd64-amd64-libvirt-qemuu-debianhvm-amd64-xsm blocked test-amd64-i386-libvirt-qemuu-debianhvm-amd64-xsm blocked test-amd64-amd64-xl-qemut-stubdom-debianhvm-amd64-xsm blocked test-amd64-i386-xl-qemut-stubdom-debianhvm-amd64-xsm blocked test-amd64-amd64-xl-qemut-debianhvm-i386-xsm blocked test-amd64-i386-xl-qemut-debianhvm-i386-xsm blocked test-amd64-amd64-xl-qemuu-debianhvm-i386-xsm blocked test-amd64-i386-xl-qemuu-debianhvm-i386-xsm blocked test-amd64-amd64-libvirt-xsm blocked test-arm64-arm64-libvirt-xsm queued test-amd64-i386-libvirt-xsm blocked test-amd64-amd64-xl-xsm blocked test-arm64-arm64-xl-xsm queued test-amd64-i386-xl-xsm blocked test-amd64-amd64-qemuu-nested-amd blocked test-amd64-amd64-xl-pvhv2-amd blocked test-amd64-i386-qemut-rhel6hvm-amd blocked test-amd64-i386-qemuu-rhel6hvm-amd blocked test-amd64-amd64-dom0pvh-xl-amd blocked test-amd64-amd64-xl-qemut-debianhvm-amd64 blocked test-amd64-i386-xl-qemut-debianhvm-amd64 blocked test-amd64-amd64-xl-qemuu-debianhvm-amd64 blocked test-amd64-i386-xl-qemuu-debianhvm-amd64 blocked test-amd64-i386-qemuu-freebsd10-amd64 blocked test-amd64-amd64-qemuu-freebsd11-amd64 blocked test-amd64-amd64-qemuu-freebsd12-amd64 blocked test-amd64-amd64-xl-qemuu-ovmf-amd64 blocked test-amd64-i386-xl-qemuu-ovmf-amd64 blocked test-amd64-amd64-xl-qemut-win7-amd64 blocked test-amd64-i386-xl-qemut-win7-amd64 blocked test-amd64-amd64-xl-qemuu-win7-amd64 blocked test-amd64-i386-xl-qemuu-win7-amd64 blocked test-amd64-amd64-xl-qemut-ws16-amd64 blocked test-amd64-i386-xl-qemut-ws16-amd64 blocked test-amd64-amd64-xl-qemuu-ws16-amd64 blocked test-amd64-i386-xl-qemuu-ws16-amd64 blocked test-armhf-armhf-xl-arndale blocked test-amd64-amd64-examine-bios blocked test-amd64-i386-examine-bios blocked test-amd64-amd64-xl-credit1 blocked test-arm64-arm64-xl-credit1 queued test-armhf-armhf-xl-credit1 blocked test-amd64-amd64-xl-credit2 blocked test-arm64-arm64-xl-credit2 queued test-armhf-armhf-xl-credit2 blocked test-amd64-amd64-xl-qemuu-dmrestrict-amd64-dmrestrict blocked test-amd64-i386-xl-qemuu-dmrestrict-amd64-dmrestrict blocked test-amd64-amd64-examine blocked test-arm64-arm64-examine queued test-armhf-armhf-examine blocked test-amd64-i386-examine blocked test-amd64-i386-qemuu-freebsd10-i386 blocked test-amd64-amd64-qemuu-nested-intel blocked test-amd64-amd64-xl-pvhv2-intel blocked test-amd64-i386-qemut-rhel6hvm-intel blocked test-amd64-i386-qemuu-rhel6hvm-intel blocked test-amd64-amd64-dom0pvh-xl-intel blocked test-amd64-amd64-libvirt blocked test-armhf-armhf-libvirt blocked test-amd64-i386-libvirt blocked test-amd64-amd64-xl-multivcpu blocked test-armhf-armhf-xl-multivcpu blocked test-amd64-amd64-pair blocked test-amd64-i386-pair blocked test-amd64-amd64-libvirt-pair blocked test-amd64-i386-libvirt-pair blocked test-amd64-amd64-xl-pvshim blocked test-amd64-i386-xl-pvshim blocked test-amd64-amd64-pygrub blocked test-amd64-i386-libvirt-qcow2 blocked test-amd64-amd64-xl-qcow2 blocked test-armhf-armhf-xl-qcow2 blocked test-arm64-arm64-libvirt-raw queued test-amd64-i386-libvirt-raw blocked test-amd64-amd64-xl-raw blocked test-armhf-armhf-xl-raw blocked test-amd64-amd64-xl-rtds blocked test-armhf-armhf-xl-rtds blocked test-amd64-amd64-xl-qemuu-debianhvm-amd64-shadow blocked test-amd64-i386-xl-qemuu-debianhvm-amd64-shadow blocked test-amd64-amd64-xl-shadow blocked test-amd64-i386-xl-shadow blocked test-arm64-arm64-xl-thunderx queued test-amd64-amd64-examine-uefi blocked test-amd64-i386-examine-uefi blocked test-amd64-amd64-libvirt-vhd blocked test-armhf-armhf-libvirt-vhd blocked test-arm64-arm64-xl-vhd queued test-amd64-i386-xl-vhd blocked ------------------------------------------------------------ sg-report-flight on osstest.test-lab.xenproject.org logs: /home/logs/logs images: /home/logs/images Logs, config files, etc. are available at http://logs.test-lab.xenproject.org/osstest/logs Explanation of these reports, and of osstest in general, is at http://xenbits.xen.org/gitweb/?p=osstest.git;a=blob;f=README.email;hb=master http://xenbits.xen.org/gitweb/?p=osstest.git;a=blob;f=README;hb=master Test harness code can be found at http://xenbits.xen.org/gitweb?p=osstest.git;a=summary broken-job build-amd64 broken broken-job build-amd64-pvops broken broken-job build-amd64-xsm broken broken-job build-arm64 broken broken-job build-arm64-xsm broken broken-job build-armhf broken broken-job build-armhf-pvops broken broken-job build-i386 broken broken-job build-i386-pvops broken broken-job build-i386-xsm broken broken-job test-arm64-arm64-examine queued broken-job test-arm64-arm64-libvirt-raw queued broken-job test-arm64-arm64-libvirt-xsm queued broken-job test-arm64-arm64-xl queued broken-job test-arm64-arm64-xl-credit1 queued broken-job test-arm64-arm64-xl-credit2 queued broken-job test-arm64-arm64-xl-thunderx queued broken-job test-arm64-arm64-xl-vhd queued broken-job test-arm64-arm64-xl-xsm queued Not pushing. (No revision log; it would be 6848 lines long.)