flight 124116 ovmf real [real] http://logs.test-lab.xenproject.org/osstest/logs/124116/
Regressions :-( Tests which did not succeed and are blocking, including tests which could not be run: build-i386-libvirt 6 libvirt-build fail REGR. vs. 124058 version targeted for testing: ovmf 5a56c0493955cf55e7eef96dbba815cfbb067d7d baseline version: ovmf a05a8a5aa17da4bc7144706a9931d68beec1a61f Last test of basis 124058 2018-06-11 03:10:30 Z 2 days Failing since 124074 2018-06-11 16:41:40 Z 1 days 3 attempts Testing same since 124116 2018-06-12 13:40:44 Z 0 days 1 attempts ------------------------------------------------------------ People who touched revisions under test: Ard Biesheuvel <ard.biesheu...@linaro.org> Benjamin You <benjamin....@intel.com> Dandan Bi <dandan...@intel.com> Derek Lin <derek.l...@hpe.com> Laszlo Ersek <ler...@redhat.com> Liming Gao <liming....@intel.com> Michael Zimmermann <sigmaepsilo...@gmail.com> Yonghong Zhu <yonghong....@intel.com> jobs: build-amd64-xsm pass build-i386-xsm pass build-amd64 pass build-i386 pass build-amd64-libvirt pass build-i386-libvirt fail build-amd64-pvops pass build-i386-pvops pass test-amd64-amd64-xl-qemuu-ovmf-amd64 pass test-amd64-i386-xl-qemuu-ovmf-amd64 pass ------------------------------------------------------------ sg-report-flight on osstest.test-lab.xenproject.org logs: /home/logs/logs images: /home/logs/images Logs, config files, etc. are available at http://logs.test-lab.xenproject.org/osstest/logs Explanation of these reports, and of osstest in general, is at http://xenbits.xen.org/gitweb/?p=osstest.git;a=blob;f=README.email;hb=master http://xenbits.xen.org/gitweb/?p=osstest.git;a=blob;f=README;hb=master Test harness code can be found at http://xenbits.xen.org/gitweb?p=osstest.git;a=summary Not pushing. (No revision log; it would be 323 lines long.) _______________________________________________ Xen-devel mailing list Xen-devel@lists.xenproject.org https://lists.xenproject.org/mailman/listinfo/xen-devel