flight 185234 xen-unstable-smoke real [real] http://logs.test-lab.xenproject.org/osstest/logs/185234/
Failures :-/ but no regressions. Tests which did not succeed, but are not blocking: test-amd64-amd64-libvirt 15 migrate-support-check fail never pass test-armhf-armhf-xl 15 migrate-support-check fail never pass test-armhf-armhf-xl 16 saverestore-support-check fail never pass test-arm64-arm64-xl-xsm 15 migrate-support-check fail never pass test-arm64-arm64-xl-xsm 16 saverestore-support-check fail never pass version targeted for testing: xen 6117179dd99958e4ef2687617d12c9b15bdbae24 baseline version: xen ac682fbac14a4286645810c02f60a2ba844b6c0a Last test of basis 185225 2024-04-03 08:02:08 Z 0 days Testing same since 185234 2024-04-04 00:00:24 Z 0 days 1 attempts ------------------------------------------------------------ People who touched revisions under test: Jan Beulich <jbeul...@suse.com> Jens Wiklander <jens.wiklan...@linaro.org> Stefano Stabellini <sstabell...@kernel.org> Stefano Stabellini <stefano.stabell...@amd.com> jobs: build-arm64-xsm pass build-amd64 pass build-armhf pass build-amd64-libvirt pass test-armhf-armhf-xl pass test-arm64-arm64-xl-xsm pass test-amd64-amd64-xl-qemuu-debianhvm-amd64 pass test-amd64-amd64-libvirt pass ------------------------------------------------------------ sg-report-flight on osstest.test-lab.xenproject.org logs: /home/logs/logs images: /home/logs/images Logs, config files, etc. are available at http://logs.test-lab.xenproject.org/osstest/logs Explanation of these reports, and of osstest in general, is at http://xenbits.xen.org/gitweb/?p=osstest.git;a=blob;f=README.email;hb=master http://xenbits.xen.org/gitweb/?p=osstest.git;a=blob;f=README;hb=master Test harness code can be found at http://xenbits.xen.org/gitweb?p=osstest.git;a=summary Pushing revision : To xenbits.xen.org:/home/xen/git/xen.git ac682fbac1..6117179dd9 6117179dd99958e4ef2687617d12c9b15bdbae24 -> smoke