flight 185227 linux-6.1 real [real] http://logs.test-lab.xenproject.org/osstest/logs/185227/
Regressions :-( Tests which did not succeed and are blocking, including tests which could not be run: build-arm64 6 xen-build fail REGR. vs. 185167 Tests which did not succeed, but are not blocking: build-arm64-libvirt 1 build-check(1) blocked n/a test-arm64-arm64-examine 1 build-check(1) blocked n/a test-arm64-arm64-libvirt-raw 1 build-check(1) blocked n/a test-arm64-arm64-libvirt-xsm 1 build-check(1) blocked n/a test-arm64-arm64-xl 1 build-check(1) blocked n/a test-arm64-arm64-xl-credit1 1 build-check(1) blocked n/a test-arm64-arm64-xl-credit2 1 build-check(1) blocked n/a test-arm64-arm64-xl-thunderx 1 build-check(1) blocked n/a test-arm64-arm64-xl-vhd 1 build-check(1) blocked n/a test-armhf-armhf-libvirt 16 saverestore-support-check fail like 185167 test-amd64-amd64-xl-qemuu-win7-amd64 19 guest-stop fail like 185167 test-amd64-amd64-xl-qemut-win7-amd64 19 guest-stop fail like 185167 test-amd64-amd64-xl-qemut-ws16-amd64 19 guest-stop fail like 185167 test-amd64-amd64-xl-qemuu-ws16-amd64 19 guest-stop fail like 185167 test-amd64-amd64-qemuu-nested-amd 20 debian-hvm-install/l1/l2 fail like 185167 test-armhf-armhf-xl-multivcpu 15 migrate-support-check fail never pass test-armhf-armhf-xl-multivcpu 16 saverestore-support-check fail never pass test-amd64-amd64-libvirt-xsm 15 migrate-support-check fail never pass test-amd64-amd64-libvirt 15 migrate-support-check fail never pass test-amd64-amd64-libvirt-qemuu-debianhvm-amd64-xsm 13 migrate-support-check fail never pass test-amd64-amd64-libvirt-qcow2 14 migrate-support-check fail never pass test-arm64-arm64-xl-xsm 15 migrate-support-check fail never pass test-arm64-arm64-xl-xsm 16 saverestore-support-check fail never pass test-amd64-amd64-libvirt-vhd 14 migrate-support-check fail never pass test-armhf-armhf-xl-rtds 15 migrate-support-check fail never pass test-armhf-armhf-xl-rtds 16 saverestore-support-check fail never pass test-armhf-armhf-xl-credit1 15 migrate-support-check fail never pass test-armhf-armhf-xl-credit1 16 saverestore-support-check fail never pass test-armhf-armhf-libvirt 15 migrate-support-check fail never pass test-armhf-armhf-xl-credit2 15 migrate-support-check fail never pass test-armhf-armhf-xl-credit2 16 saverestore-support-check fail never pass test-armhf-armhf-xl 15 migrate-support-check fail never pass test-armhf-armhf-xl 16 saverestore-support-check fail never pass test-armhf-armhf-xl-arndale 15 migrate-support-check fail never pass test-armhf-armhf-xl-arndale 16 saverestore-support-check fail never pass test-amd64-amd64-libvirt-raw 14 migrate-support-check fail never pass test-armhf-armhf-xl-qcow2 14 migrate-support-check fail never pass test-armhf-armhf-xl-qcow2 15 saverestore-support-check fail never pass test-armhf-armhf-libvirt-vhd 14 migrate-support-check fail never pass test-armhf-armhf-libvirt-vhd 15 saverestore-support-check fail never pass test-armhf-armhf-xl-raw 14 migrate-support-check fail never pass test-armhf-armhf-xl-raw 15 saverestore-support-check fail never pass version targeted for testing: linux 347385861c50adc8d4801d4b899eded38a2f04cd baseline version: linux e5cd595e23c1a075359a337c0e5c3a4f2dc28dd1 Last test of basis 185167 2024-03-26 22:43:26 Z 7 days Testing same since 185227 2024-04-03 13:42:39 Z 0 days 1 attempts ------------------------------------------------------------ People who touched revisions under test: "Andrey Jr. Melnikov" <temnota...@gmail.com> "Huang, Ying" <ying.hu...@intel.com> "Rafael J. Wysocki" <raf...@kernel.org> Adamos Ttofari <attof...@amazon.de> Adrian Hunter <adrian.hun...@intel.com> Alan Stern <st...@rowland.harvard.edu> Alex Deucher <alexander.deuc...@amd.com> Alex Hung <alex.h...@amd.com> Alex Williamson <alex.william...@redhat.com> Alexander Aring <aahri...@redhat.com> Alexander Stein <alexander.st...@ew.tq-group.com> Alexander Usyskin <alexander.usys...@intel.com> Alexei Starovoitov <a...@kernel.org> Amit Pundir <amit.pun...@linaro.org> Andi Shyti <andi.sh...@kernel.org> Andi Shyti <andi.sh...@linux.intel.com> Andreas Larsson <andr...@gaisler.com> Andrew Morton <a...@linux-foundation.org> Andrey Jr. Melnikov <temnota...@gmail.com> André Rösti <an.roe...@gmail.com> Andy Chi <andy....@canonical.com> Anton Altaparmakov <an...@tuxera.com> Ard Biesheuvel <a...@kernel.org> Arend van Spriel <arend.vanspr...@broadcom.com> Arnaud Pouliquen <arnaud.pouliq...@foss.st.com> Arnd Bergmann <a...@arndb.de> Arseniy Krasnov <avkras...@salutedevices.com> Aurélien Jacobs <au...@gnuage.org> Baokun Li <libaok...@huawei.com> Bart Van Assche <bvanass...@acm.org> Biju Das <biju.das...@bp.renesas.com> Bikash Hazarika <bhazar...@marvell.com> Bjorn Andersson <anders...@kernel.org> Bjorn Helgaas <bhelg...@google.com> Borislav Petkov (AMD) <b...@alien8.de> Borislav Petkov <b...@suse.de> Cameron Williams <ca...@live.co.uk> Casey Schaufler <ca...@schaufler-ca.com> Chang S. Bae <chang.seok....@intel.com> Charan Teja Kalla <quic_chara...@quicinc.com> Charlie Jenkins <char...@rivosinc.com> Chengming Zhou <zhouchengm...@bytedance.com> Chris Wilson <ch...@chris-wilson.co.uk> Christian A. Ehrhardt <l...@c--e.de> Christian Brauner <brau...@kernel.org> Christian Gmeiner <cgmei...@igalia.com> Christian Häggström <christian.haggst...@orexplore.com> Christoph Hellwig <h...@lst.de> Christoph Niedermaier <cniederma...@dh-electronics.com> Christophe JAILLET <christophe.jail...@wanadoo.fr> Chuck Lever <chuck.le...@oracle.com> Claudiu Beznea <claudiu.beznea...@bp.renesas.com> Claus Hansen Ries <c...@terma.com> Clayton Craft <clay...@craftyguy.net> Conrad Kostecki <conik...@gentoo.org> Cosmin Tanislav <demonsin...@gmail.com> Damian Muszynski <damian.muszyn...@intel.com> Damien Le Moal <dlem...@kernel.org> Dan Carpenter <dan.carpen...@linaro.org> Daniel Lezcano <daniel.lezc...@linaro.org> Daniel Vogelbacher <dan...@chaospixel.com> Daniel Wheeler <daniel.whee...@amd.com> Danil Rybakov <danilrybakov...@gmail.com> Danilo Krummrich <d...@redhat.com> Dave Hansen <dave.han...@linux.intel.com> David Hildenbrand <da...@redhat.com> David Laight <david.lai...@aculab.com> David S. Miller <da...@davemloft.net> David Sterba <dste...@suse.com> David Woodhouse <d...@amazon.co.uk> Dirk Behme <dirk.be...@de.bosch.com> Dominique Martinet <dominique.marti...@atmark-techno.com> Duje Mihanović <duje.mihano...@skole.hr> Duoming Zhou <duom...@zju.edu.cn> Eric Huang <jinhuieric.hu...@amd.com> Eugene Korenevsky <ekorenev...@astralinux.ru> Fedor Pchelkin <pchel...@ispras.ru> Felix Fietkau <n...@nbd.name> Filipe Manana <fdman...@suse.com> Florian Fainelli <florian.faine...@broadcom.com> Francesco Dolcini <francesco.dolc...@toradex.com> Gabor Juhos <j4g...@gmail.com> Geliang Tang <tanggeli...@kylinos.cn> Giovanni Cabiddu <giovanni.cabi...@intel.com> Greg Edwards <gedwa...@ddn.com> Greg Kroah-Hartman <gre...@linuxfoundation.org> Greg Thelen <gthe...@google.com> Guenter Roeck <li...@roeck-us.net> Gui-Dong Han <2045gem...@gmail.com> Guilherme G. Piccoli <gpicc...@igalia.com> Hans de Goede <hdego...@redhat.com> Hans Verkuil <hverkuil-ci...@xs4all.nl> Harald Freudenberger <fre...@linux.ibm.com> Heiko Carstens <h...@linux.ibm.com> Heiner Kallweit <hkallwe...@gmail.com> Helge Deller <del...@gmx.de> Herbert Xu <herb...@gondor.apana.org.au> Hidenori Kobayashi <hideno...@chromium.org> Hongchen Zhang <zhanghongc...@loongson.cn> Huacai Chen <chenhua...@loongson.cn> Huang Ying <ying.hu...@intel.com> Hugo Villeneuve <hvillene...@dimonoff.com> Ingo Molnar <mi...@kernel.org> Jaegeuk Kim <jaeg...@kernel.org> Jakub Kicinski <k...@kernel.org> Jameson Thies <jth...@google.com> Jan Kara <j...@suse.cz> Jani Nikula <jani.nik...@intel.com> Janusz Krzysztofik <janusz.krzyszto...@linux.intel.com> Jason A. Donenfeld <ja...@zx2c4.com> Jason Gunthorpe <j...@nvidia.com> Jeff Layton <jlay...@kernel.org> Jens Axboe <ax...@kernel.dk> Jens Wiklander <jens.wiklan...@linaro.org> Jerome Brunet <jbru...@baylibre.com> Jiawei Wang <m...@jwang.link> Jim Mattson <jmatt...@google.com> Jinghao Jia <jingh...@illinois.edu> Joakim Zhang <joakim.zh...@cixtech.com> Jocelyn Falempe <jfale...@redhat.com> Johan Hovold <jo...@kernel.org> Johannes Berg <johannes.b...@intel.com> Johannes Thumshirn <johannes.thumsh...@wdc.com> John David Anglin <dave.ang...@bell.net> John Ogness <john.ogn...@linutronix.de> John Sperbeck <jsperb...@google.com> Jon Hunter <jonath...@nvidia.com> Jonathan Cameron <jonathan.came...@huawei.com> Joonas Lahtinen <joonas.lahti...@linux.intel.com> Josef Bacik <jo...@toxicpanda.com> Josua Mayer <jo...@solid-run.com> Kai-Heng Feng <kai.heng.f...@canonical.com> Kailang Yang <kail...@realtek.com> Kalle Valo <kv...@kernel.org> Karthikeyan Ramasubramanian <krama...@chromium.org> Kazuma Kondo <kazuma-ko...@nec.com> Kees Cook <keesc...@chromium.org> Kelsey Steele <kelseyste...@linux.microsoft.com> Kevin Loughlin <kevinlough...@google.com> Kim Phillips <kim.phill...@amd.com> KONDO KAZUMA(近藤 和真) <kazuma-ko...@nec.com> Krishna chaitanya chundru <quic_kric...@quicinc.com> Krishna Kurapati <quic_krisk...@quicinc.com> Krzysztof Kozlowski <krzysztof.kozlow...@linaro.org> Krzysztof Wilczyński <kwilczyn...@kernel.org> Kyle Tso <kyle...@google.com> Ladislav Michl <la...@linux-mips.org> Laurent Pinchart <laurent.pinch...@ideasonboard.com> Lee Jones <l...@kernel.org> Leo Ma <hanghong...@amd.com> Linus Torvalds <torva...@linux-foundation.org> Linux Kernel Functional Testing <l...@linaro.org> Lorenzo Pieralisi <lpieral...@kernel.org> Lucas Stach <l.st...@pengutronix.de> Luiz Augusto von Dentz <luiz.von.de...@intel.com> Ma Jun <jun....@amd.com> Manivannan Sadhasivam <manivannan.sadhasi...@linaro.org> Mano Ségransan <mano.segran...@protonmail.com> Marek Szyprowski <m.szyprow...@samsung.com> Marios Makassikis <mmakassi...@freebox.fr> Mark Brown <broo...@kernel.org> Martin Blumenstingl <martin.blumensti...@googlemail.com> Martin K. Petersen <martin.peter...@oracle.com> Masahiro Yamada <masahi...@kernel.org> Masami Hiramatsu (Google) <mhira...@kernel.org> Mateusz Jończyk <mat.jonc...@o2.pl> Mathias Nyman <mathias.ny...@linux.intel.com> Mathieu Poirier <mathieu.poir...@linaro.org> Matthew Wilcox (Oracle) <wi...@infradead.org> Matthieu Baerts (NGI0) <matt...@kernel.org> Maulik Shah <quic_mks...@quicinc.com> Max Filippov <jcmvb...@gmail.com> Maxime Ripard <mrip...@kernel.org> Maximilian Heyne <mhe...@amazon.de> Mel Gorman <mgor...@techsingularity.net> Michael Ellerman <m...@ellerman.id.au> Michael Kelley <mhkli...@outlook.com> Mickaël Salaün <m...@digikod.net> Mike Snitzer <snit...@kernel.org> Mikko Rapeli <mikko.rap...@linaro.org> Miklos Szeredi <mszer...@redhat.com> Mikulas Patocka <mpato...@redhat.com> Minas Harutyunyan <minas.harutyun...@synopsys.com> Miquel Raynal <miquel.ray...@bootlin.com> Miri Korenblit <miriam.rachel.korenb...@intel.com> Muhammad Usama Anjum <usama.an...@collabora.com> Namjae Jeon <linkinj...@kernel.org> Natanael Copa <nc...@alpinelinux.org> Nathan Chancellor <nat...@kernel.org> Neil Armstrong <neil.armstr...@linaro.org> # on SM8550-QRD Nicolas Pitre <n...@fluxnic.net> Nicolin Chen <nicol...@nvidia.com> Nikhil V <quic_nprak...@quicinc.com> Niklas Cassel <cas...@kernel.org> Nilesh Javali <njav...@marvell.com> Nirmoy Das <nirmoy....@intel.com> OGAWA Hirofumi <hirof...@mail.parknet.co.jp> Oleksandr Tymoshenko <o...@google.com> Oliver Neukum <oneu...@suse.com> Pablo Neira Ayuso <pa...@netfilter.org> Paolo Abeni <pab...@redhat.com> Paolo Bonzini <pbonz...@redhat.com> Paul Menzel <pmen...@molgen.mpg.de> Paul Menzel <pmen...@molgen.mpg.de> # Dell XPS 15 7590 Pavel Machek (CIP) <pa...@denx.de> Peter Collingbourne <p...@google.com> Petr Mladek <pmla...@suse.com> Philip Yang <philip.y...@amd.com> Philipp Stanner <pstan...@redhat.com> Philipp Zabel <p.za...@pengutronix.de> Prashanth K <quic_pra...@quicinc.com> Qiang Zhang <qiang4.zh...@intel.com> Qingliang Li <qingliang...@mediatek.com> Qu Wenruo <w...@suse.com> Quinn Tran <qut...@marvell.com> Rafael J. Wysocki <rafael.j.wyso...@intel.com> Rafael J. Wysocki <raf...@kernel.org> Randy Dunlap <rdun...@infradead.org> Randy Dunlap <rdun...@infradead.org> # build-tested Reinette Chatre <reinette.cha...@intel.com> Richard Weinberger <rich...@nod.at> Rickard x Andersson <ricka...@axis.com> Ricky Wu <ricky...@realtek.com> Rob Herring <r...@kernel.org> Roberto Sassu <roberto.sa...@huawei.com> Robin Murphy <robin.mur...@arm.com> Rodrigo Siqueira <rodrigo.sique...@amd.com> Rodrigo Vivi <rodrigo.v...@intel.com> Roger Quadros <rog...@kernel.org> Romain Naour <romain.na...@skf.com> Ron Economos <r...@w6rz.net> Rui Wang <wang...@loongson.cn> Ryan Roberts <ryan.robe...@arm.com> Ryusuke Konishi <konishi.ryus...@gmail.com> Sabrina Dubroca <s...@queasysnail.net> Sakari Ailus <sakari.ai...@linux.intel.com> Salvatore Bonaccorso <car...@debian.org> Sam Ravnborg <s...@ravnborg.org> Samuel Thibault <samuel.thiba...@ens-lyon.org> Sasha Levin <sas...@kernel.org> Saurav Kashyap <skash...@marvell.com> Sean Anderson <sean.ander...@linux.dev> Sean Christopherson <sea...@google.com> SeongJae Park <s...@kernel.org> Sherry Sun <sherry....@nxp.com> Shivnandan Kumar <quic_kshiv...@quicinc.com> Shuah Khan <sk...@linuxfoundation.org> Song Liu <s...@kernel.org> Souradeep Chakrabarti <schakraba...@linux.microsoft.com> Srinivas Kandagatla <srinivas.kandaga...@linaro.org> Srish Srinivasan <srish.sriniva...@broadcom.com> Srivathsa Dara <srivathsa.d.d...@oracle.com> Stanislaw Gruszka <stanislaw.grus...@linux.intel.com> Stefan Schmidt <ste...@datenfreihafen.org> Steffen Klassert <steffen.klass...@secunet.com> Steve French <stfre...@microsoft.com> Steven Rostedt (Google) <rost...@goodmis.org> Steven Rostedt <rost...@goodmis.org> Sumit Garg <sumit.g...@linaro.org> Sunmin Jeong <s_min.je...@samsung.com> Svyatoslav Pankratov <svyatoslav.pankra...@intel.com> Takashi Iwai <ti...@suse.de> Theodore Ts'o <ty...@mit.edu> Thomas Gleixner <t...@linutronix.de> Thomas Zimmermann <tzimmerm...@suse.de> Tomas Winkler <tomas.wink...@intel.com> Tony Battersby <to...@cybernetics.com> Tor Vic <torv...@mailbox.org> Toru Katagiri <toru.katag...@tdk.com> Trond Myklebust <trond.mykleb...@hammerspace.com> Tvrtko Ursulin <tvrtko.ursu...@intel.com> Ulf Hansson <ulf.hans...@linaro.org> Uwe Kleine-König <u.kleine-koe...@pengutronix.de> Ville Syrjälä <ville.syrj...@linux.intel.com> Viresh Kumar <viresh.ku...@linaro.org> Vladimir Oltean <vladimir.olt...@nxp.com> Vlastimil Babka <vba...@suse.cz> Wayne Chang <way...@nvidia.com> Wayne Lin <wayne....@amd.com> Wei Liu <wei....@kernel.org> Weitao Wang <weitaowang...@zhaoxin.com> Will Deacon <w...@kernel.org> Wolfram Sang <wsa+rene...@sang-engineering.com> Xiao Ni <x...@redhat.com> Xing Li <lix...@loongson.cn> Xingui Yang <yangxin...@huawei.com> yangerkun <yanger...@huawei.com> Yann Sionneau <ysionn...@kalrayinc.com> Ye Zhang <ye.zh...@rock-chips.com> Yishai Hadas <yish...@nvidia.com> Yonghong Song <yonghong.s...@linux.dev> Yu Kuai <yuku...@huawei.com> yuan linyu <yuanli...@hihonor.com> Zack Rusin <zack.ru...@broadcom.com> Zhang Yi <yi.zh...@huawei.com> Zheng Wang <zyytlz...@163.com> Zi Yan <z...@nvidia.com> Zoltan HERPAI <wigy...@uid0.hu> jobs: build-amd64-xsm pass build-arm64-xsm pass build-i386-xsm pass build-amd64 pass build-arm64 fail build-armhf pass build-i386 pass build-amd64-libvirt pass build-arm64-libvirt blocked build-armhf-libvirt pass build-i386-libvirt pass build-amd64-pvops pass build-arm64-pvops pass build-armhf-pvops pass build-i386-pvops pass test-amd64-amd64-xl pass test-amd64-coresched-amd64-xl pass test-arm64-arm64-xl blocked test-armhf-armhf-xl pass test-amd64-amd64-libvirt-qemuu-debianhvm-amd64-xsm pass test-amd64-amd64-xl-qemut-stubdom-debianhvm-amd64-xsm pass test-amd64-amd64-xl-qemut-debianhvm-i386-xsm pass test-amd64-amd64-xl-qemuu-debianhvm-i386-xsm pass test-amd64-amd64-libvirt-xsm pass test-arm64-arm64-libvirt-xsm blocked test-amd64-amd64-xl-xsm pass test-arm64-arm64-xl-xsm pass test-amd64-amd64-qemuu-nested-amd fail test-amd64-amd64-xl-pvhv2-amd pass test-amd64-amd64-dom0pvh-xl-amd pass test-amd64-amd64-xl-qemut-debianhvm-amd64 pass test-amd64-amd64-xl-qemuu-debianhvm-amd64 pass test-amd64-amd64-qemuu-freebsd11-amd64 pass test-amd64-amd64-qemuu-freebsd12-amd64 pass test-amd64-amd64-xl-qemuu-ovmf-amd64 pass test-amd64-amd64-xl-qemut-win7-amd64 fail test-amd64-amd64-xl-qemuu-win7-amd64 fail test-amd64-amd64-xl-qemut-ws16-amd64 fail test-amd64-amd64-xl-qemuu-ws16-amd64 fail test-armhf-armhf-xl-arndale pass test-amd64-amd64-examine-bios pass test-amd64-amd64-xl-credit1 pass test-arm64-arm64-xl-credit1 blocked test-armhf-armhf-xl-credit1 pass test-amd64-amd64-xl-credit2 pass test-arm64-arm64-xl-credit2 blocked test-armhf-armhf-xl-credit2 pass test-amd64-amd64-xl-qemuu-dmrestrict-amd64-dmrestrict pass test-amd64-amd64-examine pass test-arm64-arm64-examine blocked test-armhf-armhf-examine pass test-amd64-amd64-qemuu-nested-intel pass test-amd64-amd64-xl-pvhv2-intel pass test-amd64-amd64-dom0pvh-xl-intel pass test-amd64-amd64-libvirt pass test-armhf-armhf-libvirt pass test-amd64-amd64-xl-multivcpu pass test-armhf-armhf-xl-multivcpu pass test-amd64-amd64-pair pass test-amd64-amd64-libvirt-pair pass test-amd64-amd64-xl-pvshim pass test-amd64-amd64-pygrub pass test-amd64-amd64-libvirt-qcow2 pass test-amd64-amd64-xl-qcow2 pass test-armhf-armhf-xl-qcow2 pass test-amd64-amd64-libvirt-raw pass test-arm64-arm64-libvirt-raw blocked test-amd64-amd64-xl-raw pass test-armhf-armhf-xl-raw pass test-amd64-amd64-xl-rtds pass test-armhf-armhf-xl-rtds pass test-amd64-amd64-xl-qemuu-debianhvm-amd64-shadow pass test-amd64-amd64-xl-shadow pass test-arm64-arm64-xl-thunderx blocked test-amd64-amd64-examine-uefi pass test-amd64-amd64-libvirt-vhd pass test-armhf-armhf-libvirt-vhd pass test-amd64-amd64-xl-vhd pass test-arm64-arm64-xl-vhd blocked ------------------------------------------------------------ sg-report-flight on osstest.test-lab.xenproject.org logs: /home/logs/logs images: /home/logs/images Logs, config files, etc. are available at http://logs.test-lab.xenproject.org/osstest/logs Explanation of these reports, and of osstest in general, is at http://xenbits.xen.org/gitweb/?p=osstest.git;a=blob;f=README.email;hb=master http://xenbits.xen.org/gitweb/?p=osstest.git;a=blob;f=README;hb=master Test harness code can be found at http://xenbits.xen.org/gitweb?p=osstest.git;a=summary Not pushing. (No revision log; it would be 8551 lines long.)