flight 185181 xen-unstable-smoke real [real] http://logs.test-lab.xenproject.org/osstest/logs/185181/
Failures :-/ but no regressions. Tests which did not succeed, but are not blocking: test-amd64-amd64-libvirt 15 migrate-support-check fail never pass test-arm64-arm64-xl-xsm 15 migrate-support-check fail never pass test-arm64-arm64-xl-xsm 16 saverestore-support-check fail never pass test-armhf-armhf-xl 15 migrate-support-check fail never pass test-armhf-armhf-xl 16 saverestore-support-check fail never pass version targeted for testing: xen 3c9e76cd875e12c88cfc8f0b2770c525da8d6894 baseline version: xen 8f85af65af76727692b9c2dea4f470f503432d2f Last test of basis 185176 2024-03-27 17:02:08 Z 0 days Testing same since 185181 2024-03-28 12:00:24 Z 0 days 1 attempts ------------------------------------------------------------ People who touched revisions under test: Andrew Cooper <andrew.coop...@citrix.com> jobs: build-arm64-xsm pass build-amd64 pass build-armhf pass build-amd64-libvirt pass test-armhf-armhf-xl pass test-arm64-arm64-xl-xsm pass test-amd64-amd64-xl-qemuu-debianhvm-amd64 pass test-amd64-amd64-libvirt pass ------------------------------------------------------------ sg-report-flight on osstest.test-lab.xenproject.org logs: /home/logs/logs images: /home/logs/images Logs, config files, etc. are available at http://logs.test-lab.xenproject.org/osstest/logs Explanation of these reports, and of osstest in general, is at http://xenbits.xen.org/gitweb/?p=osstest.git;a=blob;f=README.email;hb=master http://xenbits.xen.org/gitweb/?p=osstest.git;a=blob;f=README;hb=master Test harness code can be found at http://xenbits.xen.org/gitweb?p=osstest.git;a=summary Pushing revision : To xenbits.xen.org:/home/xen/git/xen.git 8f85af65af..3c9e76cd87 3c9e76cd875e12c88cfc8f0b2770c525da8d6894 -> smoke