flight 184825 linux-linus real [real] http://logs.test-lab.xenproject.org/osstest/logs/184825/
Regressions :-( Tests which did not succeed and are blocking, including tests which could not be run: test-amd64-amd64-xl-qemut-stubdom-debianhvm-amd64-xsm 8 xen-boot fail REGR. vs. 184816 test-amd64-amd64-xl-qemuu-debianhvm-amd64 8 xen-boot fail REGR. vs. 184816 test-amd64-amd64-xl 8 xen-boot fail REGR. vs. 184816 test-amd64-amd64-xl-qemut-debianhvm-i386-xsm 8 xen-boot fail REGR. vs. 184816 test-amd64-amd64-freebsd11-amd64 8 xen-boot fail REGR. vs. 184816 test-amd64-amd64-pygrub 8 xen-boot fail REGR. vs. 184816 test-amd64-amd64-xl-qemuu-debianhvm-amd64-shadow 8 xen-boot fail REGR. vs. 184816 test-amd64-amd64-xl-qemuu-ovmf-amd64 8 xen-boot fail REGR. vs. 184816 build-arm64-xsm 6 xen-build fail REGR. vs. 184816 Tests which did not succeed, but are not blocking: test-arm64-arm64-libvirt-xsm 1 build-check(1) blocked n/a test-arm64-arm64-xl-xsm 1 build-check(1) blocked n/a test-amd64-amd64-xl-qemut-win7-amd64 19 guest-stop fail like 184816 test-amd64-amd64-xl-qemuu-win7-amd64 19 guest-stop fail like 184816 test-amd64-amd64-xl-qemuu-ws16-amd64 19 guest-stop fail like 184816 test-armhf-armhf-libvirt-qcow2 15 saverestore-support-check fail like 184816 test-armhf-armhf-libvirt-raw 15 saverestore-support-check fail like 184816 test-armhf-armhf-libvirt 16 saverestore-support-check fail like 184816 test-amd64-amd64-xl-qemut-ws16-amd64 19 guest-stop fail like 184816 test-amd64-amd64-qemuu-nested-amd 20 debian-hvm-install/l1/l2 fail like 184816 test-amd64-amd64-libvirt-xsm 15 migrate-support-check fail never pass test-amd64-amd64-libvirt 15 migrate-support-check fail never pass test-arm64-arm64-xl 15 migrate-support-check fail never pass test-arm64-arm64-xl-thunderx 15 migrate-support-check fail never pass test-arm64-arm64-xl 16 saverestore-support-check fail never pass test-arm64-arm64-xl-thunderx 16 saverestore-support-check fail never pass test-arm64-arm64-xl-credit1 15 migrate-support-check fail never pass test-arm64-arm64-xl-credit1 16 saverestore-support-check fail never pass test-arm64-arm64-xl-credit2 15 migrate-support-check fail never pass test-arm64-arm64-xl-credit2 16 saverestore-support-check fail never pass test-amd64-amd64-libvirt-qemuu-debianhvm-amd64-xsm 13 migrate-support-check fail never pass test-armhf-armhf-xl-credit2 15 migrate-support-check fail never pass test-armhf-armhf-xl-credit2 16 saverestore-support-check fail never pass test-amd64-amd64-libvirt-qcow2 14 migrate-support-check fail never pass test-amd64-amd64-libvirt-raw 14 migrate-support-check fail never pass test-arm64-arm64-libvirt-raw 14 migrate-support-check fail never pass test-arm64-arm64-libvirt-raw 15 saverestore-support-check fail never pass test-arm64-arm64-xl-vhd 14 migrate-support-check fail never pass test-arm64-arm64-xl-vhd 15 saverestore-support-check fail never pass test-armhf-armhf-libvirt-qcow2 14 migrate-support-check fail never pass test-armhf-armhf-xl-vhd 14 migrate-support-check fail never pass test-armhf-armhf-xl-vhd 15 saverestore-support-check fail never pass test-armhf-armhf-libvirt-raw 14 migrate-support-check fail never pass test-armhf-armhf-xl-arndale 15 migrate-support-check fail never pass test-armhf-armhf-xl-arndale 16 saverestore-support-check fail never pass test-armhf-armhf-xl-multivcpu 15 migrate-support-check fail never pass test-armhf-armhf-xl-multivcpu 16 saverestore-support-check fail never pass test-armhf-armhf-xl-rtds 15 migrate-support-check fail never pass test-armhf-armhf-xl-rtds 16 saverestore-support-check fail never pass test-armhf-armhf-xl 15 migrate-support-check fail never pass test-armhf-armhf-xl 16 saverestore-support-check fail never pass test-armhf-armhf-xl-credit1 15 migrate-support-check fail never pass test-armhf-armhf-xl-credit1 16 saverestore-support-check fail never pass test-armhf-armhf-libvirt 15 migrate-support-check fail never pass version targeted for testing: linux 87adedeba51a822533649b143232418b9e26d08b baseline version: linux 805d849d7c3cc1f38efefd48b2480d62b7b5dcb7 Last test of basis 184816 2024-02-29 05:22:18 Z 1 days Testing same since 184825 2024-02-29 21:14:29 Z 0 days 1 attempts ------------------------------------------------------------ People who touched revisions under test: Alexander Ofitserov <oficero...@altlinux.org> Amritha Nambiar <amritha.namb...@intel.com> Andre Werner <andre.wer...@systec-electronic.com> Arkadiusz Kubalewski <arkadiusz.kubalew...@intel.com> Benjamin Berg <benjamin.b...@intel.com> Charlie Jenkins <char...@rivosinc.com> Christophe Leroy <christophe.le...@csgroup.eu> Clancy Shang <clancy.sh...@quectel.com> David S. Miller <da...@davemloft.net> Davide Caratti <dcara...@redhat.com> Emmanuel Grumbach <emmanuel.grumb...@intel.com> Eric Dumazet <eduma...@google.com> Felix Fietkau <n...@nbd.name> Florian Westphal <f...@strlen.de> Frédéric Danis <frederic.da...@collabora.com> Geliang Tang <tanggeli...@kylinos.cn> Geoff Levand <ge...@infradead.org> Guenter Roeck <li...@roeck-us.net> Haiyue Wang <haiyue.w...@intel.com> Ignat Korchagin <ig...@cloudflare.com> Jakub Kicinski <k...@kernel.org> Jakub Raczynski <j.raczyn...@samsung.com> Janaki Ramaiah Thota <quic_janat...@quicinc.com> Javier Carrasco <javier.carrasco.c...@gmail.com> Jeff Johnson <quic_jjohn...@quicinc.com> Jeremy Kerr <j...@codeconstruct.com.au> Johan Hovold <johan+lin...@kernel.org> Johannes Berg <johannes.b...@intel.com> Jonas Dreßler <ver...@v0yd.nl> Justin Iurman <justin.iur...@uliege.be> Kai-Heng Feng <kai.heng.f...@canonical.com> Kalle Valo <kv...@kernel.org> Kurt Kanzenbach <k...@linutronix.de> Lin Ma <li...@zju.edu.cn> Linus Torvalds <torva...@linux-foundation.org> Luiz Augusto von Dentz <luiz.von.de...@intel.com> Lukasz Majewski <lu...@denx.de> Madalin Bucur <madalin.bu...@oss.nxp.com> Matthieu Baerts (NGI0) <matt...@kernel.org> Michal Kubecek <mkube...@suse.cz> Mickaël Salaün <m...@digikod.net> Miri Korenblit <miriam.rachel.korenb...@intel.com> Nicolas Dichtel <nicolas.dich...@6wind.com> Nikolay Aleksandrov <ra...@blackwall.org> Oleksij Rempel <o.rem...@pengutronix.de> Pablo Neira Ayuso <pa...@netfilter.org> Palmer Dabbelt <pal...@rivosinc.com> Paolo Abeni <pab...@redhat.com> Pucha Himasekhar Reddy <himasekharx.reddy.pu...@intel.com> (A Contingent worker at Intel) Randy Dunlap <rdun...@infradead.org> Ryosuke Yasuoka <ryasu...@redhat.com> Sabrina Dubroca <s...@queasysnail.net> Serge Semin <fancer.lan...@gmail.com> Shannon Nelson <shannon.nel...@amd.com> Stanislav Fomichev <s...@google.com> Sunitha Mekala <sunithax.d.mek...@intel.com> (A Contingent worker at Intel) Tony Nguyen <anthony.l.ngu...@intel.com> Vladimir Oltean <vladimir.olt...@nxp.com> Ying Hsu <ying...@chromium.org> Yochai Hagvi <yochai.ha...@intel.com> Yunjian Wang <wangyunj...@huawei.com> Yuxuan Hu <20373...@buaa.edu.cn> Zijun Hu <quic_zij...@quicinc.com> jobs: build-amd64-xsm pass build-arm64-xsm fail build-i386-xsm pass build-amd64 pass build-arm64 pass build-armhf pass build-i386 pass build-amd64-libvirt pass build-arm64-libvirt pass build-armhf-libvirt pass build-i386-libvirt pass build-amd64-pvops pass build-arm64-pvops pass build-armhf-pvops pass build-i386-pvops pass test-amd64-amd64-xl fail test-amd64-coresched-amd64-xl pass test-arm64-arm64-xl pass test-armhf-armhf-xl pass test-amd64-amd64-libvirt-qemuu-debianhvm-amd64-xsm pass test-amd64-amd64-xl-qemut-stubdom-debianhvm-amd64-xsm fail test-amd64-amd64-xl-qemut-debianhvm-i386-xsm fail test-amd64-amd64-xl-qemuu-debianhvm-i386-xsm pass test-amd64-amd64-libvirt-xsm pass test-arm64-arm64-libvirt-xsm blocked test-amd64-amd64-xl-xsm pass test-arm64-arm64-xl-xsm blocked test-amd64-amd64-qemuu-nested-amd fail test-amd64-amd64-xl-pvhv2-amd pass test-amd64-amd64-dom0pvh-xl-amd pass test-amd64-amd64-xl-qemut-debianhvm-amd64 pass test-amd64-amd64-xl-qemuu-debianhvm-amd64 fail test-amd64-amd64-freebsd11-amd64 fail test-amd64-amd64-freebsd12-amd64 pass test-amd64-amd64-xl-qemuu-ovmf-amd64 fail test-amd64-amd64-xl-qemut-win7-amd64 fail test-amd64-amd64-xl-qemuu-win7-amd64 fail test-amd64-amd64-xl-qemut-ws16-amd64 fail test-amd64-amd64-xl-qemuu-ws16-amd64 fail test-armhf-armhf-xl-arndale pass test-amd64-amd64-examine-bios pass test-amd64-amd64-xl-credit1 pass test-arm64-arm64-xl-credit1 pass test-armhf-armhf-xl-credit1 pass test-amd64-amd64-xl-credit2 pass test-arm64-arm64-xl-credit2 pass test-armhf-armhf-xl-credit2 pass test-amd64-amd64-xl-qemuu-dmrestrict-amd64-dmrestrict pass test-amd64-amd64-examine pass test-arm64-arm64-examine pass test-armhf-armhf-examine pass test-amd64-amd64-qemuu-nested-intel pass test-amd64-amd64-xl-pvhv2-intel pass test-amd64-amd64-dom0pvh-xl-intel pass test-amd64-amd64-libvirt pass test-armhf-armhf-libvirt pass test-amd64-amd64-xl-multivcpu pass test-armhf-armhf-xl-multivcpu pass test-amd64-amd64-pair pass test-amd64-amd64-libvirt-pair pass test-amd64-amd64-xl-pvshim pass test-amd64-amd64-pygrub fail test-amd64-amd64-libvirt-qcow2 pass test-armhf-armhf-libvirt-qcow2 pass test-amd64-amd64-libvirt-raw pass test-arm64-arm64-libvirt-raw pass test-armhf-armhf-libvirt-raw pass test-amd64-amd64-xl-rtds pass test-armhf-armhf-xl-rtds pass test-amd64-amd64-xl-qemuu-debianhvm-amd64-shadow fail test-amd64-amd64-xl-shadow pass test-arm64-arm64-xl-thunderx pass test-amd64-amd64-examine-uefi pass test-amd64-amd64-xl-vhd pass test-arm64-arm64-xl-vhd pass test-armhf-armhf-xl-vhd pass ------------------------------------------------------------ sg-report-flight on osstest.test-lab.xenproject.org logs: /home/logs/logs images: /home/logs/images Logs, config files, etc. are available at http://logs.test-lab.xenproject.org/osstest/logs Explanation of these reports, and of osstest in general, is at http://xenbits.xen.org/gitweb/?p=osstest.git;a=blob;f=README.email;hb=master http://xenbits.xen.org/gitweb/?p=osstest.git;a=blob;f=README;hb=master Test harness code can be found at http://xenbits.xen.org/gitweb?p=osstest.git;a=summary Not pushing. (No revision log; it would be 2602 lines long.)