flight 184713 xen-unstable-smoke real [real] http://logs.test-lab.xenproject.org/osstest/logs/184713/
Failures :-/ but no regressions. Tests which did not succeed, but are not blocking: test-amd64-amd64-libvirt 15 migrate-support-check fail never pass test-armhf-armhf-xl 15 migrate-support-check fail never pass test-armhf-armhf-xl 16 saverestore-support-check fail never pass test-arm64-arm64-xl-xsm 15 migrate-support-check fail never pass test-arm64-arm64-xl-xsm 16 saverestore-support-check fail never pass version targeted for testing: xen f8791d0fd3adbda3701e7eb9db63a9351b478365 baseline version: xen 981f722efa876e3f1766629f444d10e8806adc93 Last test of basis 184711 2024-02-20 12:02:07 Z 0 days Testing same since 184713 2024-02-20 15:00:29 Z 0 days 1 attempts ------------------------------------------------------------ People who touched revisions under test: Julien Grall <jgr...@amazon.com> Luca Fancellu <luca.fance...@arm.com> Michal Orzel <michal.or...@amd.com> jobs: build-arm64-xsm pass build-amd64 pass build-armhf pass build-amd64-libvirt pass test-armhf-armhf-xl pass test-arm64-arm64-xl-xsm pass test-amd64-amd64-xl-qemuu-debianhvm-amd64 pass test-amd64-amd64-libvirt pass ------------------------------------------------------------ sg-report-flight on osstest.test-lab.xenproject.org logs: /home/logs/logs images: /home/logs/images Logs, config files, etc. are available at http://logs.test-lab.xenproject.org/osstest/logs Explanation of these reports, and of osstest in general, is at http://xenbits.xen.org/gitweb/?p=osstest.git;a=blob;f=README.email;hb=master http://xenbits.xen.org/gitweb/?p=osstest.git;a=blob;f=README;hb=master Test harness code can be found at http://xenbits.xen.org/gitweb?p=osstest.git;a=summary Pushing revision : To xenbits.xen.org:/home/xen/git/xen.git 981f722efa..f8791d0fd3 f8791d0fd3adbda3701e7eb9db63a9351b478365 -> smoke