This run is configured for baseline tests only. flight 74793 qemu-mainline real [real] http://osstest.xs.citrite.net/~osstest/testlogs/logs/74793/
Failures :-/ but no regressions. Tests which did not succeed, but are not blocking: test-amd64-i386-xl-qemuu-win7-amd64 17 guest-stop fail blocked in 74784 test-amd64-amd64-qemuu-nested-intel 14 xen-boot/l1 fail blocked in 74784 test-amd64-amd64-xl-qemuu-win7-amd64 17 guest-stop fail blocked in 74784 test-amd64-i386-xl-qemuu-win10-i386 10 windows-install fail like 74784 test-amd64-amd64-xl-qemuu-win10-i386 10 windows-install fail like 74784 test-armhf-armhf-libvirt 12 guest-start fail like 74784 test-armhf-armhf-libvirt-xsm 12 guest-start fail like 74784 test-armhf-armhf-xl-multivcpu 12 guest-start fail like 74784 test-armhf-armhf-xl-xsm 12 guest-start fail like 74784 test-armhf-armhf-xl-rtds 12 guest-start fail like 74784 test-armhf-armhf-xl 12 guest-start fail like 74784 test-armhf-armhf-xl-midway 12 guest-start fail like 74784 test-armhf-armhf-xl-credit2 12 guest-start fail like 74784 test-armhf-armhf-xl-vhd 10 debian-di-install fail like 74784 test-armhf-armhf-libvirt-raw 10 debian-di-install fail like 74784 test-amd64-amd64-xl-qemuu-ws16-amd64 10 windows-install fail never pass test-amd64-i386-libvirt 13 migrate-support-check fail never pass test-amd64-i386-xl-pvshim 12 guest-start fail never pass test-amd64-amd64-libvirt 13 migrate-support-check fail never pass test-amd64-amd64-libvirt-xsm 13 migrate-support-check fail never pass test-amd64-amd64-xl-pvhv2-intel 15 guest-saverestore fail never pass test-amd64-i386-libvirt-xsm 13 migrate-support-check fail never pass test-amd64-amd64-libvirt-qemuu-debianhvm-amd64-xsm 11 migrate-support-check fail never pass test-amd64-i386-libvirt-qemuu-debianhvm-amd64-xsm 11 migrate-support-check fail never pass test-amd64-amd64-qemuu-nested-amd 17 debian-hvm-install/l1/l2 fail never pass test-amd64-amd64-libvirt-vhd 12 migrate-support-check fail never pass test-amd64-i386-xl-qemuu-ws16-amd64 17 guest-stop fail never pass version targeted for testing: qemuu 1d889f2a8baaa265939b339d2f52ec57f5b8a09c baseline version: qemuu afd76ffba966a072a7bbd0048bdf3b2ab69d3d4a Last test of basis 74784 2018-06-05 21:46:54 Z 1 days Testing same since 74793 2018-06-06 22:46:20 Z 0 days 1 attempts ------------------------------------------------------------ People who touched revisions under test: Alex Bennée <alex.ben...@linaro.org> Changpeng Liu <changpeng....@intel.com> Cédric Le Goater <c...@kaod.org> Daniel P. Berrangé <berra...@redhat.com> David Gibson <da...@gibson.dropbear.id.au> Dr. David Alan Gilbert <dgilb...@redhat.com> Fam Zheng <f...@redhat.com> Gerd Hoffmann <kra...@redhat.com> Jeff Cody <jc...@redhat.com> Juan Quintela <quint...@redhat.com> Laurent Vivier <laur...@vivier.eu> Lidong Chen <jemmy858...@gmail.com> Lidong Chen <lidongc...@tencent.com> Michael S. Tsirkin <m...@redhat.com> Paolo Bonzini <pbonz...@redhat.com> Peter Maydell <peter.mayd...@linaro.org> Philippe Mathieu-Daudé <f4...@amsat.org> Richard Henderson <richard.hender...@linaro.org> Ross Zwisler <ross.zwis...@linux.intel.com> Stefan Hajnoczi <stefa...@redhat.com> Thomas Huth <th...@redhat.com> Tiwei Bie <tiwei....@intel.com> Xiao Guangrong <xiaoguangr...@tencent.com> jobs: build-amd64-xsm pass build-armhf-xsm pass build-i386-xsm pass build-amd64 pass build-armhf pass build-i386 pass build-amd64-libvirt pass build-armhf-libvirt pass build-i386-libvirt pass build-amd64-pvops pass build-armhf-pvops pass build-i386-pvops pass test-amd64-amd64-xl pass test-armhf-armhf-xl fail test-amd64-i386-xl pass test-amd64-amd64-libvirt-qemuu-debianhvm-amd64-xsm pass test-amd64-i386-libvirt-qemuu-debianhvm-amd64-xsm pass test-amd64-amd64-xl-qemuu-debianhvm-amd64-xsm pass test-amd64-i386-xl-qemuu-debianhvm-amd64-xsm pass test-amd64-amd64-libvirt-xsm pass test-armhf-armhf-libvirt-xsm fail test-amd64-i386-libvirt-xsm pass test-amd64-amd64-xl-xsm pass test-armhf-armhf-xl-xsm fail test-amd64-i386-xl-xsm pass test-amd64-amd64-qemuu-nested-amd fail test-amd64-amd64-xl-pvhv2-amd pass test-amd64-i386-qemuu-rhel6hvm-amd pass test-amd64-amd64-xl-qemuu-debianhvm-amd64 pass test-amd64-i386-xl-qemuu-debianhvm-amd64 pass test-amd64-i386-freebsd10-amd64 pass test-amd64-amd64-xl-qemuu-ovmf-amd64 pass test-amd64-i386-xl-qemuu-ovmf-amd64 pass test-amd64-amd64-xl-qemuu-win7-amd64 fail test-amd64-i386-xl-qemuu-win7-amd64 fail test-amd64-amd64-xl-qemuu-ws16-amd64 fail test-amd64-i386-xl-qemuu-ws16-amd64 fail test-amd64-amd64-xl-credit2 pass test-armhf-armhf-xl-credit2 fail test-amd64-i386-freebsd10-i386 pass test-amd64-amd64-xl-qemuu-win10-i386 fail test-amd64-i386-xl-qemuu-win10-i386 fail test-amd64-amd64-qemuu-nested-intel fail test-amd64-amd64-xl-pvhv2-intel fail test-amd64-i386-qemuu-rhel6hvm-intel pass test-amd64-amd64-libvirt pass test-armhf-armhf-libvirt fail test-amd64-i386-libvirt pass test-armhf-armhf-xl-midway fail test-amd64-amd64-xl-multivcpu pass test-armhf-armhf-xl-multivcpu fail test-amd64-amd64-pair pass test-amd64-i386-pair pass test-amd64-amd64-libvirt-pair pass test-amd64-i386-libvirt-pair pass test-amd64-amd64-amd64-pvgrub pass test-amd64-amd64-i386-pvgrub pass test-amd64-amd64-xl-pvshim pass test-amd64-i386-xl-pvshim fail test-amd64-amd64-pygrub pass test-amd64-amd64-xl-qcow2 pass test-armhf-armhf-libvirt-raw fail test-amd64-i386-xl-raw pass test-amd64-amd64-xl-rtds pass test-armhf-armhf-xl-rtds fail test-amd64-amd64-xl-qemuu-debianhvm-amd64-shadow pass test-amd64-i386-xl-qemuu-debianhvm-amd64-shadow pass test-amd64-amd64-xl-shadow pass test-amd64-i386-xl-shadow pass test-amd64-amd64-libvirt-vhd pass test-armhf-armhf-xl-vhd fail ------------------------------------------------------------ sg-report-flight on osstest.xs.citrite.net logs: /home/osstest/logs images: /home/osstest/images Logs, config files, etc. are available at http://osstest.xs.citrite.net/~osstest/testlogs/logs Test harness code can be found at http://xenbits.xensource.com/gitweb?p=osstest.git;a=summary Push not applicable. (No revision log; it would be 1318 lines long.) _______________________________________________ Xen-devel mailing list Xen-devel@lists.xenproject.org https://lists.xenproject.org/mailman/listinfo/xen-devel