flight 184275 linux-5.4 real [real] flight 184280 linux-5.4 real-retest [real] http://logs.test-lab.xenproject.org/osstest/logs/184275/ http://logs.test-lab.xenproject.org/osstest/logs/184280/
Regressions :-( Tests which did not succeed and are blocking, including tests which could not be run: test-armhf-armhf-xl-multivcpu 18 guest-start/debian.repeat fail REGR. vs. 184192 test-arm64-arm64-libvirt-raw 17 guest-start/debian.repeat fail REGR. vs. 184192 Tests which are failing intermittently (not blocking): test-armhf-armhf-xl-multivcpu 14 guest-start fail in 184280 pass in 184275 test-amd64-amd64-xl-qemut-debianhvm-i386-xsm 12 debian-hvm-install fail pass in 184280-retest Regressions which are regarded as allowable (not blocking): test-armhf-armhf-xl-rtds 14 guest-start fail REGR. vs. 184192 Tests which did not succeed, but are not blocking: test-armhf-armhf-libvirt-qcow2 15 saverestore-support-check fail blocked in 184192 test-armhf-armhf-xl-credit1 14 guest-start fail like 184192 test-armhf-armhf-libvirt 16 saverestore-support-check fail like 184192 test-amd64-amd64-xl-qemut-ws16-amd64 19 guest-stop fail like 184192 test-amd64-amd64-xl-qemuu-win7-amd64 19 guest-stop fail like 184192 test-amd64-i386-xl-qemut-win7-amd64 19 guest-stop fail like 184192 test-amd64-i386-xl-qemuu-win7-amd64 19 guest-stop fail like 184192 test-amd64-amd64-xl-qemut-win7-amd64 19 guest-stop fail like 184192 test-armhf-armhf-xl-credit2 18 guest-start/debian.repeat fail like 184192 test-amd64-amd64-xl-qemuu-ws16-amd64 19 guest-stop fail like 184192 test-armhf-armhf-libvirt-raw 15 saverestore-support-check fail like 184192 test-amd64-i386-xl-qemut-ws16-amd64 19 guest-stop fail like 184192 test-amd64-i386-xl-qemuu-ws16-amd64 19 guest-stop fail like 184192 test-amd64-amd64-qemuu-nested-amd 20 debian-hvm-install/l1/l2 fail like 184192 test-arm64-arm64-xl 15 migrate-support-check fail never pass test-arm64-arm64-xl 16 saverestore-support-check fail never pass test-armhf-armhf-xl-multivcpu 15 migrate-support-check fail never pass test-armhf-armhf-xl-multivcpu 16 saverestore-support-check fail never pass test-amd64-amd64-libvirt 15 migrate-support-check fail never pass test-amd64-i386-libvirt-xsm 15 migrate-support-check fail never pass test-amd64-i386-libvirt 15 migrate-support-check fail never pass test-amd64-i386-xl-pvshim 14 guest-start fail never pass test-amd64-amd64-libvirt-xsm 15 migrate-support-check fail never pass test-amd64-amd64-libvirt-vhd 14 migrate-support-check fail never pass test-amd64-amd64-libvirt-qemuu-debianhvm-amd64-xsm 13 migrate-support-check fail never pass test-arm64-arm64-xl-credit2 15 migrate-support-check fail never pass test-arm64-arm64-xl-credit2 16 saverestore-support-check fail never pass test-arm64-arm64-xl-xsm 15 migrate-support-check fail never pass test-arm64-arm64-xl-xsm 16 saverestore-support-check fail never pass test-arm64-arm64-libvirt-xsm 15 migrate-support-check fail never pass test-arm64-arm64-libvirt-xsm 16 saverestore-support-check fail never pass test-arm64-arm64-xl-thunderx 15 migrate-support-check fail never pass test-arm64-arm64-xl-thunderx 16 saverestore-support-check fail never pass test-arm64-arm64-xl-credit1 15 migrate-support-check fail never pass test-arm64-arm64-xl-credit1 16 saverestore-support-check fail never pass test-amd64-i386-libvirt-raw 14 migrate-support-check fail never pass test-armhf-armhf-xl 15 migrate-support-check fail never pass test-armhf-armhf-xl 16 saverestore-support-check fail never pass test-armhf-armhf-libvirt 15 migrate-support-check fail never pass test-amd64-i386-libvirt-qemuu-debianhvm-amd64-xsm 13 migrate-support-check fail never pass test-armhf-armhf-xl-arndale 15 migrate-support-check fail never pass test-armhf-armhf-xl-arndale 16 saverestore-support-check fail never pass test-armhf-armhf-xl-credit2 15 migrate-support-check fail never pass test-armhf-armhf-xl-credit2 16 saverestore-support-check fail never pass test-arm64-arm64-libvirt-raw 14 migrate-support-check fail never pass test-arm64-arm64-libvirt-raw 15 saverestore-support-check fail never pass test-arm64-arm64-xl-vhd 14 migrate-support-check fail never pass test-arm64-arm64-xl-vhd 15 saverestore-support-check fail never pass test-armhf-armhf-libvirt-raw 14 migrate-support-check fail never pass test-armhf-armhf-libvirt-qcow2 14 migrate-support-check fail never pass test-armhf-armhf-xl-vhd 14 migrate-support-check fail never pass test-armhf-armhf-xl-vhd 15 saverestore-support-check fail never pass version targeted for testing: linux 4410df70110ff5175bf7f7fdc3bae5c80f2c36d9 baseline version: linux 2d21f73b2f16f51608c8d8b1726df270229a5006 Last test of basis 184192 2023-12-20 15:16:31 Z 19 days Testing same since 184275 2024-01-08 10:43:33 Z 0 days 1 attempts ------------------------------------------------------------ People who touched revisions under test: Alexander Gordeev <agord...@linux.ibm.com> Alexis Lothoré <alexis.loth...@bootlin.com> Alper Ak <alperyasin...@gmail.com> Bin Li <bin...@canonical.com> Borislav Petkov (AMD) <b...@alien8.de> Chen-Yu Tsai <w...@kernel.org> Dan Carpenter <dan.carpen...@linaro.org> David Howells <dhowe...@redhat.com> David S. Miller <da...@davemloft.net> David Sterba <dste...@suse.com> Dmitry Torokhov <dmitry.torok...@gmail.com> Dominique Martinet <asmad...@codewreck.org> Eric Dumazet <eduma...@google.com> Fedor Pchelkin <pchel...@ispras.ru> Florian Fainelli <florian.faine...@broadcom.com> Geert Uytterhoeven <geert+rene...@glider.be> Georgi Djakov <dja...@kernel.org> Greg Kroah-Hartman <gre...@linuxfoundation.org> Haoran Liu <liuhaora...@163.com> Harshit Mogalapalli <harshit.m.mogalapa...@oracle.com> Heiko Carstens <h...@linux.ibm.com> Heiner Kallweit <hkallwe...@gmail.com> Hu Haowen <xianfengting...@163.com> Jakub Kicinski <k...@kernel.org> Jamal Hadi Salim <j...@mojatatu.com> Javier Carrasco <javier.carrasco.c...@gmail.com> Jens Axboe <ax...@kernel.dk> Johan Hovold <jo...@kernel.org> Johannes Berg <johannes.b...@intel.com> Jonathan Cameron <jonathan.came...@huawei.com> Josef Bacik <jo...@toxicpanda.com> Kai Vehmanen <kai.vehma...@linux.intel.com> kernelci.org bot <b...@kernelci.org> Kunwu Chan <chen...@kylinos.cn> Linus Torvalds <torva...@linux-foundation.org> Linus Walleij <linus.wall...@linaro.org> Linux Kernel Functional Testing <l...@linaro.org> Liu Jian <liujia...@huawei.com> Luiz Augusto von Dentz <luiz.von.de...@intel.com> Mark Glover <mark.glo...@actisense.com> Markus Suvanto <markus.suva...@gmail.com> Martin K. Petersen <martin.peter...@oracle.com> Masami Hiramatsu (Google) <mhira...@kernel.org> Mike Snitzer <snit...@kernel.org> Mike Tipton <quic_mdtip...@quicinc.com> Miri Korenblit <miriam.rachel.korenb...@intel.com> Moshe Shemesh <mo...@nvidia.com> Namjae Jeon <linkinj...@kernel.org> Paolo Abeni <pab...@redhat.com> Paulo Alcantara (SUSE) <p...@manguebit.com> Paulo Alcantara <p...@manguebit.com> Peter Zijlstra (Intel) <pet...@infradead.org> Philipp Zabel <p.za...@pengutronix.de> Quan Nguyen <q...@os.amperecomputing.com> Rahul Rameshbabu <rrameshb...@nvidia.com> Reinhard Speyerer <rs...@arcor.de> Rouven Czerwinski <r.czerwin...@pengutronix.de> Saeed Mahameed <sae...@mellanox.com> Saeed Mahameed <sae...@nvidia.com> Sarthak Kukreti <sarthakkukr...@chromium.org> Sasha Levin <sas...@kernel.org> Seth Forshee <sfors...@kernel.org> Slark Xiao <slark_x...@163.com> Steve French <stfre...@microsoft.com> Steven Rostedt (Google) <rost...@goodmis.org> Su Hui <su...@nfschina.com> Takashi Iwai <ti...@suse.de> Thomas Gleixner <t...@linutronix.de> Tony Lindgren <t...@atomide.com> Vlad Buslov <vla...@nvidia.com> Wadim Egorov <w.ego...@phytec.de> Wei Yongjun <weiyongj...@huawei.com> Wolfram Sang <w...@kernel.org> Zhipeng Lu <alexi...@zju.edu.cn> jobs: build-amd64-xsm pass build-arm64-xsm pass build-i386-xsm pass build-amd64 pass build-arm64 pass build-armhf pass build-i386 pass build-amd64-libvirt pass build-arm64-libvirt pass build-armhf-libvirt pass build-i386-libvirt pass build-amd64-pvops pass build-arm64-pvops pass build-armhf-pvops pass build-i386-pvops pass test-amd64-amd64-xl pass test-amd64-coresched-amd64-xl pass test-arm64-arm64-xl pass test-armhf-armhf-xl pass test-amd64-i386-xl pass test-amd64-coresched-i386-xl pass test-amd64-amd64-libvirt-qemuu-debianhvm-amd64-xsm pass test-amd64-i386-libvirt-qemuu-debianhvm-amd64-xsm pass test-amd64-amd64-xl-qemut-stubdom-debianhvm-amd64-xsm pass test-amd64-i386-xl-qemut-stubdom-debianhvm-amd64-xsm pass test-amd64-amd64-xl-qemut-debianhvm-i386-xsm fail test-amd64-i386-xl-qemut-debianhvm-i386-xsm pass test-amd64-amd64-xl-qemuu-debianhvm-i386-xsm pass test-amd64-i386-xl-qemuu-debianhvm-i386-xsm pass test-amd64-amd64-libvirt-xsm pass test-arm64-arm64-libvirt-xsm pass test-amd64-i386-libvirt-xsm pass test-amd64-amd64-xl-xsm pass test-arm64-arm64-xl-xsm pass test-amd64-i386-xl-xsm pass test-amd64-amd64-qemuu-nested-amd fail test-amd64-amd64-xl-pvhv2-amd pass test-amd64-i386-qemut-rhel6hvm-amd pass test-amd64-i386-qemuu-rhel6hvm-amd pass test-amd64-amd64-dom0pvh-xl-amd pass test-amd64-amd64-xl-qemut-debianhvm-amd64 pass test-amd64-i386-xl-qemut-debianhvm-amd64 pass test-amd64-amd64-xl-qemuu-debianhvm-amd64 pass test-amd64-i386-xl-qemuu-debianhvm-amd64 pass test-amd64-i386-freebsd10-amd64 pass test-amd64-amd64-qemuu-freebsd11-amd64 pass test-amd64-amd64-qemuu-freebsd12-amd64 pass test-amd64-amd64-xl-qemuu-ovmf-amd64 pass test-amd64-i386-xl-qemuu-ovmf-amd64 pass test-amd64-amd64-xl-qemut-win7-amd64 fail test-amd64-i386-xl-qemut-win7-amd64 fail test-amd64-amd64-xl-qemuu-win7-amd64 fail test-amd64-i386-xl-qemuu-win7-amd64 fail test-amd64-amd64-xl-qemut-ws16-amd64 fail test-amd64-i386-xl-qemut-ws16-amd64 fail test-amd64-amd64-xl-qemuu-ws16-amd64 fail test-amd64-i386-xl-qemuu-ws16-amd64 fail test-armhf-armhf-xl-arndale pass test-amd64-amd64-examine-bios pass test-amd64-i386-examine-bios pass test-amd64-amd64-xl-credit1 pass test-arm64-arm64-xl-credit1 pass test-armhf-armhf-xl-credit1 fail test-amd64-amd64-xl-credit2 pass test-arm64-arm64-xl-credit2 pass test-armhf-armhf-xl-credit2 fail test-amd64-amd64-xl-qemuu-dmrestrict-amd64-dmrestrict pass test-amd64-i386-xl-qemuu-dmrestrict-amd64-dmrestrict pass test-amd64-amd64-examine pass test-arm64-arm64-examine pass test-armhf-armhf-examine pass test-amd64-i386-examine pass test-amd64-i386-freebsd10-i386 pass test-amd64-amd64-qemuu-nested-intel pass test-amd64-amd64-xl-pvhv2-intel pass test-amd64-i386-qemut-rhel6hvm-intel pass test-amd64-i386-qemuu-rhel6hvm-intel pass test-amd64-amd64-dom0pvh-xl-intel pass test-amd64-amd64-libvirt pass test-armhf-armhf-libvirt pass test-amd64-i386-libvirt pass test-amd64-amd64-xl-multivcpu pass test-armhf-armhf-xl-multivcpu fail test-amd64-amd64-pair pass test-amd64-i386-pair pass test-amd64-amd64-libvirt-pair pass test-amd64-i386-libvirt-pair pass test-amd64-amd64-xl-pvshim pass test-amd64-i386-xl-pvshim fail test-amd64-amd64-pygrub pass test-armhf-armhf-libvirt-qcow2 pass test-amd64-amd64-xl-qcow2 pass test-arm64-arm64-libvirt-raw fail test-armhf-armhf-libvirt-raw pass test-amd64-i386-libvirt-raw pass test-amd64-amd64-xl-rtds pass test-armhf-armhf-xl-rtds fail test-amd64-amd64-xl-qemuu-debianhvm-amd64-shadow pass test-amd64-i386-xl-qemuu-debianhvm-amd64-shadow pass test-amd64-amd64-xl-shadow pass test-amd64-i386-xl-shadow pass test-arm64-arm64-xl-thunderx pass test-amd64-amd64-examine-uefi pass test-amd64-i386-examine-uefi pass test-amd64-amd64-libvirt-vhd pass test-arm64-arm64-xl-vhd pass test-armhf-armhf-xl-vhd pass test-amd64-i386-xl-vhd pass ------------------------------------------------------------ sg-report-flight on osstest.test-lab.xenproject.org logs: /home/logs/logs images: /home/logs/images Logs, config files, etc. are available at http://logs.test-lab.xenproject.org/osstest/logs Explanation of these reports, and of osstest in general, is at http://xenbits.xen.org/gitweb/?p=osstest.git;a=blob;f=README.email;hb=master http://xenbits.xen.org/gitweb/?p=osstest.git;a=blob;f=README;hb=master Test harness code can be found at http://xenbits.xen.org/gitweb?p=osstest.git;a=summary Not pushing. (No revision log; it would be 1652 lines long.)