flight 123683 linux-3.18 real [real] http://logs.test-lab.xenproject.org/osstest/logs/123683/
Regressions :-( Tests which did not succeed and are blocking, including tests which could not be run: build-i386-libvirt 6 libvirt-build fail in 123594 REGR. vs. 123274 Tests which are failing intermittently (not blocking): test-armhf-armhf-xl-arndale 16 guest-start/debian.repeat fail in 123480 pass in 123683 test-amd64-i386-xl-qemuu-debianhvm-amd64 16 guest-localmigrate/x10 fail in 123480 pass in 123683 test-armhf-armhf-xl-xsm 7 xen-boot fail in 123594 pass in 123683 test-armhf-armhf-xl-xsm 8 host-ping-check-xen fail pass in 123480 test-armhf-armhf-xl-credit2 16 guest-start/debian.repeat fail pass in 123594 Tests which did not succeed, but are not blocking: test-amd64-i386-libvirt-xsm 1 build-check(1) blocked in 123594 n/a test-amd64-i386-libvirt-pair 1 build-check(1) blocked in 123594 n/a test-amd64-i386-libvirt 1 build-check(1) blocked in 123594 n/a test-amd64-i386-libvirt-qemuu-debianhvm-amd64-xsm 1 build-check(1) blocked in 123594 n/a test-arm64-arm64-libvirt-xsm 1 build-check(1) blocked n/a test-arm64-arm64-xl 1 build-check(1) blocked n/a test-arm64-arm64-examine 1 build-check(1) blocked n/a test-arm64-arm64-xl-credit2 1 build-check(1) blocked n/a test-arm64-arm64-xl-xsm 1 build-check(1) blocked n/a test-armhf-armhf-xl-xsm 13 migrate-support-check fail in 123480 never pass test-armhf-armhf-xl-xsm 14 saverestore-support-check fail in 123480 never pass test-armhf-armhf-libvirt-xsm 14 saverestore-support-check fail like 123274 test-armhf-armhf-libvirt 14 saverestore-support-check fail like 123274 test-amd64-amd64-xl-qemut-win7-amd64 17 guest-stop fail like 123274 test-amd64-amd64-xl-qemuu-win7-amd64 17 guest-stop fail like 123274 test-amd64-i386-xl-qemuu-win7-amd64 17 guest-stop fail like 123274 test-armhf-armhf-libvirt-raw 13 saverestore-support-check fail like 123274 test-amd64-i386-xl-qemut-win7-amd64 17 guest-stop fail like 123274 build-arm64-pvops 6 kernel-build fail never pass test-amd64-amd64-xl-pvhv2-intel 12 guest-start fail never pass test-amd64-amd64-xl-pvhv2-amd 12 guest-start fail never pass test-amd64-i386-libvirt 13 migrate-support-check fail never pass test-amd64-i386-xl-pvshim 12 guest-start fail never pass test-amd64-i386-libvirt-xsm 13 migrate-support-check fail never pass test-amd64-amd64-libvirt-xsm 13 migrate-support-check fail never pass test-amd64-amd64-libvirt 13 migrate-support-check fail never pass test-amd64-i386-libvirt-qemuu-debianhvm-amd64-xsm 11 migrate-support-check fail never pass test-amd64-amd64-libvirt-qemuu-debianhvm-amd64-xsm 11 migrate-support-check fail never pass test-armhf-armhf-xl-arndale 13 migrate-support-check fail never pass test-armhf-armhf-xl-arndale 14 saverestore-support-check fail never pass test-amd64-amd64-qemuu-nested-amd 17 debian-hvm-install/l1/l2 fail never pass test-amd64-amd64-libvirt-vhd 12 migrate-support-check fail never pass test-armhf-armhf-libvirt-xsm 13 migrate-support-check fail never pass test-armhf-armhf-xl-multivcpu 13 migrate-support-check fail never pass test-armhf-armhf-xl-rtds 13 migrate-support-check fail never pass test-armhf-armhf-xl-multivcpu 14 saverestore-support-check fail never pass test-armhf-armhf-xl-rtds 14 saverestore-support-check fail never pass test-armhf-armhf-xl 13 migrate-support-check fail never pass test-armhf-armhf-xl 14 saverestore-support-check fail never pass test-armhf-armhf-xl-cubietruck 13 migrate-support-check fail never pass test-armhf-armhf-xl-cubietruck 14 saverestore-support-check fail never pass test-armhf-armhf-libvirt 13 migrate-support-check fail never pass test-amd64-amd64-xl-qemuu-ws16-amd64 17 guest-stop fail never pass test-amd64-amd64-xl-qemut-ws16-amd64 17 guest-stop fail never pass test-armhf-armhf-libvirt-raw 12 migrate-support-check fail never pass test-amd64-i386-xl-qemut-ws16-amd64 17 guest-stop fail never pass test-armhf-armhf-xl-vhd 12 migrate-support-check fail never pass test-armhf-armhf-xl-vhd 13 saverestore-support-check fail never pass test-armhf-armhf-xl-credit2 13 migrate-support-check fail never pass test-armhf-armhf-xl-credit2 14 saverestore-support-check fail never pass test-amd64-i386-xl-qemuu-ws16-amd64 17 guest-stop fail never pass test-amd64-i386-xl-qemuu-win10-i386 10 windows-install fail never pass test-amd64-amd64-xl-qemuu-win10-i386 10 windows-install fail never pass test-amd64-amd64-xl-qemut-win10-i386 10 windows-install fail never pass test-amd64-i386-xl-qemut-win10-i386 10 windows-install fail never pass version targeted for testing: linux b0b357c20ca6171b8ac698351f5202402b7ad7d5 baseline version: linux b87af3ab9dae0dc53b201701725ed6e2af4f2f74 Last test of basis 123274 2018-05-27 22:03:44 Z 7 days Failing since 123396 2018-05-30 06:10:32 Z 5 days 4 attempts Testing same since 123480 2018-05-31 17:23:55 Z 3 days 3 attempts ------------------------------------------------------------ People who touched revisions under test: "Huang, Ying" <ying.hu...@intel.com> Aaro Koskinen <aaro.koski...@iki.fi> Aaron Brown <aaron.f.br...@intel.com> Al Viro <v...@zeniv.linux.org.uk> Alan Stern <st...@rowland.harvard.edu> Alex Estrin <alex.est...@intel.com> Alex Williamson <alex.william...@redhat.com> Alexander Potapenko <gli...@google.com> Alexandre Belloni <alexandre.bell...@bootlin.com> Alexey Dobriyan <adobri...@gmail.com> Anders Roxell <anders.rox...@linaro.org> Andrea Parri <parri.and...@gmail.com> Andrew Morton <a...@linux-foundation.org> Andrzej Hajda <a.ha...@samsung.com> Anna-Maria Gleixner <anna-ma...@linutronix.de> Arnaldo Carvalho de Melo <a...@redhat.com> Arnd Bergmann <a...@arndb.de> Arvind Yadav <arvind.yadav...@gmail.com> Asutosh Das <asuto...@codeaurora.org> Balbir Singh <bsinghar...@gmail.com> Bart Van Assche <bart.vanass...@wdc.com> Bartlomiej Zolnierkiewicz <b.zolnier...@samsung.com> Benjamin Poirier <bpoir...@suse.com> Bin Liu <b-...@ti.com> Binarus <li...@binarus.de> Bjorn Helgaas <bhelg...@google.com> Bjorn Helgaas <helg...@kernel.org> Boris Ostrovsky <boris.ostrov...@oracle.com> Brad Love <b...@nextdimension.cc> Carlos Maiolino <cmaiol...@redhat.com> Chad Dupuis <chad.dup...@cavium.com> Chanwoo Choi <cw00.c...@samsung.com> Chen Yu <yu.c.c...@intel.com> Chris Dickens <christopher.a.dick...@gmail.com> Christoph Hellwig <h...@lst.de> Christophe JAILLET <christophe.jail...@wanadoo.fr> Claudio Imbrenda <imbre...@linux.vnet.ibm.com> Colin Ian King <colin.k...@canonical.com> Coly Li <col...@suse.de> Cong Wang <xiyou.wangc...@gmail.com> Dan Carpenter <dan.carpen...@oracle.com> Daniel Díaz <daniel.d...@linaro.org> Danilo Krummrich <danilokrummr...@dk-develop.de> Darrick J. Wong <darrick.w...@oracle.com> Dave Carroll <david.carr...@microsemi.com> David Rientjes <rient...@google.com> David S. Miller <da...@davemloft.net> David Sterba <dste...@suse.com> Davidlohr Bueso <d...@stgolabs.net> Davidlohr Bueso <dbu...@suse.de> Dennis Dalessandro <dennis.dalessan...@intel.com> Dick Kennedy <dick.kenn...@broadcom.com> Dinh Nguyen <dingu...@kernel.org> Dou Liyang <douly.f...@cn.fujitsu.com> Eric Dumazet <eduma...@google.com> Erik Schmauss <erik.schma...@intel.com> Esben Haabendal <e...@deif.com> Felipe Balbi <felipe.ba...@linux.intel.com> Felix Fietkau <n...@nbd.name> Filipe Manana <fdman...@suse.com> Florian Westphal <f...@strlen.de> Frank Asseg <frank.as...@objecthunter.net> Frank Mori Hess <fmh...@gmail.com> Fredrik Noring <nor...@nocrew.org> Geert Uytterhoeven <geert+rene...@glider.be> Geert Uytterhoeven <ge...@linux-m68k.org> Giuseppe Lippolis <giu.lippo...@gmail.com> Greg Kroah-Hartman <gre...@linuxfoundation.org> Greg Ungerer <g...@linux-m68k.org> Gregory CLEMENT <gregory.clem...@bootlin.com> Grigor Tovmasyan <grigor.tovmas...@synopsys.com> Grigor Tovmasyan <tovma...@synopsys.com> Guenter Roeck <li...@roeck-us.net> Hans Verkuil <hans.verk...@cisco.com> Hector Martin <mar...@marcan.st> Helge Deller <del...@gmx.de> Himanshu Madhani <himanshu.madh...@cavium.com> Hua Rui <huarui....@gmail.com> Huang Ying <ying.hu...@intel.com> Igor Pylypiv <igor.pyly...@gmail.com> Ingo Molnar <mi...@kernel.org> Inki Dae <inki....@samsung.com> Jake Daryll Obina <jake.ob...@gmail.com> James Hogan <jho...@kernel.org> James Smart <james.sm...@broadcom.com> James Smart <jsmart2...@gmail.com> Jan Chochol <j...@chochol.info> Jan Kara <j...@suse.cz> Jason Gunthorpe <j...@mellanox.com> Jason Wessel <jason.wes...@windriver.com> Jay Vosburgh <jay.vosbu...@canonical.com> Jean Delvare <jdelv...@suse.de> Jeff Kirsher <jeffrey.t.kirs...@intel.com> Jeff Mahoney <je...@suse.com> Jens Axboe <ax...@kernel.dk> Jeremy Cline <jer...@jcline.org> Jiri Kosina <jkos...@suse.cz> Joe Jin <joe....@oracle.com> Joey Pabalinas <joeypabali...@gmail.com> Johannes Berg <johannes.b...@intel.com> John Keeping <j...@metanate.com> John Sobecki <john.sobe...@oracle.com> Juergen Gross <jgr...@suse.com> Jun Piao <piao...@huawei.com> Kalle Valo <kv...@codeaurora.org> Karthikeyan Periyasamy <periy...@codeaurora.org> Kees Cook <keesc...@chromium.org> Kirill A. Shutemov <kirill.shute...@linux.intel.com> Konrad Rzeszutek Wilk <konrad.w...@oracle.com> Lars-Peter Clausen <l...@metafoo.de> Laurence Oberman <lober...@redhat.com> Lenny Szubowicz <lszub...@redhat.com> Leon Romanovsky <leo...@mellanox.com> Linus Lüssing <linus.luess...@c0d3.blue> Linus Torvalds <torva...@linux-foundation.org> Liu Bo <bo....@linux.alibaba.com> Lukas Wunner <lu...@wunner.de> Lukas Wunner <lu...@wunner.de> # MacBook Pro Maciej W. Rozycki <ma...@mips.com> Madhavan Srinivasan <ma...@linux.vnet.ibm.com> Manish Rangankar <manish.rangan...@cavium.com> Marc Zyngier <marc.zyng...@arm.com> Marius Gligor <mgli...@kalray.eu> Mark Brown <broo...@kernel.org> Mark Salter <msal...@redhat.com> Martin K. Petersen <martin.peter...@oracle.com> Martin Schwidefsky <schwidef...@de.ibm.com> Masahiro Yamada <yamada.masah...@socionext.com> Masami Hiramatsu <mhira...@kernel.org> Mathias Kresin <d...@kresin.me> Mathias Nyman <mathias.ny...@linux.intel.com> Mathieu Malaterre <ma...@debian.org> Matt Redfearn <matt.redfe...@mips.com> Matthew Wilcox <mawil...@microsoft.com> Matthias Ferdinand <bca...@mfedv.net> Matthias Schiffer <mschif...@universe-factory.net> Maurizio Lombardi <mlomb...@redhat.com> Mauro Carvalho Chehab <mche...@s-opensource.com> Maximilian Wilhelm <max@sdn.clinic> Meelis Roos <mr...@linux.ee> Mel Gorman <mgor...@techsingularity.net> Merlijn Wajer <merl...@wizzup.org> Michael Ellerman <m...@ellerman.id.au> Michael S. Tsirkin <m...@redhat.com> Michael Schmitz <schmitz...@gmail.com> Mike Marshall <hub...@omnibond.com> Mike Snitzer <snit...@redhat.com> Mimi Zohar <zo...@linux.vnet.ibm.com> Minchan Kim <minc...@kernel.org> mulhern <amulh...@redhat.com> Namhyung Kim <namhy...@kernel.org> Nikolay Borisov <nbori...@suse.com> Pablo Neira Ayuso <pa...@netfilter.org> Paolo Bonzini <pbonz...@redhat.com> Paul E. McKenney <paul...@linux.vnet.ibm.com> Paul Moore <p...@paul-moore.com> Pawel Dembicki <paweldembi...@gmail.com> Peter Malone <peter.mal...@gmail.com> Peter Wu <pe...@lekensteyn.nl> # Nvidia Optimus Peter Zijlstra (Intel) <pet...@infradead.org> Peter Zijlstra <pet...@infradead.org> Petr Vorel <pvo...@suse.cz> Philipp Puschmann <p...@emlix.com> piaojun <piao...@huawei.com> Pierre-Yves Kerbrat <pkerb...@kalray.eu> Qi Hou <qi....@windriver.com> Qu Wenruo <w...@suse.com> Radim Krčmář <rkrc...@redhat.com> Rafael J. Wysocki <rafael.j.wyso...@intel.com> Rafael J. Wysocki <r...@rjwysocki.net> Randy Dunlap <rdun...@infradead.org> Rich Felker <dal...@libc.org> Richard Guy Briggs <r...@redhat.com> Richard Haines <richard_c_hai...@btinternet.com> Roger Pau Monne <roger....@citrix.com> Roger Pau Monné <roger....@citrix.com> Ross Lagerwall <ross.lagerw...@citrix.com> Sabrina Dubroca <s...@queasysnail.net> Saeed Mahameed <sae...@mellanox.com> Sakari Ailus <sakari.ai...@linux.intel.com> Samuel Neves <sne...@dei.uc.pt> Sasha Levin <alexander.le...@microsoft.com> Sasha Neftin <sasha.nef...@intel.com> Sean Christopherson <sean.j.christopher...@intel.com> Sebastian Ott <seb...@linux.vnet.ibm.com> Seunghun Han <kkama...@gmail.com> Shaohua Li <sh...@alibaba-inc.com> Shuah Khan <shua...@osg.samsung.com> Silvan Jegen <s.je...@gmail.com> Simon Wunderlich <s...@simonwunderlich.de> Stefan Agner <ste...@agner.ch> Stefan Richter <stef...@s5r6.in-berlin.de> Stefano Brivio <sbri...@redhat.com> Steffen Klassert <steffen.klass...@secunet.com> Steve French <smfre...@gmail.com> Steven Rostedt (VMware) <rost...@goodmis.org> Steven Rostedt <rost...@goodmis.org> Subhash Jadavani <subha...@codeaurora.org> Sujit Reddy Thumma <sthu...@codeaurora.org> Sven Eckelmann <s...@narfation.org> Sylwester Nawrocki <s.nawro...@samsung.com> Takashi Iwai <ti...@suse.de> Tang Junhui <tang.jun...@zte.com.cn> Tejun Heo <t...@kernel.org> Thinh Nguyen <thinh.ngu...@synopsys.com> Thinh Nguyen <thi...@synopsys.com> Thomas Abraham <tabra...@suse.com> Thomas Gleixner <t...@linutronix.de> Thomas Petazzoni <thomas.petazz...@bootlin.com> Thomas Vincent-Cross <m...@tvc.id.au> Tom Abraham <tabra...@suse.com> Tomasz Figa <tomasz.f...@gmail.com> Tony Lindgren <t...@atomide.com> Toshiaki Makita <makita.toshi...@lab.ntt.co.jp> Trond Myklebust <trond.mykleb...@primarydata.com> Ulf Magnusson <ulfali...@gmail.com> Vinod Koul <vinod.k...@intel.com> Vlastimil Babka <vba...@suse.cz> Wim Van Sebroeck <w...@iguana.be> Wolfram Sang <wsa+rene...@sang-engineering.com> Wolfram Sang <w...@the-dreams.de> Xin Long <lucien....@gmail.com> Yelena Krivosheev <yel...@marvell.com> Yisheng Xie <xieyishe...@huawei.com> Yu Chen <yu.c.c...@intel.com> Yufen Yu <yuyu...@huawei.com> zhongjiang <zhongji...@huawei.com> jobs: build-amd64-xsm pass build-arm64-xsm pass build-armhf-xsm pass build-i386-xsm pass build-amd64 pass build-arm64 pass build-armhf pass build-i386 pass build-amd64-libvirt pass build-arm64-libvirt pass build-armhf-libvirt pass build-i386-libvirt pass build-amd64-pvops pass build-arm64-pvops fail build-armhf-pvops pass build-i386-pvops pass build-amd64-rumprun pass build-i386-rumprun pass test-amd64-amd64-xl pass test-arm64-arm64-xl blocked test-armhf-armhf-xl pass test-amd64-i386-xl pass test-amd64-amd64-xl-qemut-debianhvm-amd64-xsm pass test-amd64-i386-xl-qemut-debianhvm-amd64-xsm pass test-amd64-amd64-libvirt-qemuu-debianhvm-amd64-xsm pass test-amd64-i386-libvirt-qemuu-debianhvm-amd64-xsm pass test-amd64-amd64-xl-qemuu-debianhvm-amd64-xsm pass test-amd64-i386-xl-qemuu-debianhvm-amd64-xsm pass test-amd64-amd64-xl-qemut-stubdom-debianhvm-amd64-xsm pass test-amd64-i386-xl-qemut-stubdom-debianhvm-amd64-xsm pass test-amd64-amd64-libvirt-xsm pass test-arm64-arm64-libvirt-xsm blocked test-armhf-armhf-libvirt-xsm pass test-amd64-i386-libvirt-xsm pass test-amd64-amd64-xl-xsm pass test-arm64-arm64-xl-xsm blocked test-armhf-armhf-xl-xsm fail test-amd64-i386-xl-xsm pass test-amd64-amd64-qemuu-nested-amd fail test-amd64-amd64-xl-pvhv2-amd fail test-amd64-i386-qemut-rhel6hvm-amd pass test-amd64-i386-qemuu-rhel6hvm-amd pass test-amd64-amd64-xl-qemut-debianhvm-amd64 pass test-amd64-i386-xl-qemut-debianhvm-amd64 pass test-amd64-amd64-xl-qemuu-debianhvm-amd64 pass test-amd64-i386-xl-qemuu-debianhvm-amd64 pass test-amd64-i386-freebsd10-amd64 pass test-amd64-amd64-xl-qemuu-ovmf-amd64 pass test-amd64-i386-xl-qemuu-ovmf-amd64 pass test-amd64-amd64-rumprun-amd64 pass test-amd64-amd64-xl-qemut-win7-amd64 fail test-amd64-i386-xl-qemut-win7-amd64 fail test-amd64-amd64-xl-qemuu-win7-amd64 fail test-amd64-i386-xl-qemuu-win7-amd64 fail test-amd64-amd64-xl-qemut-ws16-amd64 fail test-amd64-i386-xl-qemut-ws16-amd64 fail test-amd64-amd64-xl-qemuu-ws16-amd64 fail test-amd64-i386-xl-qemuu-ws16-amd64 fail test-armhf-armhf-xl-arndale pass test-amd64-amd64-xl-credit2 pass test-arm64-arm64-xl-credit2 blocked test-armhf-armhf-xl-credit2 fail test-armhf-armhf-xl-cubietruck pass test-amd64-amd64-examine pass test-arm64-arm64-examine blocked test-armhf-armhf-examine pass test-amd64-i386-examine pass test-amd64-i386-freebsd10-i386 pass test-amd64-i386-rumprun-i386 pass test-amd64-amd64-xl-qemut-win10-i386 fail test-amd64-i386-xl-qemut-win10-i386 fail test-amd64-amd64-xl-qemuu-win10-i386 fail test-amd64-i386-xl-qemuu-win10-i386 fail test-amd64-amd64-qemuu-nested-intel pass test-amd64-amd64-xl-pvhv2-intel fail test-amd64-i386-qemut-rhel6hvm-intel pass test-amd64-i386-qemuu-rhel6hvm-intel pass test-amd64-amd64-libvirt pass test-armhf-armhf-libvirt pass test-amd64-i386-libvirt pass test-amd64-amd64-xl-multivcpu pass test-armhf-armhf-xl-multivcpu pass test-amd64-amd64-pair pass test-amd64-i386-pair pass test-amd64-amd64-libvirt-pair pass test-amd64-i386-libvirt-pair pass test-amd64-amd64-amd64-pvgrub pass test-amd64-amd64-i386-pvgrub pass test-amd64-amd64-xl-pvshim pass test-amd64-i386-xl-pvshim fail test-amd64-amd64-pygrub pass test-amd64-amd64-xl-qcow2 pass test-armhf-armhf-libvirt-raw pass test-amd64-i386-xl-raw pass test-amd64-amd64-xl-rtds pass test-armhf-armhf-xl-rtds pass test-amd64-amd64-xl-qemuu-debianhvm-amd64-shadow pass test-amd64-i386-xl-qemuu-debianhvm-amd64-shadow pass test-amd64-amd64-xl-shadow pass test-amd64-i386-xl-shadow pass test-amd64-amd64-libvirt-vhd pass test-armhf-armhf-xl-vhd pass ------------------------------------------------------------ sg-report-flight on osstest.test-lab.xenproject.org logs: /home/logs/logs images: /home/logs/images Logs, config files, etc. are available at http://logs.test-lab.xenproject.org/osstest/logs Explanation of these reports, and of osstest in general, is at http://xenbits.xen.org/gitweb/?p=osstest.git;a=blob;f=README.email;hb=master http://xenbits.xen.org/gitweb/?p=osstest.git;a=blob;f=README;hb=master Test harness code can be found at http://xenbits.xen.org/gitweb?p=osstest.git;a=summary Not pushing. (No revision log; it would be 6623 lines long.) _______________________________________________ Xen-devel mailing list Xen-devel@lists.xenproject.org https://lists.xenproject.org/mailman/listinfo/xen-devel