flight 183884 linux-linus real [real]
http://logs.test-lab.xenproject.org/osstest/logs/183884/

Failures :-/ but no regressions.

Tests which did not succeed, but are not blocking:
 test-armhf-armhf-libvirt     16 saverestore-support-check    fail  like 183859
 test-amd64-amd64-xl-qemut-win7-amd64 19 guest-stop            fail like 183859
 test-amd64-amd64-xl-qemuu-win7-amd64 19 guest-stop            fail like 183859
 test-amd64-amd64-xl-qemuu-ws16-amd64 19 guest-stop            fail like 183859
 test-armhf-armhf-libvirt-raw 15 saverestore-support-check    fail  like 183859
 test-amd64-amd64-xl-qemut-ws16-amd64 19 guest-stop            fail like 183859
 test-armhf-armhf-libvirt-qcow2 15 saverestore-support-check   fail like 183859
 test-amd64-amd64-qemuu-nested-amd 20 debian-hvm-install/l1/l2 fail like 183859
 test-amd64-amd64-libvirt     15 migrate-support-check        fail   never pass
 test-amd64-amd64-libvirt-xsm 15 migrate-support-check        fail   never pass
 test-arm64-arm64-xl-thunderx 15 migrate-support-check        fail   never pass
 test-arm64-arm64-xl-thunderx 16 saverestore-support-check    fail   never pass
 test-arm64-arm64-xl-xsm      15 migrate-support-check        fail   never pass
 test-arm64-arm64-xl-xsm      16 saverestore-support-check    fail   never pass
 test-arm64-arm64-libvirt-xsm 15 migrate-support-check        fail   never pass
 test-arm64-arm64-libvirt-xsm 16 saverestore-support-check    fail   never pass
 test-arm64-arm64-xl-credit1  15 migrate-support-check        fail   never pass
 test-arm64-arm64-xl-credit1  16 saverestore-support-check    fail   never pass
 test-arm64-arm64-xl          15 migrate-support-check        fail   never pass
 test-arm64-arm64-xl          16 saverestore-support-check    fail   never pass
 test-arm64-arm64-xl-credit2  15 migrate-support-check        fail   never pass
 test-arm64-arm64-xl-credit2  16 saverestore-support-check    fail   never pass
 test-armhf-armhf-xl          15 migrate-support-check        fail   never pass
 test-armhf-armhf-xl          16 saverestore-support-check    fail   never pass
 test-armhf-armhf-xl-multivcpu 15 migrate-support-check        fail  never pass
 test-armhf-armhf-libvirt     15 migrate-support-check        fail   never pass
 test-armhf-armhf-xl-multivcpu 16 saverestore-support-check    fail  never pass
 test-armhf-armhf-xl-arndale  15 migrate-support-check        fail   never pass
 test-armhf-armhf-xl-arndale  16 saverestore-support-check    fail   never pass
 test-armhf-armhf-xl-credit1  15 migrate-support-check        fail   never pass
 test-armhf-armhf-xl-credit1  16 saverestore-support-check    fail   never pass
 test-amd64-amd64-libvirt-raw 14 migrate-support-check        fail   never pass
 test-amd64-amd64-libvirt-qcow2 14 migrate-support-check        fail never pass
 test-arm64-arm64-libvirt-raw 14 migrate-support-check        fail   never pass
 test-arm64-arm64-libvirt-raw 15 saverestore-support-check    fail   never pass
 test-amd64-amd64-libvirt-qemuu-debianhvm-amd64-xsm 13 migrate-support-check 
fail never pass
 test-arm64-arm64-xl-vhd      14 migrate-support-check        fail   never pass
 test-arm64-arm64-xl-vhd      15 saverestore-support-check    fail   never pass
 test-armhf-armhf-libvirt-raw 14 migrate-support-check        fail   never pass
 test-armhf-armhf-xl-vhd      14 migrate-support-check        fail   never pass
 test-armhf-armhf-xl-vhd      15 saverestore-support-check    fail   never pass
 test-armhf-armhf-xl-credit2  15 migrate-support-check        fail   never pass
 test-armhf-armhf-xl-credit2  16 saverestore-support-check    fail   never pass
 test-armhf-armhf-xl-rtds     15 migrate-support-check        fail   never pass
 test-armhf-armhf-xl-rtds     16 saverestore-support-check    fail   never pass
 test-armhf-armhf-libvirt-qcow2 14 migrate-support-check        fail never pass

version targeted for testing:
 linux                df60cee26a2e3d937a319229e335cb3f9c1f16d2
baseline version:
 linux                b46ae77f67874918c540feb1e37a63308b2c9290

Last test of basis   183859  2023-11-25 22:13:34 Z    2 days
Failing since        183862  2023-11-26 04:55:31 Z    2 days    7 attempts
Testing same since   183884  2023-11-28 08:21:29 Z    0 days    1 attempts

------------------------------------------------------------
People who touched revisions under test:
  Alexander Stein <alexander.st...@ew.tq-group.com>
  Andrea della Porta <andrea.po...@suse.com>
  Andrew Halaney <ahala...@redhat.com>
  Arnd Bergmann <a...@arndb.de>
  Asuna Yang <sprite...@gmail.com>
  Badhri Jagan Sridharan <bad...@google.com>
  Borislav Petkov (AMD) <b...@alien8.de>
  Christophe JAILLET <christophe.jail...@wanadoo.fr>
  Chunfeng Yun <chunfeng....@mediatek.com>
  Conor Dooley <conor.doo...@microchip.com>
  Dan Carpenter <dan.carpen...@linaro.org>
  Dapeng Mi <dapeng1...@linux.intel.com>
  Francesco Dolcini <francesco.dolc...@toradex.com>
  Geert Uytterhoeven <geert+rene...@glider.be>
  Gil Fine <gil.f...@linux.intel.com>
  Greg Kroah-Hartman <gre...@linuxfoundation.org>
  Hans de Goede <hdego...@redhat.com>
  Hans Verkuil <hverkuil-ci...@xs4all.nl>
  Heikki Krogerus <heikki.kroge...@linux.intel.com>
  Heikki Krogeus <heikki.kroge...@linux.intel.com>
  Helge Deller <del...@gmx.de>
  Ingo Molnar <mi...@kernel.org>
  Ivan Ivanov <ivan.iva...@suse.com>
  Johan Hovold <johan+lin...@kernel.org>
  Johan Hovold <jo...@kernel.org>
  Kent Overstreet <kent.overstr...@linux.dev>
  Krzysztof Kozlowski <krzysztof.kozlow...@linaro.org>
  Laurent Pinchart <laurent.pinchart+rene...@ideasonboard.com>
  Lech Perczak <lech.perc...@gmail.com>
  Linus Torvalds <torva...@linux-foundation.org>
  Martin Tůma <martin.t...@digiteqautomotive.com>
  Masami Hiramatsu (Google) <mhira...@kernel.org>
  Mathias Nyman <mathias.ny...@linux.intel.com>
  Mathieu Desnoyers <mathieu.desnoy...@efficios.com>
  Matthias Kaehlcke <m...@chromium.org>
  Mika Westerberg <mika.westerb...@linux.intel.com>
  Namjae Jeon <linkinj...@kernel.org>
  Niklas Neronin <niklas.nero...@linux.intel.com>
  Oliver Neukum <oneu...@suse.com>
  Paulo Alcantara (SUSE) <p...@manguebit.com>
  Paulo Alcantara <p...@manguebit.com>
  Pawel Laszczak <paw...@cadence.com>
  Pengfei Xu <pengfei...@intel.com>
  Peter Chen <peter.c...@kernel.org>
  Peter Zijlstra (Intel) <pet...@infradead.org>
  Peter Zijlstra <pet...@infradead.org>
  Puliang Lu <puliang...@fibocom.com>
  Ricardo Ribalda <riba...@chromium.org>
  Ritvik Budhiraja <rbudhir...@microsoft.com>
  Shawn Guo <shawn....@linaro.org>
  Stanley Chang <stanley_ch...@realtek.com>
  Stefan Eichenberger <stefan.eichenber...@toradex.com>
  Steve French <stfre...@microsoft.com>
  Steven Rostedt (Google) <rost...@goodmis.org>
  Thinh Nguyen <thinh.ngu...@synopsys.com>
  Victor Fragoso <victor...@hotmail.com>
  Wentong Wu <wentong...@intel.com>
  Will McVicker <willmcvic...@google.com>
  Yangyu Chen <c...@cyyself.name>
  Zongmin Zhou <zhouzong...@kylinos.cn>
  Zongmin Zhou<zhouzong...@kylinos.cn>

jobs:
 build-amd64-xsm                                              pass    
 build-arm64-xsm                                              pass    
 build-i386-xsm                                               pass    
 build-amd64                                                  pass    
 build-arm64                                                  pass    
 build-armhf                                                  pass    
 build-i386                                                   pass    
 build-amd64-libvirt                                          pass    
 build-arm64-libvirt                                          pass    
 build-armhf-libvirt                                          pass    
 build-i386-libvirt                                           pass    
 build-amd64-pvops                                            pass    
 build-arm64-pvops                                            pass    
 build-armhf-pvops                                            pass    
 build-i386-pvops                                             pass    
 test-amd64-amd64-xl                                          pass    
 test-amd64-coresched-amd64-xl                                pass    
 test-arm64-arm64-xl                                          pass    
 test-armhf-armhf-xl                                          pass    
 test-amd64-amd64-libvirt-qemuu-debianhvm-amd64-xsm           pass    
 test-amd64-amd64-xl-qemut-stubdom-debianhvm-amd64-xsm        pass    
 test-amd64-amd64-xl-qemut-debianhvm-i386-xsm                 pass    
 test-amd64-amd64-xl-qemuu-debianhvm-i386-xsm                 pass    
 test-amd64-amd64-libvirt-xsm                                 pass    
 test-arm64-arm64-libvirt-xsm                                 pass    
 test-amd64-amd64-xl-xsm                                      pass    
 test-arm64-arm64-xl-xsm                                      pass    
 test-amd64-amd64-qemuu-nested-amd                            fail    
 test-amd64-amd64-xl-pvhv2-amd                                pass    
 test-amd64-amd64-dom0pvh-xl-amd                              pass    
 test-amd64-amd64-xl-qemut-debianhvm-amd64                    pass    
 test-amd64-amd64-xl-qemuu-debianhvm-amd64                    pass    
 test-amd64-amd64-freebsd11-amd64                             pass    
 test-amd64-amd64-freebsd12-amd64                             pass    
 test-amd64-amd64-xl-qemuu-ovmf-amd64                         pass    
 test-amd64-amd64-xl-qemut-win7-amd64                         fail    
 test-amd64-amd64-xl-qemuu-win7-amd64                         fail    
 test-amd64-amd64-xl-qemut-ws16-amd64                         fail    
 test-amd64-amd64-xl-qemuu-ws16-amd64                         fail    
 test-armhf-armhf-xl-arndale                                  pass    
 test-amd64-amd64-examine-bios                                pass    
 test-amd64-amd64-xl-credit1                                  pass    
 test-arm64-arm64-xl-credit1                                  pass    
 test-armhf-armhf-xl-credit1                                  pass    
 test-amd64-amd64-xl-credit2                                  pass    
 test-arm64-arm64-xl-credit2                                  pass    
 test-armhf-armhf-xl-credit2                                  pass    
 test-amd64-amd64-xl-qemuu-dmrestrict-amd64-dmrestrict        pass    
 test-amd64-amd64-examine                                     pass    
 test-arm64-arm64-examine                                     pass    
 test-armhf-armhf-examine                                     pass    
 test-amd64-amd64-qemuu-nested-intel                          pass    
 test-amd64-amd64-xl-pvhv2-intel                              pass    
 test-amd64-amd64-dom0pvh-xl-intel                            pass    
 test-amd64-amd64-libvirt                                     pass    
 test-armhf-armhf-libvirt                                     pass    
 test-amd64-amd64-xl-multivcpu                                pass    
 test-armhf-armhf-xl-multivcpu                                pass    
 test-amd64-amd64-pair                                        pass    
 test-amd64-amd64-libvirt-pair                                pass    
 test-amd64-amd64-xl-pvshim                                   pass    
 test-amd64-amd64-pygrub                                      pass    
 test-amd64-amd64-libvirt-qcow2                               pass    
 test-armhf-armhf-libvirt-qcow2                               pass    
 test-amd64-amd64-libvirt-raw                                 pass    
 test-arm64-arm64-libvirt-raw                                 pass    
 test-armhf-armhf-libvirt-raw                                 pass    
 test-amd64-amd64-xl-rtds                                     pass    
 test-armhf-armhf-xl-rtds                                     pass    
 test-amd64-amd64-xl-qemuu-debianhvm-amd64-shadow             pass    
 test-amd64-amd64-xl-shadow                                   pass    
 test-arm64-arm64-xl-thunderx                                 pass    
 test-amd64-amd64-examine-uefi                                pass    
 test-amd64-amd64-xl-vhd                                      pass    
 test-arm64-arm64-xl-vhd                                      pass    
 test-armhf-armhf-xl-vhd                                      pass    


------------------------------------------------------------
sg-report-flight on osstest.test-lab.xenproject.org
logs: /home/logs/logs
images: /home/logs/images

Logs, config files, etc. are available at
    http://logs.test-lab.xenproject.org/osstest/logs

Explanation of these reports, and of osstest in general, is at
    http://xenbits.xen.org/gitweb/?p=osstest.git;a=blob;f=README.email;hb=master
    http://xenbits.xen.org/gitweb/?p=osstest.git;a=blob;f=README;hb=master

Test harness code can be found at
    http://xenbits.xen.org/gitweb?p=osstest.git;a=summary


Pushing revision :

hint: The 'hooks/update' hook was ignored because it's not set as executable.
hint: You can disable this warning with `git config advice.ignoredHook false`.
hint: The 'hooks/post-receive' hook was ignored because it's not set as 
executable.
hint: You can disable this warning with `git config advice.ignoredHook false`.
hint: The 'hooks/post-update' hook was ignored because it's not set as 
executable.
hint: You can disable this warning with `git config advice.ignoredHook false`.
To xenbits.xen.org:/home/xen/git/linux-pvops.git
   b46ae77f6787..df60cee26a2e  df60cee26a2e3d937a319229e335cb3f9c1f16d2 -> 
tested/linux-linus

Reply via email to