flight 183803 linux-5.4 real [real]
http://logs.test-lab.xenproject.org/osstest/logs/183803/

Failures :-/ but no regressions.

Tests which are failing intermittently (not blocking):
 test-armhf-armhf-xl-credit1  14 guest-start      fail in 183797 pass in 183803
 test-amd64-i386-xl-qemuu-debianhvm-i386-xsm 12 debian-hvm-install fail in 
183797 pass in 183803
 test-arm64-arm64-libvirt-raw 17 guest-start/debian.repeat fail in 183797 pass 
in 183803
 test-amd64-i386-qemuu-rhel6hvm-amd 14 guest-start/redhat.repeat fail pass in 
183797

Tests which did not succeed, but are not blocking:
 test-armhf-armhf-xl-multivcpu 18 guest-start/debian.repeat fail in 183797 like 
183714
 test-armhf-armhf-libvirt     16 saverestore-support-check    fail  like 183714
 test-amd64-i386-xl-qemut-win7-amd64 19 guest-stop             fail like 183714
 test-amd64-amd64-xl-qemuu-win7-amd64 19 guest-stop            fail like 183714
 test-amd64-i386-xl-qemuu-win7-amd64 19 guest-stop             fail like 183714
 test-armhf-armhf-xl-credit2  18 guest-start/debian.repeat    fail  like 183714
 test-amd64-amd64-xl-qemut-win7-amd64 19 guest-stop            fail like 183714
 test-amd64-amd64-xl-qemuu-ws16-amd64 19 guest-stop            fail like 183714
 test-armhf-armhf-libvirt-raw 15 saverestore-support-check    fail  like 183714
 test-amd64-amd64-xl-qemut-ws16-amd64 19 guest-stop            fail like 183714
 test-amd64-i386-xl-qemut-ws16-amd64 19 guest-stop             fail like 183714
 test-armhf-armhf-libvirt-qcow2 15 saverestore-support-check   fail like 183714
 test-amd64-i386-xl-qemuu-ws16-amd64 19 guest-stop             fail like 183714
 test-amd64-amd64-qemuu-nested-amd 20 debian-hvm-install/l1/l2 fail like 183714
 test-amd64-i386-xl-pvshim    14 guest-start                  fail   never pass
 test-amd64-i386-libvirt-xsm  15 migrate-support-check        fail   never pass
 test-amd64-i386-libvirt      15 migrate-support-check        fail   never pass
 test-amd64-amd64-libvirt-xsm 15 migrate-support-check        fail   never pass
 test-amd64-i386-libvirt-qemuu-debianhvm-amd64-xsm 13 migrate-support-check 
fail never pass
 test-amd64-i386-libvirt-raw  14 migrate-support-check        fail   never pass
 test-arm64-arm64-xl          15 migrate-support-check        fail   never pass
 test-arm64-arm64-xl          16 saverestore-support-check    fail   never pass
 test-amd64-amd64-libvirt-vhd 14 migrate-support-check        fail   never pass
 test-arm64-arm64-xl-xsm      15 migrate-support-check        fail   never pass
 test-arm64-arm64-xl-xsm      16 saverestore-support-check    fail   never pass
 test-arm64-arm64-libvirt-xsm 15 migrate-support-check        fail   never pass
 test-arm64-arm64-libvirt-xsm 16 saverestore-support-check    fail   never pass
 test-arm64-arm64-xl-credit2  15 migrate-support-check        fail   never pass
 test-arm64-arm64-xl-credit2  16 saverestore-support-check    fail   never pass
 test-arm64-arm64-xl-credit1  15 migrate-support-check        fail   never pass
 test-arm64-arm64-xl-credit1  16 saverestore-support-check    fail   never pass
 test-arm64-arm64-xl-thunderx 15 migrate-support-check        fail   never pass
 test-arm64-arm64-xl-thunderx 16 saverestore-support-check    fail   never pass
 test-armhf-armhf-xl-multivcpu 15 migrate-support-check        fail  never pass
 test-armhf-armhf-xl-multivcpu 16 saverestore-support-check    fail  never pass
 test-amd64-amd64-libvirt-qemuu-debianhvm-amd64-xsm 13 migrate-support-check 
fail never pass
 test-armhf-armhf-xl          15 migrate-support-check        fail   never pass
 test-armhf-armhf-xl-arndale  15 migrate-support-check        fail   never pass
 test-armhf-armhf-xl          16 saverestore-support-check    fail   never pass
 test-armhf-armhf-xl-arndale  16 saverestore-support-check    fail   never pass
 test-armhf-armhf-xl-credit1  15 migrate-support-check        fail   never pass
 test-armhf-armhf-xl-credit1  16 saverestore-support-check    fail   never pass
 test-armhf-armhf-libvirt     15 migrate-support-check        fail   never pass
 test-armhf-armhf-xl-credit2  15 migrate-support-check        fail   never pass
 test-armhf-armhf-xl-rtds     15 migrate-support-check        fail   never pass
 test-armhf-armhf-xl-credit2  16 saverestore-support-check    fail   never pass
 test-armhf-armhf-xl-rtds     16 saverestore-support-check    fail   never pass
 test-arm64-arm64-libvirt-raw 14 migrate-support-check        fail   never pass
 test-arm64-arm64-libvirt-raw 15 saverestore-support-check    fail   never pass
 test-arm64-arm64-xl-vhd      14 migrate-support-check        fail   never pass
 test-arm64-arm64-xl-vhd      15 saverestore-support-check    fail   never pass
 test-amd64-amd64-libvirt     15 migrate-support-check        fail   never pass
 test-armhf-armhf-libvirt-raw 14 migrate-support-check        fail   never pass
 test-armhf-armhf-libvirt-qcow2 14 migrate-support-check        fail never pass
 test-armhf-armhf-xl-vhd      14 migrate-support-check        fail   never pass
 test-armhf-armhf-xl-vhd      15 saverestore-support-check    fail   never pass

version targeted for testing:
 linux                ef379773e2e76d6470a907ae36c3d12f65a6ecdb
baseline version:
 linux                87e8e7a7aa1f96276252a90373de1d56add31918

Last test of basis   183714  2023-11-08 10:46:25 Z   12 days
Testing same since   183797  2023-11-20 09:44:45 Z    1 days    2 attempts

------------------------------------------------------------
People who touched revisions under test:
  Aananth V <aanan...@google.com>
  Abel Vesa <abel.v...@linaro.org>
  Aleksandr Loktionov <aleksandr.loktio...@intel.com>
  Alex Deucher <alexander.deuc...@amd.com>
  Alexander A. Klimov <grandmas...@al2klimov.de>
  Alexandre Belloni <alexandre.bell...@bootlin.com>
  Alexandru Ardelean <alexandru.ardel...@analog.com>
  Amadeusz Sławiński <amadeuszx.slawin...@linux.intel.com>
  Amit Kumar Mahapatra <amit.kumar-mahapa...@amd.com>
  Andrii Staikov <andrii.stai...@intel.com>
  Armin Wolf <w_ar...@gmx.de>
  Arnd Bergmann <a...@arndb.de>
  Arseniy Velikanov <adomer...@gmail.com>
  Barnabás Pőcze <po...@protonmail.com>
  Ben Wolsieffer <ben.wolsief...@hefring.com>
  Benjamin Gray <bg...@linux.ibm.com>
  Bjorn Andersson <anders...@kernel.org>
  Bjorn Andersson <bjorn.anders...@linaro.org>
  Cezary Rojewski <cezary.rojew...@intel.com>
  Chao Yu <c...@kernel.org>
  Chen Ni <nic...@iscas.ac.cn>
  Chen Yu <yu.c.c...@intel.com>
  Chenyuan Mi <micheny...@huawei.com>
  Christian Brauner <brau...@kernel.org>
  Christophe JAILLET <christophe.jail...@wanadoo.fr>
  D. Wythe <alib...@linux.alibaba.com>
  Dan Carpenter <dan.carpen...@linaro.org>
  Daniel Mentz <danielme...@google.com>
  Danila Tikhonov <dan...@jiaxyga.com>
  Danny Kaehn <danny.ka...@plexus.com>
  David S. Miller <da...@davemloft.net>
  David Sterba <dste...@suse.com>
  Dennis Dalessandro <dennis.dalessan...@cornelisnetworks.com>
  Devi Priya <quic_devip...@quicinc.com>
  Dhruva Gole <d-g...@ti.com>
  Dinghao Liu <dinghao....@zju.edu.cn>
  Dmitry Antipov <dmanti...@yandex.ru>
  Dmitry Baryshkov <dmitry.barysh...@linaro.org>
  Dmitry Torokhov <dmitry.torok...@gmail.com>
  Dominik Brodowski <li...@dominikbrodowski.net>
  Dominique Martinet <dominique.marti...@atmark-techno.com>
  Eric Dumazet <eduma...@google.com>
  Erik Kurzinger <ekurzin...@nvidia.com>
  Felix Fietkau <n...@nbd.name>
  Filipe Manana <fdman...@suse.com>
  Florian Fainelli <florian.faine...@broadcom.com>
  Florian Westphal <f...@strlen.de>
  Furong Xu <0x1...@gmail.com>
  Gaurav Jain <gaurav.j...@nxp.com>
  Geert Uytterhoeven <geert+rene...@glider.be>
  George Shuklin <george.shuk...@gmail.com>
  Gou Hao <gou...@uniontech.com>
  Greg Kroah-Hartman <gre...@linuxfoundation.org>
  Guenter Roeck <li...@roeck-us.net>
  GUO Zihua <guozi...@huawei.com>
  Hans de Goede <hdego...@redhat.com>
  Hans Verkuil <hverkuil-ci...@xs4all.nl>
  Harshit Mogalapalli <harshit.m.mogalapa...@oracle.com>
  Heiko Stuebner <he...@sntech.de>
  Heiner Kallweit <hkallwe...@gmail.com>
  Helge Deller <del...@gmx.de>
  Herbert Xu <herb...@gondor.apana.org.au>
  Ilpo Järvinen <ilpo.jarvi...@linux.intel.com>
  Ingo Molnar <mi...@kernel.org>
  Ira Weiny <ira.we...@intel.com>
  Jaegeuk Kim <jaeg...@kernel.org>
  Jakub Kicinski <k...@kernel.org>
  Javier Carrasco <javier.carrasco.c...@gmail.com>
  Jeff LaBundy <j...@labundy.com>
  Jeremy Sowden <jer...@azazel.net>
  Jia-Ju Bai <baiji...@buaa.edu.cn>
  Jiasheng Jiang <jiash...@iscas.ac.cn>
  Jinjie Ruan <ruanjin...@huawei.com>
  Jiri Kosina <jkos...@suse.cz>
  John Paul Adrian Glaubitz <glaub...@physik.fu-berlin.de>
  Jonas Blixt <jonas.bl...@actia.se>
  Jonas Gorski <jonas.gor...@gmail.com>
  Jonas Karlman <jo...@kwiboo.se>
  Jonathan Cameron <jonathan.came...@huawei.com>
  Jonathan Neuschäfer <j.neuschae...@gmx.net>
  Juhee Kang <claudiajk...@gmail.com>
  Kalle Valo <kv...@kernel.org>
  Katya Orlova <e.orl...@ispras.ru>
  Konstantin Meskhidze <konstantin.meskhi...@huawei.com>
  Krzysztof Kozlowski <krzysztof.kozlow...@linaro.org>
  Kuninori Morimoto <kuninori.morimoto...@renesas.com>
  Kuniyuki Iwashima <kun...@amazon.com>
  Kursad Oney <kursad.o...@broadcom.com>
  Lee Jones <lee.jo...@linaro.org>
  Lee Jones <l...@kernel.org>
  Leon Romanovsky <l...@kernel.org>
  Leon Romanovsky <leo...@nvidia.com>
  Linus Walleij <linus.wall...@linaro.org>
  Linux Kernel Functional Testing <l...@linaro.org>
  Maciej Żenczykowski <zenczykow...@gmail.com>
  Marc Kleine-Budde <m...@pengutronix.de>
  Mark Brown <broo...@kernel.org>
  Martin K. Petersen <martin.peter...@oracle.com>
  Masahiro Yamada <masahi...@kernel.org>
  Matti Vaittinen <mazziesacco...@gmail.com>
  Michael Ellerman <m...@ellerman.id.au>
  Neal Cardwell <ncardw...@google.com>
  NeilBrown <ne...@suse.de>
  Nishanth Menon <n...@ti.com>
  Pablo Neira Ayuso <pa...@netfilter.org>
  Paolo Abeni <pab...@redhat.com>
  Patrick Thompson <p...@google.com>
  Paul Moore <p...@paul-moore.com>
  Pavel Machek <pa...@ucw.cz>
  Peter Ujfalusi <peter.ujfal...@gmail.com>
  Ping-Ke Shih <pks...@realtek.com>
  Radhey Shyam Pandey <radhey.shyam.pan...@amd.com>
  Rafael J. Wysocki <rafael.j.wyso...@intel.com>
  Randy Dunlap <rdun...@infradead.org>
  Reuben Hawkins <reuben...@gmail.com>
  Rob Herring <r...@kernel.org>
  Russell King (Oracle) <rmk+ker...@armlinux.org.uk>
  Santosh Shilimkar <santosh.shilim...@oracle.com>
  Sasha Levin <sas...@kernel.org>
  Sebastian Andrzej Siewior <bige...@linutronix.de>
  Shigeru Yoshida <syosh...@redhat.com>
  Shuah Khan <sk...@linuxfoundation.org>
  Simon Ser <cont...@emersion.fr>
  Stephen Boyd <sb...@kernel.org>
  Sudeep Holla <sudeep.ho...@arm.com>
  Theodore Ts'o <ty...@mit.edu>
  Thierry Reding <thierry.red...@gmail.com>
  Thomas Gleixner <t...@linutronix.de>
  Timur I. Davletshin <timur.davlets...@gmail.com>
  Tomas Glozar <tglo...@redhat.com>
  Tony Nguyen <anthony.l.ngu...@intel.com>
  Ulf Hansson <ulf.hans...@linaro.org>
  Uwe Kleine-König <u.kleine-koe...@pengutronix.de>
  Uwe Kleine-König <u...@kleine-koenig.org>
  Vinod Koul <vk...@kernel.org>
  Vivek Gautam <vivek.gau...@codeaurora.org>
  Wang Yufen <wangyu...@huawei.com>
  Willem de Bruijn <will...@google.com>
  Yan Zhai <y...@cloudflare.com>
  Yang Yingliang <yangyingli...@huawei.com>
  Yi Yang <yiyan...@huawei.com>
  Yuchung Cheng <ych...@google.com>
  Zhang Rui <rui.zh...@intel.com>
  Zheng Wang <zyytlz...@163.com>

jobs:
 build-amd64-xsm                                              pass    
 build-arm64-xsm                                              pass    
 build-i386-xsm                                               pass    
 build-amd64                                                  pass    
 build-arm64                                                  pass    
 build-armhf                                                  pass    
 build-i386                                                   pass    
 build-amd64-libvirt                                          pass    
 build-arm64-libvirt                                          pass    
 build-armhf-libvirt                                          pass    
 build-i386-libvirt                                           pass    
 build-amd64-pvops                                            pass    
 build-arm64-pvops                                            pass    
 build-armhf-pvops                                            pass    
 build-i386-pvops                                             pass    
 test-amd64-amd64-xl                                          pass    
 test-amd64-coresched-amd64-xl                                pass    
 test-arm64-arm64-xl                                          pass    
 test-armhf-armhf-xl                                          pass    
 test-amd64-i386-xl                                           pass    
 test-amd64-coresched-i386-xl                                 pass    
 test-amd64-amd64-libvirt-qemuu-debianhvm-amd64-xsm           pass    
 test-amd64-i386-libvirt-qemuu-debianhvm-amd64-xsm            pass    
 test-amd64-amd64-xl-qemut-stubdom-debianhvm-amd64-xsm        pass    
 test-amd64-i386-xl-qemut-stubdom-debianhvm-amd64-xsm         pass    
 test-amd64-amd64-xl-qemut-debianhvm-i386-xsm                 pass    
 test-amd64-i386-xl-qemut-debianhvm-i386-xsm                  pass    
 test-amd64-amd64-xl-qemuu-debianhvm-i386-xsm                 pass    
 test-amd64-i386-xl-qemuu-debianhvm-i386-xsm                  pass    
 test-amd64-amd64-libvirt-xsm                                 pass    
 test-arm64-arm64-libvirt-xsm                                 pass    
 test-amd64-i386-libvirt-xsm                                  pass    
 test-amd64-amd64-xl-xsm                                      pass    
 test-arm64-arm64-xl-xsm                                      pass    
 test-amd64-i386-xl-xsm                                       pass    
 test-amd64-amd64-qemuu-nested-amd                            fail    
 test-amd64-amd64-xl-pvhv2-amd                                pass    
 test-amd64-i386-qemut-rhel6hvm-amd                           pass    
 test-amd64-i386-qemuu-rhel6hvm-amd                           fail    
 test-amd64-amd64-dom0pvh-xl-amd                              pass    
 test-amd64-amd64-xl-qemut-debianhvm-amd64                    pass    
 test-amd64-i386-xl-qemut-debianhvm-amd64                     pass    
 test-amd64-amd64-xl-qemuu-debianhvm-amd64                    pass    
 test-amd64-i386-xl-qemuu-debianhvm-amd64                     pass    
 test-amd64-i386-freebsd10-amd64                              pass    
 test-amd64-amd64-qemuu-freebsd11-amd64                       pass    
 test-amd64-amd64-qemuu-freebsd12-amd64                       pass    
 test-amd64-amd64-xl-qemuu-ovmf-amd64                         pass    
 test-amd64-i386-xl-qemuu-ovmf-amd64                          pass    
 test-amd64-amd64-xl-qemut-win7-amd64                         fail    
 test-amd64-i386-xl-qemut-win7-amd64                          fail    
 test-amd64-amd64-xl-qemuu-win7-amd64                         fail    
 test-amd64-i386-xl-qemuu-win7-amd64                          fail    
 test-amd64-amd64-xl-qemut-ws16-amd64                         fail    
 test-amd64-i386-xl-qemut-ws16-amd64                          fail    
 test-amd64-amd64-xl-qemuu-ws16-amd64                         fail    
 test-amd64-i386-xl-qemuu-ws16-amd64                          fail    
 test-armhf-armhf-xl-arndale                                  pass    
 test-amd64-amd64-examine-bios                                pass    
 test-amd64-i386-examine-bios                                 pass    
 test-amd64-amd64-xl-credit1                                  pass    
 test-arm64-arm64-xl-credit1                                  pass    
 test-armhf-armhf-xl-credit1                                  pass    
 test-amd64-amd64-xl-credit2                                  pass    
 test-arm64-arm64-xl-credit2                                  pass    
 test-armhf-armhf-xl-credit2                                  fail    
 test-amd64-amd64-xl-qemuu-dmrestrict-amd64-dmrestrict        pass    
 test-amd64-i386-xl-qemuu-dmrestrict-amd64-dmrestrict         pass    
 test-amd64-amd64-examine                                     pass    
 test-arm64-arm64-examine                                     pass    
 test-armhf-armhf-examine                                     pass    
 test-amd64-i386-examine                                      pass    
 test-amd64-i386-freebsd10-i386                               pass    
 test-amd64-amd64-qemuu-nested-intel                          pass    
 test-amd64-amd64-xl-pvhv2-intel                              pass    
 test-amd64-i386-qemut-rhel6hvm-intel                         pass    
 test-amd64-i386-qemuu-rhel6hvm-intel                         pass    
 test-amd64-amd64-dom0pvh-xl-intel                            pass    
 test-amd64-amd64-libvirt                                     pass    
 test-armhf-armhf-libvirt                                     pass    
 test-amd64-i386-libvirt                                      pass    
 test-amd64-amd64-xl-multivcpu                                pass    
 test-armhf-armhf-xl-multivcpu                                pass    
 test-amd64-amd64-pair                                        pass    
 test-amd64-i386-pair                                         pass    
 test-amd64-amd64-libvirt-pair                                pass    
 test-amd64-i386-libvirt-pair                                 pass    
 test-amd64-amd64-xl-pvshim                                   pass    
 test-amd64-i386-xl-pvshim                                    fail    
 test-amd64-amd64-pygrub                                      pass    
 test-armhf-armhf-libvirt-qcow2                               pass    
 test-amd64-amd64-xl-qcow2                                    pass    
 test-arm64-arm64-libvirt-raw                                 pass    
 test-armhf-armhf-libvirt-raw                                 pass    
 test-amd64-i386-libvirt-raw                                  pass    
 test-amd64-amd64-xl-rtds                                     pass    
 test-armhf-armhf-xl-rtds                                     pass    
 test-amd64-amd64-xl-qemuu-debianhvm-amd64-shadow             pass    
 test-amd64-i386-xl-qemuu-debianhvm-amd64-shadow              pass    
 test-amd64-amd64-xl-shadow                                   pass    
 test-amd64-i386-xl-shadow                                    pass    
 test-arm64-arm64-xl-thunderx                                 pass    
 test-amd64-amd64-examine-uefi                                pass    
 test-amd64-i386-examine-uefi                                 pass    
 test-amd64-amd64-libvirt-vhd                                 pass    
 test-arm64-arm64-xl-vhd                                      pass    
 test-armhf-armhf-xl-vhd                                      pass    
 test-amd64-i386-xl-vhd                                       pass    


------------------------------------------------------------
sg-report-flight on osstest.test-lab.xenproject.org
logs: /home/logs/logs
images: /home/logs/images

Logs, config files, etc. are available at
    http://logs.test-lab.xenproject.org/osstest/logs

Explanation of these reports, and of osstest in general, is at
    http://xenbits.xen.org/gitweb/?p=osstest.git;a=blob;f=README.email;hb=master
    http://xenbits.xen.org/gitweb/?p=osstest.git;a=blob;f=README;hb=master

Test harness code can be found at
    http://xenbits.xen.org/gitweb?p=osstest.git;a=summary


Pushing revision :

hint: The 'hooks/update' hook was ignored because it's not set as executable.
hint: You can disable this warning with `git config advice.ignoredHook false`.
hint: The 'hooks/post-receive' hook was ignored because it's not set as 
executable.
hint: You can disable this warning with `git config advice.ignoredHook false`.
hint: The 'hooks/post-update' hook was ignored because it's not set as 
executable.
hint: You can disable this warning with `git config advice.ignoredHook false`.
To xenbits.xen.org:/home/xen/git/linux-pvops.git
   87e8e7a7aa1f..ef379773e2e7  ef379773e2e76d6470a907ae36c3d12f65a6ecdb -> 
tested/linux-5.4

Reply via email to