flight 183786 xen-unstable-smoke real [real]
http://logs.test-lab.xenproject.org/osstest/logs/183786/

Failures :-/ but no regressions.

Tests which did not succeed, but are not blocking:
 test-amd64-amd64-libvirt     15 migrate-support-check        fail   never pass
 test-arm64-arm64-xl-xsm      15 migrate-support-check        fail   never pass
 test-arm64-arm64-xl-xsm      16 saverestore-support-check    fail   never pass
 test-armhf-armhf-xl          15 migrate-support-check        fail   never pass
 test-armhf-armhf-xl          16 saverestore-support-check    fail   never pass

version targeted for testing:
 xen                  98758ae48974d6d24f999e4d9324e463d326f66f
baseline version:
 xen                  97f8555acbf3da013ed713ca0bbe739d41c48da9

Last test of basis   183784  2023-11-17 19:03:49 Z    0 days
Testing same since   183786  2023-11-18 03:02:10 Z    0 days    1 attempts

------------------------------------------------------------
People who touched revisions under test:
  Federico Serafini <federico.seraf...@bugseng.com>
  Gianluca Luparini <gianluca.lupar...@bugseng.com>
  Jan Beulich <jbeul...@suse.com>
  Julien Grall <jgr...@amazon.com>
  Nicola Vetrini <nicola.vetr...@bugseng.com>
  Simone Ballarin <simone.balla...@bugseng.com>
  Stefano Stabellini <sstabell...@kernel.org>
  Stefano Stabellini <stefano.stabell...@amd.com>

jobs:
 build-arm64-xsm                                              pass    
 build-amd64                                                  pass    
 build-armhf                                                  pass    
 build-amd64-libvirt                                          pass    
 test-armhf-armhf-xl                                          pass    
 test-arm64-arm64-xl-xsm                                      pass    
 test-amd64-amd64-xl-qemuu-debianhvm-amd64                    pass    
 test-amd64-amd64-libvirt                                     pass    


------------------------------------------------------------
sg-report-flight on osstest.test-lab.xenproject.org
logs: /home/logs/logs
images: /home/logs/images

Logs, config files, etc. are available at
    http://logs.test-lab.xenproject.org/osstest/logs

Explanation of these reports, and of osstest in general, is at
    http://xenbits.xen.org/gitweb/?p=osstest.git;a=blob;f=README.email;hb=master
    http://xenbits.xen.org/gitweb/?p=osstest.git;a=blob;f=README;hb=master

Test harness code can be found at
    http://xenbits.xen.org/gitweb?p=osstest.git;a=summary


Pushing revision :

To xenbits.xen.org:/home/xen/git/xen.git
   97f8555acb..98758ae489  98758ae48974d6d24f999e4d9324e463d326f66f -> smoke

Reply via email to