flight 183783 linux-linus real [real]
http://logs.test-lab.xenproject.org/osstest/logs/183783/

Regressions :-(

Tests which did not succeed and are blocking,
including tests which could not be run:
 test-arm64-arm64-examine      8 reboot                   fail REGR. vs. 183766
 test-arm64-arm64-libvirt-xsm  8 xen-boot                 fail REGR. vs. 183766
 test-arm64-arm64-xl-credit2   8 xen-boot                 fail REGR. vs. 183766
 test-arm64-arm64-xl-thunderx  8 xen-boot                 fail REGR. vs. 183766
 test-arm64-arm64-xl           8 xen-boot                 fail REGR. vs. 183766
 test-arm64-arm64-xl-xsm       8 xen-boot                 fail REGR. vs. 183766
 test-arm64-arm64-xl-vhd       8 xen-boot                 fail REGR. vs. 183766
 test-arm64-arm64-xl-credit1   8 xen-boot                 fail REGR. vs. 183766
 test-arm64-arm64-libvirt-raw  8 xen-boot                 fail REGR. vs. 183766

Tests which did not succeed, but are not blocking:
 test-amd64-amd64-xl-qemut-win7-amd64 19 guest-stop            fail like 183766
 test-amd64-amd64-xl-qemuu-win7-amd64 19 guest-stop            fail like 183766
 test-amd64-amd64-xl-qemuu-ws16-amd64 19 guest-stop            fail like 183766
 test-armhf-armhf-libvirt-raw 15 saverestore-support-check    fail  like 183766
 test-armhf-armhf-libvirt     16 saverestore-support-check    fail  like 183766
 test-amd64-amd64-xl-qemut-ws16-amd64 19 guest-stop            fail like 183766
 test-armhf-armhf-libvirt-qcow2 15 saverestore-support-check   fail like 183766
 test-amd64-amd64-qemuu-nested-amd 20 debian-hvm-install/l1/l2 fail like 183766
 test-amd64-amd64-libvirt     15 migrate-support-check        fail   never pass
 test-amd64-amd64-libvirt-xsm 15 migrate-support-check        fail   never pass
 test-amd64-amd64-libvirt-qemuu-debianhvm-amd64-xsm 13 migrate-support-check 
fail never pass
 test-armhf-armhf-xl-credit2  15 migrate-support-check        fail   never pass
 test-armhf-armhf-xl-credit2  16 saverestore-support-check    fail   never pass
 test-armhf-armhf-xl          15 migrate-support-check        fail   never pass
 test-armhf-armhf-xl          16 saverestore-support-check    fail   never pass
 test-armhf-armhf-xl-multivcpu 15 migrate-support-check        fail  never pass
 test-armhf-armhf-xl-multivcpu 16 saverestore-support-check    fail  never pass
 test-armhf-armhf-xl-arndale  15 migrate-support-check        fail   never pass
 test-armhf-armhf-xl-arndale  16 saverestore-support-check    fail   never pass
 test-amd64-amd64-libvirt-qcow2 14 migrate-support-check        fail never pass
 test-amd64-amd64-libvirt-raw 14 migrate-support-check        fail   never pass
 test-armhf-armhf-xl-vhd      14 migrate-support-check        fail   never pass
 test-armhf-armhf-xl-vhd      15 saverestore-support-check    fail   never pass
 test-armhf-armhf-libvirt-raw 14 migrate-support-check        fail   never pass
 test-armhf-armhf-xl-credit1  15 migrate-support-check        fail   never pass
 test-armhf-armhf-xl-credit1  16 saverestore-support-check    fail   never pass
 test-armhf-armhf-xl-rtds     15 migrate-support-check        fail   never pass
 test-armhf-armhf-xl-rtds     16 saverestore-support-check    fail   never pass
 test-armhf-armhf-libvirt     15 migrate-support-check        fail   never pass
 test-armhf-armhf-libvirt-qcow2 14 migrate-support-check        fail never pass

version targeted for testing:
 linux                6bc40e44f1ddef16a787f3501b97f1fff909177c
baseline version:
 linux                c42d9eeef8e5ba9292eda36fd8e3c11f35ee065c

Last test of basis   183766  2023-11-15 17:14:16 Z    2 days
Failing since        183773  2023-11-16 13:12:48 Z    1 days    3 attempts
Testing same since   183783  2023-11-17 15:52:12 Z    0 days    1 attempts

------------------------------------------------------------
People who touched revisions under test:
  "Michael S. Tsirkin" <m...@redhat.com>
  Aleksandr Loktionov <aleksandr.loktio...@intel.com>
  Alex Pakhunov <alexey.pakhu...@spacex.com>
  Alexei Starovoitov <a...@kernel.org>
  Alistair Francis <alistair.fran...@wdc.com>
  Amir Goldstein <amir7...@gmail.com>
  Anders Roxell <anders.rox...@linaro.org>
  Andrii Nakryiko <and...@kernel.org>
  Arkadiusz Kubalewski <arkadiusz.kubalew...@intel.com>
  Arpana Arland <arpanax.arl...@intel.com> (A Contingent worker at Intel)
  Baruch Siach <bar...@tkos.co.il>
  Björn Töpel <bj...@rivosinc.com>
  Chandradeep Dey <codesign...@chandradeepdey.com>
  ChunHao Lin <h...@realtek.com>
  Clément Léger <cle...@rivosinc.com>
  Dan Carpenter <dan.carpen...@linaro.org>
  Dan Nowlin <dan.now...@intel.com>
  David S. Miller <da...@davemloft.net>
  David Woodhouse <d...@amazon.co.uk>
  Dust Li <dust...@linux.alibaba.com>
  Eduard Zingerman <eddy...@gmail.com>
  Erez Shitrit <ere...@nvidia.com>
  Eric Dumazet <eduma...@google.com>
  Eugenio Pérez <epere...@redhat.com>
  Eymen Yigit <eymeny...@gmail.com>
  Gal Pressman <g...@nvidia.com>
  Gavin Li <gav...@nvidia.com>
  Geliang Tang <geliang.t...@suse.com>
  Hou Tao <hout...@huawei.com>
  Itamar Gozlan <igoz...@nvidia.com>
  Jakub Kicinski <k...@kernel.org>
  Jakub Sitnicki <ja...@cloudflare.com>
  Jan Kiszka <jan.kis...@siemens.com>
  Jason Andryuk <jandr...@gmail.com>
  Jason Wang <jasow...@redhat.com>
  Jay Vosburgh <jay.vosbu...@canonical.com>
  Jian Shen <shenjia...@huawei.com>
  Jianbo Liu <jian...@nvidia.com>
  Jijie Shao <shaoji...@huawei.com>
  Johnathan Mantey <johnathanx.man...@intel.com>
  Jozsef Kadlecsik <kad...@netfilter.org>
  Juergen Gross <jgr...@suse.com>
  Kai Vehmanen <kai.vehma...@linux.intel.com>
  Kailang Yang <kail...@realtek.com>
  Linkui Xiao <xiaolin...@kylinos.cn>
  Linus Torvalds <torva...@linux-foundation.org>
  Linus Walleij <linus.wall...@linaro.org>
  Lorenzo Bianconi <lore...@kernel.org>
  Maarten Lankhorst <maarten.lankho...@linux.intel.com>
  Maciej Fijalkowski <maciej.fijalkow...@intel.com>
  Maher Sanalla <msana...@nvidia.com>
  Marek Behún <ka...@kernel.org>
  Matthieu Baerts <matt...@kernel.org>
  Matus Malych <ma...@malych.org>
  MD Danish Anwar <danishan...@ti.com>
  Michael S. Tsirkin <m...@redhat.com>
  Niklas Söderlund <niklas.soderlund+rene...@ragnatech.se>
  Pablo Neira Ayuso <pa...@netfilter.org>
  Paolo Abeni <pab...@redhat.com>
  Paul Greenwalt <paul.greenw...@intel.com>
  Paul Moore <p...@paul-moore.com>
  Rahul Rameshbabu <rrameshb...@nvidia.com>
  Randy Dunlap <rdun...@infradead.org>
  Ravi Gunasekaran <r-gunaseka...@ti.com>
  Richard Cochran <richardcoch...@gmail.com>
  Richard Fitzgerald <r...@opensource.cirrus.com>
  Roger Pau Monne <roger....@citrix.com>
  Roger Pau Monné <roger....@citrix.com>
  Saeed Mahameed <sae...@nvidia.com>
  Shannon Nelson <shannon.nel...@amd.com>
  Shigeru Yoshida <syosh...@redhat.com>
  Simon Trimmer <sim...@opensource.cirrus.com>
  Stanislav Fomichev <s...@google.com>
  Stefan Binding <sbind...@opensource.cirrus.com>
  Stefano Garzarella <sgarz...@redhat.com>
  Stefano Stabellini <sstabell...@kernel.org>
  Sunitha Mekala <sunithax.d.mek...@intel.com> (A Contingent worker at Intel)
  Sven Auhagen <sven.auha...@voleatech.de>
  Takashi Iwai <ti...@suse.de>
  Tony Nguyen <anthony.l.ngu...@intel.com>
  Vincent Wong <vincent.wo...@spacex.com>
  Vlad Buslov <vla...@nvidia.com>
  Willem de Bruijn <will...@google.com>
  Xin Long <lucien....@gmail.com>
  Yang Li <yang....@linux.alibaba.com>
  Yonghong Song <yonghong.s...@linux.dev>
  Yonglong Liu <liuyongl...@huawei.com>
  Yuran Pereira <yuran.pere...@hotmail.com>
  Ziwei Xiao <ziweix...@google.com>

jobs:
 build-amd64-xsm                                              pass    
 build-arm64-xsm                                              pass    
 build-i386-xsm                                               pass    
 build-amd64                                                  pass    
 build-arm64                                                  pass    
 build-armhf                                                  pass    
 build-i386                                                   pass    
 build-amd64-libvirt                                          pass    
 build-arm64-libvirt                                          pass    
 build-armhf-libvirt                                          pass    
 build-i386-libvirt                                           pass    
 build-amd64-pvops                                            pass    
 build-arm64-pvops                                            pass    
 build-armhf-pvops                                            pass    
 build-i386-pvops                                             pass    
 test-amd64-amd64-xl                                          pass    
 test-amd64-coresched-amd64-xl                                pass    
 test-arm64-arm64-xl                                          fail    
 test-armhf-armhf-xl                                          pass    
 test-amd64-amd64-libvirt-qemuu-debianhvm-amd64-xsm           pass    
 test-amd64-amd64-xl-qemut-stubdom-debianhvm-amd64-xsm        pass    
 test-amd64-amd64-xl-qemut-debianhvm-i386-xsm                 pass    
 test-amd64-amd64-xl-qemuu-debianhvm-i386-xsm                 pass    
 test-amd64-amd64-libvirt-xsm                                 pass    
 test-arm64-arm64-libvirt-xsm                                 fail    
 test-amd64-amd64-xl-xsm                                      pass    
 test-arm64-arm64-xl-xsm                                      fail    
 test-amd64-amd64-qemuu-nested-amd                            fail    
 test-amd64-amd64-xl-pvhv2-amd                                pass    
 test-amd64-amd64-dom0pvh-xl-amd                              pass    
 test-amd64-amd64-xl-qemut-debianhvm-amd64                    pass    
 test-amd64-amd64-xl-qemuu-debianhvm-amd64                    pass    
 test-amd64-amd64-freebsd11-amd64                             pass    
 test-amd64-amd64-freebsd12-amd64                             pass    
 test-amd64-amd64-xl-qemuu-ovmf-amd64                         pass    
 test-amd64-amd64-xl-qemut-win7-amd64                         fail    
 test-amd64-amd64-xl-qemuu-win7-amd64                         fail    
 test-amd64-amd64-xl-qemut-ws16-amd64                         fail    
 test-amd64-amd64-xl-qemuu-ws16-amd64                         fail    
 test-armhf-armhf-xl-arndale                                  pass    
 test-amd64-amd64-examine-bios                                pass    
 test-amd64-amd64-xl-credit1                                  pass    
 test-arm64-arm64-xl-credit1                                  fail    
 test-armhf-armhf-xl-credit1                                  pass    
 test-amd64-amd64-xl-credit2                                  pass    
 test-arm64-arm64-xl-credit2                                  fail    
 test-armhf-armhf-xl-credit2                                  pass    
 test-amd64-amd64-xl-qemuu-dmrestrict-amd64-dmrestrict        pass    
 test-amd64-amd64-examine                                     pass    
 test-arm64-arm64-examine                                     fail    
 test-armhf-armhf-examine                                     pass    
 test-amd64-amd64-qemuu-nested-intel                          pass    
 test-amd64-amd64-xl-pvhv2-intel                              pass    
 test-amd64-amd64-dom0pvh-xl-intel                            pass    
 test-amd64-amd64-libvirt                                     pass    
 test-armhf-armhf-libvirt                                     pass    
 test-amd64-amd64-xl-multivcpu                                pass    
 test-armhf-armhf-xl-multivcpu                                pass    
 test-amd64-amd64-pair                                        pass    
 test-amd64-amd64-libvirt-pair                                pass    
 test-amd64-amd64-xl-pvshim                                   pass    
 test-amd64-amd64-pygrub                                      pass    
 test-amd64-amd64-libvirt-qcow2                               pass    
 test-armhf-armhf-libvirt-qcow2                               pass    
 test-amd64-amd64-libvirt-raw                                 pass    
 test-arm64-arm64-libvirt-raw                                 fail    
 test-armhf-armhf-libvirt-raw                                 pass    
 test-amd64-amd64-xl-rtds                                     pass    
 test-armhf-armhf-xl-rtds                                     pass    
 test-amd64-amd64-xl-qemuu-debianhvm-amd64-shadow             pass    
 test-amd64-amd64-xl-shadow                                   pass    
 test-arm64-arm64-xl-thunderx                                 fail    
 test-amd64-amd64-examine-uefi                                pass    
 test-amd64-amd64-xl-vhd                                      pass    
 test-arm64-arm64-xl-vhd                                      fail    
 test-armhf-armhf-xl-vhd                                      pass    


------------------------------------------------------------
sg-report-flight on osstest.test-lab.xenproject.org
logs: /home/logs/logs
images: /home/logs/images

Logs, config files, etc. are available at
    http://logs.test-lab.xenproject.org/osstest/logs

Explanation of these reports, and of osstest in general, is at
    http://xenbits.xen.org/gitweb/?p=osstest.git;a=blob;f=README.email;hb=master
    http://xenbits.xen.org/gitweb/?p=osstest.git;a=blob;f=README;hb=master

Test harness code can be found at
    http://xenbits.xen.org/gitweb?p=osstest.git;a=summary


Not pushing.

(No revision log; it would be 3658 lines long.)

Reply via email to