flight 183743 xen-unstable-smoke real [real] http://logs.test-lab.xenproject.org/osstest/logs/183743/
Failures :-/ but no regressions. Tests which did not succeed, but are not blocking: test-amd64-amd64-libvirt 15 migrate-support-check fail never pass test-arm64-arm64-xl-xsm 15 migrate-support-check fail never pass test-arm64-arm64-xl-xsm 16 saverestore-support-check fail never pass test-armhf-armhf-xl 15 migrate-support-check fail never pass test-armhf-armhf-xl 16 saverestore-support-check fail never pass version targeted for testing: xen fb41228ececea948c7953c8c16fe28fd65c6536b baseline version: xen bede1c7e3b790b63f1ff3ea3ee4e476b012fdf2c Last test of basis 183709 2023-11-07 21:00:26 Z 5 days Testing same since 183743 2023-11-13 15:02:04 Z 0 days 1 attempts ------------------------------------------------------------ People who touched revisions under test: Andrew Cooper <andrew.coop...@citrix.com> Federico Serafini <federico.seraf...@bugseng.com> George Dunlap <george.dun...@cloud.com> Jan Beulich <jbeul...@suse.com> Julien Grall <jgr...@amazon.com> Oleksii Kurochko <oleksii.kuroc...@gmail.com> Roger Pau Monné <roger....@citrix.com> Stefano Stabellini <sstabell...@kernel.org> jobs: build-arm64-xsm pass build-amd64 pass build-armhf pass build-amd64-libvirt pass test-armhf-armhf-xl pass test-arm64-arm64-xl-xsm pass test-amd64-amd64-xl-qemuu-debianhvm-amd64 pass test-amd64-amd64-libvirt pass ------------------------------------------------------------ sg-report-flight on osstest.test-lab.xenproject.org logs: /home/logs/logs images: /home/logs/images Logs, config files, etc. are available at http://logs.test-lab.xenproject.org/osstest/logs Explanation of these reports, and of osstest in general, is at http://xenbits.xen.org/gitweb/?p=osstest.git;a=blob;f=README.email;hb=master http://xenbits.xen.org/gitweb/?p=osstest.git;a=blob;f=README;hb=master Test harness code can be found at http://xenbits.xen.org/gitweb?p=osstest.git;a=summary Pushing revision : To xenbits.xen.org:/home/xen/git/xen.git bede1c7e3b..fb41228ece fb41228ececea948c7953c8c16fe28fd65c6536b -> smoke