flight 123271 linux-linus real [real] http://logs.test-lab.xenproject.org/osstest/logs/123271/
Regressions :-( Tests which did not succeed and are blocking, including tests which could not be run: test-arm64-arm64-xl-xsm 6 xen-install fail REGR. vs. 123188 test-arm64-arm64-libvirt-xsm 6 xen-install fail REGR. vs. 123188 test-amd64-amd64-xl-qemut-stubdom-debianhvm-amd64-xsm 13 guest-saverestore fail REGR. vs. 123188 test-amd64-amd64-xl-qemut-debianhvm-amd64 16 guest-localmigrate/x10 fail REGR. vs. 123188 Tests which did not succeed, but are not blocking: test-armhf-armhf-libvirt-xsm 14 saverestore-support-check fail like 123188 test-amd64-amd64-xl-qemut-win7-amd64 17 guest-stop fail like 123188 test-armhf-armhf-libvirt 14 saverestore-support-check fail like 123188 test-amd64-i386-xl-qemut-win7-amd64 17 guest-stop fail like 123188 test-amd64-amd64-xl-qemuu-win7-amd64 17 guest-stop fail like 123188 test-amd64-i386-xl-qemuu-win7-amd64 17 guest-stop fail like 123188 test-armhf-armhf-libvirt-raw 13 saverestore-support-check fail like 123188 test-amd64-amd64-xl-qemut-ws16-amd64 17 guest-stop fail like 123188 test-amd64-amd64-xl-qemuu-ws16-amd64 17 guest-stop fail like 123188 test-amd64-i386-xl-pvshim 12 guest-start fail never pass test-amd64-amd64-libvirt-xsm 13 migrate-support-check fail never pass test-amd64-i386-libvirt-xsm 13 migrate-support-check fail never pass test-amd64-i386-libvirt 13 migrate-support-check fail never pass test-amd64-amd64-libvirt 13 migrate-support-check fail never pass test-arm64-arm64-xl-credit2 13 migrate-support-check fail never pass test-arm64-arm64-xl-credit2 14 saverestore-support-check fail never pass test-arm64-arm64-xl 13 migrate-support-check fail never pass test-arm64-arm64-xl 14 saverestore-support-check fail never pass test-amd64-i386-libvirt-qemuu-debianhvm-amd64-xsm 11 migrate-support-check fail never pass test-armhf-armhf-xl-arndale 13 migrate-support-check fail never pass test-armhf-armhf-xl-arndale 14 saverestore-support-check fail never pass test-amd64-amd64-libvirt-qemuu-debianhvm-amd64-xsm 11 migrate-support-check fail never pass test-amd64-amd64-qemuu-nested-amd 17 debian-hvm-install/l1/l2 fail never pass test-armhf-armhf-libvirt-xsm 13 migrate-support-check fail never pass test-amd64-amd64-libvirt-vhd 12 migrate-support-check fail never pass test-armhf-armhf-libvirt 13 migrate-support-check fail never pass test-armhf-armhf-xl 13 migrate-support-check fail never pass test-armhf-armhf-xl 14 saverestore-support-check fail never pass test-armhf-armhf-xl-xsm 13 migrate-support-check fail never pass test-armhf-armhf-xl-multivcpu 13 migrate-support-check fail never pass test-armhf-armhf-xl-multivcpu 14 saverestore-support-check fail never pass test-armhf-armhf-xl-xsm 14 saverestore-support-check fail never pass test-armhf-armhf-xl-credit2 13 migrate-support-check fail never pass test-armhf-armhf-xl-cubietruck 13 migrate-support-check fail never pass test-armhf-armhf-xl-credit2 14 saverestore-support-check fail never pass test-armhf-armhf-xl-cubietruck 14 saverestore-support-check fail never pass test-armhf-armhf-libvirt-raw 12 migrate-support-check fail never pass test-armhf-armhf-xl-vhd 12 migrate-support-check fail never pass test-armhf-armhf-xl-vhd 13 saverestore-support-check fail never pass test-armhf-armhf-xl-rtds 13 migrate-support-check fail never pass test-armhf-armhf-xl-rtds 14 saverestore-support-check fail never pass test-amd64-i386-xl-qemuu-ws16-amd64 17 guest-stop fail never pass test-amd64-i386-xl-qemut-ws16-amd64 17 guest-stop fail never pass test-amd64-amd64-xl-qemut-win10-i386 10 windows-install fail never pass test-amd64-amd64-xl-qemuu-win10-i386 10 windows-install fail never pass test-amd64-i386-xl-qemuu-win10-i386 10 windows-install fail never pass test-amd64-i386-xl-qemut-win10-i386 10 windows-install fail never pass version targeted for testing: linux b04e217704b7f879c6b91222b066983a44a7a09f baseline version: linux b50694381cfc22dce3a60a291cdae294a5e5777c Last test of basis 123188 2018-05-24 22:54:06 Z 3 days Failing since 123218 2018-05-26 12:19:54 Z 2 days 2 attempts Testing same since 123271 2018-05-27 21:07:59 Z 0 days 1 attempts ------------------------------------------------------------ People who touched revisions under test: Adi Nissim <a...@mellanox.com> Alex Deucher <alexander.deuc...@amd.com> Alexei Starovoitov <a...@kernel.org> Alexey Kardashevskiy <a...@ozlabs.ru> Alexey Kodanev <alexey.koda...@oracle.com> Anders Roxell <anders.rox...@linaro.org> Andrew Morton <a...@linux-foundation.org> Andrew Zaborowski <andrew.zaborow...@intel.com> Andrey Ryabinin <aryabi...@virtuozzo.com> Andy Gross <andy.gr...@linaro.org> Antonio Quartulli <a...@unstable.cc> Ariel Elior <ariel.el...@cavium.com> Ben Hutchings <ben.hutchi...@codethink.co.uk> Benjamin Herrenschmidt <b...@kernel.crashing.org> Bo Chen <che...@pdx.edu> Bob Copeland <bobcopel...@fb.com> Bob Copeland <m...@bobcopeland.com> Changwei Ge <ge.chang...@h3c.com> Chen-Yu Tsai <w...@csie.org> Christian Borntraeger <borntrae...@de.ibm.com> Colin Ian King <colin.k...@canonical.com> Corneliu Doban <corneliu.do...@broadcom.com> Daniel Borkmann <dan...@iogearbox.net> Daniel Jurgens <dani...@mellanox.com> Dave Airlie <airl...@redhat.com> David Ahern <dsah...@gmail.com> David Hildenbrand <da...@redhat.com> David S. Miller <da...@davemloft.net> David Vrabel <david.vra...@nutanix.com> Davidlohr Bueso <d...@stgolabs.net> Davidlohr Bueso <dbu...@suse.de> Dedy Lansky <dlan...@codeaurora.org> Dominik Brodowski <li...@dominikbrodowski.net> Eran Ben Elisha <era...@mellanox.com> Eric Biggers <ebigg...@google.com> Eric Dumazet <eduma...@google.com> Fabio Estevam <fabio.este...@nxp.com> Florian Fainelli <f.faine...@gmail.com> Fugang Duan <fugang.d...@nxp.com> Govindarajulu Varadarajan <gvara...@cisco.com> Guillaume Nault <g.na...@alphalink.fr> Gustavo A. R. Silva <gust...@embeddedor.com> Haim Dreyfuss <haim.dreyf...@intel.com> Hugh Dickins <hu...@google.com> Ingo Molnar <mi...@kernel.org> Jack Morgenstein <ja...@dev.mellanox.co.il> Janosch Frank <fran...@linux.ibm.com> Jason A. Donenfeld <ja...@zx2c4.com> Jason Wang <jasow...@redhat.com> Jim Mattson <jmatt...@google.com> Joe Perches <j...@perches.com> Johannes Berg <johannes.b...@intel.com> John Stultz <john.stu...@linaro.org> Jonathan Cameron <jonathan.came...@huawei.com> Juri Lelli <juri.le...@redhat.com> Kalle Valo <kv...@codeaurora.org> Kirill A. Shutemov <kirill.shute...@linux.intel.com> Konrad Rzeszutek Wilk <konrad.w...@oracle.com> Laura Abbott <labb...@redhat.com> Laurent Pinchart <laurent.pinchart+rene...@ideasonboard.com> Leo Yan <leo....@linaro.org> Linus Lüssing <linus.luess...@c0d3.blue> Linus Torvalds <torva...@linux-foundation.org> Linus Walleij <linus.wall...@linaro.org> Luca Coelho <luciano.coe...@intel.com> Luis R. Rodriguez <mcg...@kernel.org> Lukas Wunner <lu...@wunner.de> Marcelo Ricardo Leitner <marcelo.leit...@gmail.com> Marek Lindner <mareklind...@neomailbox.ch> Masahiro Yamada <yamada.masah...@socionext.com> Mathieu Malaterre <ma...@debian.org> Matthew Wilcox <mawil...@microsoft.com> Maxime Ripard <maxime.rip...@bootlin.com> Meelis Roos <mr...@linux.ee> Michael Ellerman <m...@ellerman.id.au> Michael Neuling <mi...@neuling.org> Michael S. Tsirkin <m...@redhat.com> Michal Hocko <mho...@suse.com> Michal Kubecek <mkube...@suse.cz> Mike Kravetz <mike.krav...@oracle.com> Naoya Horiguchi <n-horigu...@ah.jp.nec.com> Nathan Fontenot <nf...@linux.vnet.ibm.com> Neil Horman <nhor...@tuxdriver.com> Nicholas Piggin <npig...@gmail.com> Nick Desaulniers <ndesaulni...@google.com> Niklas Cassel <niklas.cas...@linaro.org> Nikolay Aleksandrov <niko...@cumulusnetworks.com> Olof Johansson <o...@lixom.net> Omar Sandoval <osan...@fb.com> Or Gerlitz <ogerl...@mellanox.com> Oscar Salvador <osalva...@techadventures.net> Paolo Bonzini <pbonz...@redhat.com> Pascal Roeleven <d...@pascalroeleven.nl> Paul Mackerras <pau...@ozlabs.org> Peter Maydell <peter.mayd...@linaro.org> Peter Robinson <pbrobin...@gmail.com> Peter Zijlstra (Intel) <pet...@infradead.org> Peter Zijlstra <pet...@infradead.org> Qing Huang <qing.hu...@oracle.com> Radim Krčmář <rkrc...@redhat.com> Rafał Miłecki <ra...@milecki.pl> Roopa Prabhu <ro...@cumulusnetworks.com> Saeed Mahameed <sae...@mellanox.com> Scott Branden <scott.bran...@broadcom.com> Sebastian Andrzej Siewior <bige...@linutronix.de> Shahed Shaikh <shahed.sha...@cavium.com> Simon Wunderlich <s...@simonwunderlich.de> Soheil Hassas Yeganeh <soh...@google.com> Srinath Mannam <srinath.man...@broadcom.com> Stefano Brivio <sbri...@redhat.com> Steven Rostedt (VMware) <rost...@goodmis.org> Sven Eckelmann <s...@narfation.org> Takashi Iwai <ti...@suse.de> Tariq Toukan <tar...@mellanox.com> Thomas Falcon <tlfal...@linux.vnet.ibm.com> Thomas Gleixner <t...@linutronix.de> Thomas Hellstrom <thellst...@vmware.com> Ulf Hansson <ulf.hans...@linaro.org> Vlastimil Babka <vba...@suse.cz> Wei Huang <w...@redhat.com> Wei Xu <xuwe...@gmail.com> Wenwen Wang <wang6...@umn.edu> Will Deacon <will.dea...@arm.com> Willem de Bruijn <will...@google.com> Xin Long <lucien....@gmail.com> Yossi Kuperman <yoss...@mellanox.com> jobs: build-amd64-xsm pass build-arm64-xsm pass build-armhf-xsm pass build-i386-xsm pass build-amd64 pass build-arm64 pass build-armhf pass build-i386 pass build-amd64-libvirt pass build-arm64-libvirt pass build-armhf-libvirt pass build-i386-libvirt pass build-amd64-pvops pass build-arm64-pvops pass build-armhf-pvops pass build-i386-pvops pass build-amd64-rumprun pass build-i386-rumprun pass test-amd64-amd64-xl pass test-arm64-arm64-xl pass test-armhf-armhf-xl pass test-amd64-i386-xl pass test-amd64-amd64-xl-qemut-debianhvm-amd64-xsm pass test-amd64-i386-xl-qemut-debianhvm-amd64-xsm pass test-amd64-amd64-libvirt-qemuu-debianhvm-amd64-xsm pass test-amd64-i386-libvirt-qemuu-debianhvm-amd64-xsm pass test-amd64-amd64-xl-qemuu-debianhvm-amd64-xsm pass test-amd64-i386-xl-qemuu-debianhvm-amd64-xsm pass test-amd64-amd64-xl-qemut-stubdom-debianhvm-amd64-xsm fail test-amd64-i386-xl-qemut-stubdom-debianhvm-amd64-xsm pass test-amd64-amd64-libvirt-xsm pass test-arm64-arm64-libvirt-xsm fail test-armhf-armhf-libvirt-xsm pass test-amd64-i386-libvirt-xsm pass test-amd64-amd64-xl-xsm pass test-arm64-arm64-xl-xsm fail test-armhf-armhf-xl-xsm pass test-amd64-i386-xl-xsm pass test-amd64-amd64-qemuu-nested-amd fail test-amd64-amd64-xl-pvhv2-amd pass test-amd64-i386-qemut-rhel6hvm-amd pass test-amd64-i386-qemuu-rhel6hvm-amd pass test-amd64-amd64-xl-qemut-debianhvm-amd64 fail test-amd64-i386-xl-qemut-debianhvm-amd64 pass test-amd64-amd64-xl-qemuu-debianhvm-amd64 pass test-amd64-i386-xl-qemuu-debianhvm-amd64 pass test-amd64-i386-freebsd10-amd64 pass test-amd64-amd64-xl-qemuu-ovmf-amd64 pass test-amd64-i386-xl-qemuu-ovmf-amd64 pass test-amd64-amd64-rumprun-amd64 pass test-amd64-amd64-xl-qemut-win7-amd64 fail test-amd64-i386-xl-qemut-win7-amd64 fail test-amd64-amd64-xl-qemuu-win7-amd64 fail test-amd64-i386-xl-qemuu-win7-amd64 fail test-amd64-amd64-xl-qemut-ws16-amd64 fail test-amd64-i386-xl-qemut-ws16-amd64 fail test-amd64-amd64-xl-qemuu-ws16-amd64 fail test-amd64-i386-xl-qemuu-ws16-amd64 fail test-armhf-armhf-xl-arndale pass test-amd64-amd64-xl-credit2 pass test-arm64-arm64-xl-credit2 pass test-armhf-armhf-xl-credit2 pass test-armhf-armhf-xl-cubietruck pass test-amd64-amd64-examine pass test-arm64-arm64-examine pass test-armhf-armhf-examine pass test-amd64-i386-examine pass test-amd64-i386-freebsd10-i386 pass test-amd64-i386-rumprun-i386 pass test-amd64-amd64-xl-qemut-win10-i386 fail test-amd64-i386-xl-qemut-win10-i386 fail test-amd64-amd64-xl-qemuu-win10-i386 fail test-amd64-i386-xl-qemuu-win10-i386 fail test-amd64-amd64-qemuu-nested-intel pass test-amd64-amd64-xl-pvhv2-intel pass test-amd64-i386-qemut-rhel6hvm-intel pass test-amd64-i386-qemuu-rhel6hvm-intel pass test-amd64-amd64-libvirt pass test-armhf-armhf-libvirt pass test-amd64-i386-libvirt pass test-amd64-amd64-xl-multivcpu pass test-armhf-armhf-xl-multivcpu pass test-amd64-amd64-pair pass test-amd64-i386-pair pass test-amd64-amd64-libvirt-pair pass test-amd64-i386-libvirt-pair pass test-amd64-amd64-amd64-pvgrub pass test-amd64-amd64-i386-pvgrub pass test-amd64-amd64-xl-pvshim pass test-amd64-i386-xl-pvshim fail test-amd64-amd64-pygrub pass test-amd64-amd64-xl-qcow2 pass test-armhf-armhf-libvirt-raw pass test-amd64-i386-xl-raw pass test-amd64-amd64-xl-rtds pass test-armhf-armhf-xl-rtds pass test-amd64-amd64-xl-qemuu-debianhvm-amd64-shadow pass test-amd64-i386-xl-qemuu-debianhvm-amd64-shadow pass test-amd64-amd64-xl-shadow pass test-amd64-i386-xl-shadow pass test-amd64-amd64-libvirt-vhd pass test-armhf-armhf-xl-vhd pass ------------------------------------------------------------ sg-report-flight on osstest.test-lab.xenproject.org logs: /home/logs/logs images: /home/logs/images Logs, config files, etc. are available at http://logs.test-lab.xenproject.org/osstest/logs Explanation of these reports, and of osstest in general, is at http://xenbits.xen.org/gitweb/?p=osstest.git;a=blob;f=README.email;hb=master http://xenbits.xen.org/gitweb/?p=osstest.git;a=blob;f=README;hb=master Test harness code can be found at http://xenbits.xen.org/gitweb?p=osstest.git;a=summary Not pushing. (No revision log; it would be 3455 lines long.) _______________________________________________ Xen-devel mailing list Xen-devel@lists.xenproject.org https://lists.xenproject.org/mailman/listinfo/xen-devel