flight 123073 linux-4.14 real [real] http://logs.test-lab.xenproject.org/osstest/logs/123073/
Regressions :-( Tests which did not succeed and are blocking, including tests which could not be run: test-armhf-armhf-libvirt 6 xen-install fail REGR. vs. 122974 Tests which did not succeed, but are not blocking: test-amd64-amd64-libvirt 13 migrate-support-check fail never pass test-amd64-amd64-libvirt-xsm 13 migrate-support-check fail never pass test-amd64-i386-xl-pvshim 12 guest-start fail never pass test-amd64-i386-libvirt-xsm 13 migrate-support-check fail never pass test-amd64-i386-libvirt 13 migrate-support-check fail never pass test-arm64-arm64-xl-xsm 13 migrate-support-check fail never pass test-arm64-arm64-xl-xsm 14 saverestore-support-check fail never pass test-arm64-arm64-libvirt-xsm 13 migrate-support-check fail never pass test-arm64-arm64-libvirt-xsm 14 saverestore-support-check fail never pass test-arm64-arm64-xl 13 migrate-support-check fail never pass test-arm64-arm64-xl 14 saverestore-support-check fail never pass test-amd64-amd64-libvirt-qemuu-debianhvm-amd64-xsm 11 migrate-support-check fail never pass test-arm64-arm64-xl-credit2 13 migrate-support-check fail never pass test-arm64-arm64-xl-credit2 14 saverestore-support-check fail never pass test-amd64-i386-libvirt-qemuu-debianhvm-amd64-xsm 11 migrate-support-check fail never pass test-amd64-amd64-qemuu-nested-amd 17 debian-hvm-install/l1/l2 fail never pass test-amd64-amd64-libvirt-vhd 12 migrate-support-check fail never pass test-amd64-i386-xl-qemut-win7-amd64 17 guest-stop fail never pass test-armhf-armhf-xl 13 migrate-support-check fail never pass test-armhf-armhf-xl 14 saverestore-support-check fail never pass test-armhf-armhf-xl-rtds 13 migrate-support-check fail never pass test-armhf-armhf-xl-rtds 14 saverestore-support-check fail never pass test-armhf-armhf-xl-multivcpu 13 migrate-support-check fail never pass test-armhf-armhf-xl-multivcpu 14 saverestore-support-check fail never pass test-armhf-armhf-xl-xsm 13 migrate-support-check fail never pass test-armhf-armhf-xl-xsm 14 saverestore-support-check fail never pass test-armhf-armhf-xl-credit2 13 migrate-support-check fail never pass test-armhf-armhf-xl-credit2 14 saverestore-support-check fail never pass test-armhf-armhf-xl-cubietruck 13 migrate-support-check fail never pass test-armhf-armhf-xl-cubietruck 14 saverestore-support-check fail never pass test-armhf-armhf-libvirt-xsm 13 migrate-support-check fail never pass test-armhf-armhf-libvirt-xsm 14 saverestore-support-check fail never pass test-amd64-amd64-xl-qemuu-win7-amd64 17 guest-stop fail never pass test-amd64-amd64-xl-qemuu-ws16-amd64 17 guest-stop fail never pass test-amd64-i386-xl-qemuu-win7-amd64 17 guest-stop fail never pass test-amd64-amd64-xl-qemut-win7-amd64 17 guest-stop fail never pass test-armhf-armhf-xl-vhd 12 migrate-support-check fail never pass test-armhf-armhf-xl-vhd 13 saverestore-support-check fail never pass test-armhf-armhf-xl-arndale 13 migrate-support-check fail never pass test-armhf-armhf-xl-arndale 14 saverestore-support-check fail never pass test-amd64-i386-xl-qemuu-ws16-amd64 17 guest-stop fail never pass test-amd64-amd64-xl-qemut-ws16-amd64 17 guest-stop fail never pass test-amd64-i386-xl-qemut-ws16-amd64 17 guest-stop fail never pass test-armhf-armhf-libvirt-raw 12 migrate-support-check fail never pass test-armhf-armhf-libvirt-raw 13 saverestore-support-check fail never pass test-amd64-i386-xl-qemut-win10-i386 10 windows-install fail never pass test-amd64-amd64-xl-qemut-win10-i386 10 windows-install fail never pass test-amd64-amd64-xl-qemuu-win10-i386 10 windows-install fail never pass test-amd64-i386-xl-qemuu-win10-i386 10 windows-install fail never pass version targeted for testing: linux 1dff08485b9e835d00bfb34a435bc6f07dadb6fd baseline version: linux d88700f79448fc8f03617d4f1929c39676f8d1e4 Last test of basis 122974 2018-05-20 01:24:58 Z 4 days Testing same since 123073 2018-05-22 17:09:56 Z 1 days 1 attempts ------------------------------------------------------------ People who touched revisions under test: Alexander Monakov <amona...@ispras.ru> Anand Jain <anand.j...@oracle.com> Andre Przywara <andre.przyw...@arm.com> Andrew Morton <a...@linux-foundation.org> Andy Shevchenko <andriy.shevche...@linux.intel.com> Ard Biesheuvel <ard.biesheu...@linaro.org> Ben Gardner <gardner....@gmail.com> Benjamin Herrenschmidt <b...@kernel.crashing.org> Borislav Petkov <b...@suse.de> Chris Wilson <ch...@chris-wilson.co.uk> Christoffer Dall <christoffer.d...@arm.com> Cornelia Huck <coh...@redhat.com> Dave Hansen <dave.han...@linux.intel.com> David Sterba <dste...@suse.com> Dexuan Cui <de...@microsoft.com> Dmitry Safonov <d...@arista.com> Dong Jia Shi <bjsdj...@linux.vnet.ibm.com> Federico Cuello <fe...@fedux.com.ar> Filipe Manana <fdman...@suse.com> Florian Westphal <f...@strlen.de> Greg Kroah-Hartman <gre...@linuxfoundation.org> Halil Pasic <pa...@linux.vnet.ibm.com> Haneen Mohammed <hamohammed...@gmail.com> Hans de Goede <hdego...@redhat.com> Hendrik Brueckner <brueck...@linux.ibm.com> Ingo Molnar <mi...@kernel.org> Jann Horn <ja...@google.com> Jarkko Nikula <jarkko.nik...@linux.intel.com> Jens Wiklander <jens.wiklan...@linaro.org> Jim Mattson <jmatt...@google.com> Jiri Kosina <jkos...@suse.cz> Joonas Lahtinen <joonas.lahti...@linux.intel.com> Julian Wiedmann <j...@linux.ibm.com> Jörg Otte <jrg.o...@gmail.com> Kamal Dasu <kdasu.k...@gmail.com> Kees Cook <keesc...@chromium.org> Konrad Rzeszutek Wilk <konrad.w...@oracle.com> Linus Torvalds <torva...@linux-foundation.org> Liu Bo <bo....@linux.alibaba.com> Mark Brown <broo...@kernel.org> Martin Schwidefsky <schwidef...@de.ibm.com> Masami Hiramatsu <mhira...@kernel.org> Matthew Wilcox <mawil...@microsoft.com> Michael Ellerman <m...@ellerman.id.au> Michal Hocko <mho...@suse.com> Michal Suchanek <msucha...@suse.de> Michel Thierry <michel.thie...@intel.com> Misono Tomohiro <misono.tomoh...@jp.fujitsu.com> Nicholas Piggin <npig...@gmail.com> Nikolay Borisov <nbori...@suse.com> Pablo Neira Ayuso <pa...@netfilter.org> Paolo Bonzini <pbonz...@redhat.com> Pavel Tatashin <pasha.tatas...@oracle.com> Pierre Morel <pmo...@linux.vnet.ibm.com> Robbie Ko <robbi...@synology.com> Ross Zwisler <ross.zwis...@linux.intel.com> Russell King <rmk+ker...@armlinux.org.uk> Sean Paul <seanp...@chromium.org> Shuah Khan (Samsung OSG) <sh...@kernel.org> Shuah Khan <shua...@osg.samsung.com> Steven Rostedt (VMware) <rost...@goodmis.org> Subash Abhinov Kasiviswanathan <subas...@codeaurora.org> Takashi Iwai <ti...@suse.de> Tejaswi Tanikella <tejas...@codeaurora.org> Thomas Gleixner <t...@linutronix.de> Tom Lendacky <thomas.lenda...@amd.com> Tomohiro Misono <misono.tomoh...@jp.fujitsu.com> Wenwen Wang <wang6...@umn.edu> Wolfram Sang <w...@the-dreams.de> jobs: build-amd64-xsm pass build-arm64-xsm pass build-armhf-xsm pass build-i386-xsm pass build-amd64 pass build-arm64 pass build-armhf pass build-i386 pass build-amd64-libvirt pass build-arm64-libvirt pass build-armhf-libvirt pass build-i386-libvirt pass build-amd64-pvops pass build-arm64-pvops pass build-armhf-pvops pass build-i386-pvops pass build-amd64-rumprun pass build-i386-rumprun pass test-amd64-amd64-xl pass test-arm64-arm64-xl pass test-armhf-armhf-xl pass test-amd64-i386-xl pass test-amd64-amd64-xl-qemut-debianhvm-amd64-xsm pass test-amd64-i386-xl-qemut-debianhvm-amd64-xsm pass test-amd64-amd64-libvirt-qemuu-debianhvm-amd64-xsm pass test-amd64-i386-libvirt-qemuu-debianhvm-amd64-xsm pass test-amd64-amd64-xl-qemuu-debianhvm-amd64-xsm pass test-amd64-i386-xl-qemuu-debianhvm-amd64-xsm pass test-amd64-amd64-xl-qemut-stubdom-debianhvm-amd64-xsm pass test-amd64-i386-xl-qemut-stubdom-debianhvm-amd64-xsm pass test-amd64-amd64-libvirt-xsm pass test-arm64-arm64-libvirt-xsm pass test-armhf-armhf-libvirt-xsm pass test-amd64-i386-libvirt-xsm pass test-amd64-amd64-xl-xsm pass test-arm64-arm64-xl-xsm pass test-armhf-armhf-xl-xsm pass test-amd64-i386-xl-xsm pass test-amd64-amd64-qemuu-nested-amd fail test-amd64-amd64-xl-pvhv2-amd pass test-amd64-i386-qemut-rhel6hvm-amd pass test-amd64-i386-qemuu-rhel6hvm-amd pass test-amd64-amd64-xl-qemut-debianhvm-amd64 pass test-amd64-i386-xl-qemut-debianhvm-amd64 pass test-amd64-amd64-xl-qemuu-debianhvm-amd64 pass test-amd64-i386-xl-qemuu-debianhvm-amd64 pass test-amd64-i386-freebsd10-amd64 pass test-amd64-amd64-xl-qemuu-ovmf-amd64 pass test-amd64-i386-xl-qemuu-ovmf-amd64 pass test-amd64-amd64-rumprun-amd64 pass test-amd64-amd64-xl-qemut-win7-amd64 fail test-amd64-i386-xl-qemut-win7-amd64 fail test-amd64-amd64-xl-qemuu-win7-amd64 fail test-amd64-i386-xl-qemuu-win7-amd64 fail test-amd64-amd64-xl-qemut-ws16-amd64 fail test-amd64-i386-xl-qemut-ws16-amd64 fail test-amd64-amd64-xl-qemuu-ws16-amd64 fail test-amd64-i386-xl-qemuu-ws16-amd64 fail test-armhf-armhf-xl-arndale pass test-amd64-amd64-xl-credit2 pass test-arm64-arm64-xl-credit2 pass test-armhf-armhf-xl-credit2 pass test-armhf-armhf-xl-cubietruck pass test-amd64-amd64-examine pass test-arm64-arm64-examine pass test-armhf-armhf-examine pass test-amd64-i386-examine pass test-amd64-i386-freebsd10-i386 pass test-amd64-i386-rumprun-i386 pass test-amd64-amd64-xl-qemut-win10-i386 fail test-amd64-i386-xl-qemut-win10-i386 fail test-amd64-amd64-xl-qemuu-win10-i386 fail test-amd64-i386-xl-qemuu-win10-i386 fail test-amd64-amd64-qemuu-nested-intel pass test-amd64-amd64-xl-pvhv2-intel pass test-amd64-i386-qemut-rhel6hvm-intel pass test-amd64-i386-qemuu-rhel6hvm-intel pass test-amd64-amd64-libvirt pass test-armhf-armhf-libvirt fail test-amd64-i386-libvirt pass test-amd64-amd64-xl-multivcpu pass test-armhf-armhf-xl-multivcpu pass test-amd64-amd64-pair pass test-amd64-i386-pair pass test-amd64-amd64-libvirt-pair pass test-amd64-i386-libvirt-pair pass test-amd64-amd64-amd64-pvgrub pass test-amd64-amd64-i386-pvgrub pass test-amd64-amd64-xl-pvshim pass test-amd64-i386-xl-pvshim fail test-amd64-amd64-pygrub pass test-amd64-amd64-xl-qcow2 pass test-armhf-armhf-libvirt-raw pass test-amd64-i386-xl-raw pass test-amd64-amd64-xl-rtds pass test-armhf-armhf-xl-rtds pass test-amd64-amd64-xl-qemuu-debianhvm-amd64-shadow pass test-amd64-i386-xl-qemuu-debianhvm-amd64-shadow pass test-amd64-amd64-xl-shadow pass test-amd64-i386-xl-shadow pass test-amd64-amd64-libvirt-vhd pass test-armhf-armhf-xl-vhd pass ------------------------------------------------------------ sg-report-flight on osstest.test-lab.xenproject.org logs: /home/logs/logs images: /home/logs/images Logs, config files, etc. are available at http://logs.test-lab.xenproject.org/osstest/logs Explanation of these reports, and of osstest in general, is at http://xenbits.xen.org/gitweb/?p=osstest.git;a=blob;f=README.email;hb=master http://xenbits.xen.org/gitweb/?p=osstest.git;a=blob;f=README;hb=master Test harness code can be found at http://xenbits.xen.org/gitweb?p=osstest.git;a=summary Not pushing. (No revision log; it would be 2657 lines long.) _______________________________________________ Xen-devel mailing list Xen-devel@lists.xenproject.org https://lists.xenproject.org/mailman/listinfo/xen-devel