flight 182569 linux-5.4 real [real]
flight 182572 linux-5.4 real-retest [real]
http://logs.test-lab.xenproject.org/osstest/logs/182569/
http://logs.test-lab.xenproject.org/osstest/logs/182572/

Regressions :-(

Tests which did not succeed and are blocking,
including tests which could not be run:
 test-armhf-armhf-xl-multivcpu 18 guest-start/debian.repeat fail REGR. vs. 
182363
 test-armhf-armhf-xl-credit1 18 guest-start/debian.repeat fail REGR. vs. 182363

Tests which did not succeed, but are not blocking:
 test-armhf-armhf-xl-rtds   18 guest-start/debian.repeat fail blocked in 182363
 test-armhf-armhf-libvirt     16 saverestore-support-check    fail  like 182363
 test-amd64-amd64-xl-qemuu-win7-amd64 19 guest-stop            fail like 182363
 test-amd64-i386-xl-qemut-win7-amd64 19 guest-stop             fail like 182363
 test-amd64-i386-xl-qemuu-win7-amd64 19 guest-stop             fail like 182363
 test-amd64-amd64-xl-qemut-win7-amd64 19 guest-stop            fail like 182363
 test-armhf-armhf-libvirt-raw 15 saverestore-support-check    fail  like 182363
 test-armhf-armhf-libvirt-qcow2 15 saverestore-support-check   fail like 182363
 test-amd64-amd64-xl-qemuu-ws16-amd64 19 guest-stop            fail like 182363
 test-amd64-amd64-xl-qemut-ws16-amd64 19 guest-stop            fail like 182363
 test-amd64-i386-xl-qemut-ws16-amd64 19 guest-stop             fail like 182363
 test-amd64-i386-xl-qemuu-ws16-amd64 19 guest-stop             fail like 182363
 test-amd64-amd64-qemuu-nested-amd 20 debian-hvm-install/l1/l2 fail like 182363
 test-amd64-i386-libvirt-xsm  15 migrate-support-check        fail   never pass
 test-armhf-armhf-xl-multivcpu 15 migrate-support-check        fail  never pass
 test-armhf-armhf-xl-multivcpu 16 saverestore-support-check    fail  never pass
 test-amd64-amd64-libvirt-xsm 15 migrate-support-check        fail   never pass
 test-amd64-i386-xl-pvshim    14 guest-start                  fail   never pass
 test-amd64-amd64-libvirt     15 migrate-support-check        fail   never pass
 test-amd64-i386-libvirt-qemuu-debianhvm-amd64-xsm 13 migrate-support-check 
fail never pass
 test-amd64-amd64-libvirt-qemuu-debianhvm-amd64-xsm 13 migrate-support-check 
fail never pass
 test-amd64-i386-libvirt      15 migrate-support-check        fail   never pass
 test-amd64-i386-libvirt-raw  14 migrate-support-check        fail   never pass
 test-armhf-armhf-xl          15 migrate-support-check        fail   never pass
 test-armhf-armhf-xl          16 saverestore-support-check    fail   never pass
 test-armhf-armhf-xl-credit2  15 migrate-support-check        fail   never pass
 test-armhf-armhf-xl-credit2  16 saverestore-support-check    fail   never pass
 test-armhf-armhf-xl-credit1  15 migrate-support-check        fail   never pass
 test-armhf-armhf-xl-credit1  16 saverestore-support-check    fail   never pass
 test-armhf-armhf-xl-arndale  15 migrate-support-check        fail   never pass
 test-armhf-armhf-xl-arndale  16 saverestore-support-check    fail   never pass
 test-armhf-armhf-libvirt     15 migrate-support-check        fail   never pass
 test-armhf-armhf-xl-rtds     15 migrate-support-check        fail   never pass
 test-armhf-armhf-xl-rtds     16 saverestore-support-check    fail   never pass
 test-amd64-amd64-libvirt-vhd 14 migrate-support-check        fail   never pass
 test-armhf-armhf-libvirt-raw 14 migrate-support-check        fail   never pass
 test-armhf-armhf-libvirt-qcow2 14 migrate-support-check        fail never pass
 test-armhf-armhf-xl-vhd      14 migrate-support-check        fail   never pass
 test-armhf-armhf-xl-vhd      15 saverestore-support-check    fail   never pass
 test-arm64-arm64-libvirt-raw  3 hosts-allocate               starved  n/a
 test-arm64-arm64-xl           3 hosts-allocate               starved  n/a
 test-arm64-arm64-libvirt-xsm  3 hosts-allocate               starved  n/a
 test-arm64-arm64-xl-xsm       3 hosts-allocate               starved  n/a
 test-arm64-arm64-xl-credit1   3 hosts-allocate               starved  n/a
 test-arm64-arm64-xl-credit2   3 hosts-allocate               starved  n/a
 test-arm64-arm64-xl-thunderx  3 hosts-allocate               starved  n/a
 test-arm64-arm64-xl-vhd       3 hosts-allocate               starved  n/a

version targeted for testing:
 linux                5eb967dd50a5a29952ab6e6b1ef4bf216cf1652c
baseline version:
 linux                fd2a1d1f32ea37c57a8b46a0857f06fd7274dd2c

Last test of basis   182363  2023-08-16 16:45:54 Z   14 days
Testing same since   182569  2023-08-30 14:44:38 Z    0 days    1 attempts

------------------------------------------------------------
People who touched revisions under test:
  Abel Wu <wuyun.a...@bytedance.com>
  Adrian Hunter <adrian.hun...@intel.com>
  Alan Liu <haoping....@amd.com>
  Aleksandr Loktionov <aleksandr.loktio...@intel.com>
  Alessio Igor Bogani <alessio.bog...@elettra.eu>
  Alex Deucher <alexander.deuc...@amd.com>
  Alexander Aring <aahri...@redhat.com>
  Alfred Lee <l00g...@gmail.com>
  Amir Goldstein <amir7...@gmail.com>
  Andreas Gruenbacher <agrue...@redhat.com>
  Andrew Morton <a...@linux-foundation.org>
  Andrey Skvortsov <andrej.skvort...@gmail.com>
  Andrii Staikov <andrii.stai...@intel.com>
  Ankit Nautiyal <ankit.k.nauti...@intel.com>
  Armin Wolf <w_ar...@gmx.de>
  Arnd Bergmann <a...@arndb.de>
  Arpana Arland <arpanax.arl...@intel.com> (A Contingent worker at Intel)
  Atul Dhudase <adhud...@codeaurora.org>
  Benjamin Coddington <bcodd...@redhat.com>
  Benjamin Gray <bg...@linux.ibm.com>
  Biju Das <biju.das...@bp.renesas.com>
  Bjorn Helgaas <bhelg...@google.com>
  Chengfeng Ye <dg573847...@gmail.com>
  Christian Brauner <brau...@kernel.org>
  Christian König <christian.koe...@amd.com>
  Christian Marangi <ansuels...@gmail.com>
  Chuck Lever <chuck.le...@oracle.com>
  Clayton Yager <clayton_ya...@selinc.com>
  Colin Ian King <colin.i.k...@gmail.com>
  Cosmin Tanislav <cosmin.tanis...@analog.com>
  Cosmin Tanislav <demonsin...@gmail.com>
  Daniel Vetter <daniel.vet...@ffwll.ch>
  Daniel Wheeler <daniel.whee...@amd.com>
  Dave Kleikamp <dave.kleik...@oracle.com>
  David S. Miller <da...@davemloft.net>
  David Sterba <dste...@suse.com>
  David Teigland <teigl...@redhat.com>
  dengxiang <dengxi...@nfschina.com>
  Doug Berger <open...@gmail.com>
  Eric Dumazet <eduma...@google.com>
  Eyal Birger <eyal.bir...@gmail.com>
  Feng Tang <feng.t...@intel.com>
  Florian Fainelli <florian.faine...@broadcom.com>
  Florian Westphal <f...@strlen.de>
  Fred Eckert <fr...@cmslaser.com>
  Geert Uytterhoeven <geert+rene...@glider.be>
  Geert Uytterhoeven <ge...@linux-m68k.org>
  Georgi Djakov <georgi.dja...@linaro.org>
  Greg Kroah-Hartman <gre...@linuxfoundation.org>
  Guenter Roeck <li...@roeck-us.net>
  Gustavo A. R. Silva <gustavo...@kernel.org>
  hackyzh002 <hackyzh...@gmail.com>
  Hangbin Liu <liuhang...@gmail.com>
  Hans Verkuil <hverkuil-ci...@xs4all.nl>
  Hariprasad Kelam <hke...@marvell.com>
  Harshit Mogalapalli <harshit.m.mogalapa...@oracle.com>
  Helge Deller <del...@gmx.de>
  Ido Schimmel <ido...@nvidia.com>
  Igor Mammedov <imamm...@redhat.com>
  Immad Mir <mirimma...@gmail.com>
  J. Bruce Fields <bfie...@redhat.com>
  Jakob Koschel <jakobkosc...@gmail.com>
  Jakub Kicinski <k...@kernel.org>
  Jamal Hadi Salim <j...@mojatatu.com>
  Jan Kara <j...@suse.cz>
  Jani Nikula <jani.nik...@intel.com>
  Jason Wang <jasow...@redhat.com>
  Jason Xing <kernelx...@tencent.com>
  Jay Vosburgh <jay.vosbu...@canonical.com>
  Jerome Brunet <jbru...@baylibre.com>
  Jiaxun Yang <jiaxun.y...@flygoat.com>
  Jiri Kosina <jkos...@suse.cz>
  Joel Savitz <jsav...@redhat.com>
  Joerg Roedel <jroe...@suse.de>
  Johan Hovold <johan+lin...@kernel.org>
  Jon Hunter <jonath...@nvidia.com>
  Jonathan Cameron <jonathan.came...@huawei.com>
  Josip Pavic <josip.pa...@amd.com>
  Julian Anastasov <j...@ssi.bg>
  Justin Chen <justin.c...@broadcom.com>
  Kishon Vijay Abraham I <kvija...@amd.com>
  Krishna Kurapati <quic_krisk...@quicinc.com>
  Kunihiko Hayashi <hayashi.kunih...@socionext.com>
  Kuniyuki Iwashima <kun...@amazon.com>
  Lee Jones <l...@kernel.org>
  Li Jun <jun...@nxp.com>
  Lin Ma <li...@zju.edu.cn>
  Linus Torvalds <torva...@linux-foundation.org>
  Linux Kernel Functional Testing <l...@linaro.org>
  Lu Wei <luwe...@huawei.com>
  Luiz Augusto von Dentz <luiz.von.de...@intel.com>
  Marc Zyngier <m...@kernel.org>
  Marco Morandini <marco.morand...@polimi.it>
  Marek Vasut <ma...@denx.de>
  Mark Brown <broo...@kernel.org>
  Martin K. Petersen <martin.peter...@oracle.com>
  Martin KaFai Lau <martin....@kernel.org>
  Masami Hiramatsu (Google) <mhira...@kernel.org>
  Masami Hiramatsu <mhira...@kernel.org>
  Matthieu Baerts <matthieu.bae...@tessares.net>
  Matus Gajdos <matus...@gmail.com>
  Mauro Carvalho Chehab <mche...@kernel.org>
  Maximilian Heyne <mhe...@amazon.de>
  Michael Ellerman <m...@ellerman.id.au>
  Michael S. Tsirkin <m...@redhat.com>
  Michal Koutný <mkou...@suse.com>
  Michał Mirosław <mirq-li...@rere.qmqm.pl>
  Mike Snitzer <snit...@kernel.org>
  Mike Snitzer <snit...@redhat.com>
  Mikulas Patocka <mpato...@redhat.com>
  Mimi Zohar <zo...@linux.ibm.com>
  Mirsad Todorovac <mirsad.todoro...@alu.unizg.hr>
  Nathan Lynch <nath...@linux.ibm.com>
  Nicolin Chen <nicoleots...@gmail.com>
  Nikolay Aleksandrov <ra...@blackwall.org>
  Oswald Buddenhagen <oswald.buddenha...@gmx.de>
  Pablo Neira Ayuso <pa...@netfilter.org>
  Paolo Abeni <pab...@redhat.com>
  Paulo Alcantara (SUSE) <p...@manguebit.com>
  Pavle Kotarac <pavle.kota...@amd.com>
  Peter Chen <peter.c...@kernel.org>
  Petr Machata <pe...@nvidia.com>
  Pina Chen <pina.c...@mediatek.com>
  Rafael J. Wysocki <rafael.j.wyso...@intel.com>
  Rafael J. Wysocki <raf...@kernel.org>
  Randy Dunlap <rdun...@infradead.org>
  Ray Jui <ray....@broadcom.com>
  Remi Pommarel <r...@triplefau.lt>
  Rob Clark <robdcl...@chromium.org>
  Ruan Jinjie <ruanjin...@huawei.com>
  Russell Harmon <r...@har.mn>
  Russell Harmon via samba-technical <samba-techni...@lists.samba.org>
  Saeed Mirzamohammadi <saeed.mirzamohamm...@oracle.com>
  Sakari Ailus <sakari.ai...@linux.intel.com>
  Sam Ravnborg <s...@ravnborg.org>
  Sandeep Maheswaram <quic_c_s...@quicinc.com>
  Sasha Levin <sas...@kernel.org>
  Serge Semin <fancer.lan...@gmail.com>
  Sergey Shtylyov <s.shtyl...@omp.ru>
  Shakeel Butt <shake...@google.com>
  shanzhulig <shanzhu...@gmail.com>
  Shawn Guo <shawn...@kernel.org>
  Shengjiu Wang <shengjiu.w...@gmail.com>
  Shengjiu Wang <shengjiu.w...@nxp.com>
  Sherry Sun <sherry....@nxp.com>
  Shuah Khan <sk...@linuxfoundation.org>
  Simon Horman <ho...@kernel.org>
  Simon Wunderlich <s...@simonwunderlich.de>
  Sishuai Gong <sishuai.sys...@gmail.com>
  Stefan Wahren <stefan.wah...@i2se.com>
  Steffen Klassert <steffen.klass...@secunet.com>
  Stephen Boyd <sb...@kernel.org>
  Steve French <stfre...@microsoft.com>
  Steven Rostedt (Google) <rost...@goodmis.org>
  Steven Rostedt (VMware) <rost...@goodmis.org>
  Sudip Mukherjee <sudip.mukher...@codethink.co.uk>
  Sunil Goutham <sgout...@marvell.com>
  Sven Eckelmann <s...@narfation.org>
  Taimur Hassan <syed.has...@amd.com>
  Takashi Iwai <ti...@suse.de>
  Tang Bin <tang...@cmss.chinamobile.com>
  Thinh Nguyen <thinh.ngu...@synopsys.com>
  Thomas Bogendoerfer <tsbog...@alpha.franken.de>
  Thomas Gleixner <t...@linutronix.de>
  Thomas Zimmermann <tzimmerm...@suse.de>
  Tony Lindgren <t...@atomide.com>
  Tony Nguyen <anthony.l.ngu...@intel.com>
  Trond Myklebust <trond.mykleb...@hammerspace.com>
  Tuo Li <isli...@gmail.com>
  Ulf Hansson <ulf.hans...@linaro.org>
  Uwe Kleine-König <u.kleine-koe...@pengutronix.de>
  Victor Nogueira <vic...@mojatatu.com>
  Vijay Khemka <vijaykhe...@fb.com>
  Vladimir Oltean <vladimir.olt...@nxp.com>
  Wei Chen <harperchen1...@gmail.com>
  William Breathitt Gray <william.g...@linaro.org>
  Wolfram Sang <wsa+rene...@sang-engineering.com>
  Wolfram Sang <w...@kernel.org>
  Woody Suwalski <terraluna...@gmail.com>
  Xiaolei Wang <xiaolei.w...@windriver.com>
  xiaoshoukui <xiaoshou...@gmail.com>
  xiaoshoukui <xiaoshou...@ruijie.com.cn>
  Xin Long <lucien....@gmail.com>
  Xu Yang <xu.yan...@nxp.com>
  Yang Yingliang <yangyingli...@huawei.com>
  Yangtao Li <frank...@vivo.com>
  Yangtao Li <tiny.win...@gmail.com>
  Ye Bin <yebi...@huawei.com>
  Yibin Ding <yibin.d...@unisoc.com>
  Yogesh <yogi.ker...@gmail.com>
  Yuanjun Gong <ruc_gongyuan...@163.com>
  Yunfei Dong <yunfei.d...@mediatek.com>
  Zhang Shurong <zhang_shur...@foxmail.com>
  Zheng Yejian <zhengyeji...@huawei.com>
  Zhengchao Shao <shaozhengc...@huawei.com>
  Zhengping Jiang <jian...@google.com>
  Zhu Wang <wangz...@huawei.com>
  Ziyang Xuan <william.xuanziy...@huawei.com>

jobs:
 build-amd64-xsm                                              pass    
 build-arm64-xsm                                              pass    
 build-i386-xsm                                               pass    
 build-amd64                                                  pass    
 build-arm64                                                  pass    
 build-armhf                                                  pass    
 build-i386                                                   pass    
 build-amd64-libvirt                                          pass    
 build-arm64-libvirt                                          pass    
 build-armhf-libvirt                                          pass    
 build-i386-libvirt                                           pass    
 build-amd64-pvops                                            pass    
 build-arm64-pvops                                            pass    
 build-armhf-pvops                                            pass    
 build-i386-pvops                                             pass    
 test-amd64-amd64-xl                                          pass    
 test-amd64-coresched-amd64-xl                                pass    
 test-arm64-arm64-xl                                          starved 
 test-armhf-armhf-xl                                          pass    
 test-amd64-i386-xl                                           pass    
 test-amd64-coresched-i386-xl                                 pass    
 test-amd64-amd64-libvirt-qemuu-debianhvm-amd64-xsm           pass    
 test-amd64-i386-libvirt-qemuu-debianhvm-amd64-xsm            pass    
 test-amd64-amd64-xl-qemut-stubdom-debianhvm-amd64-xsm        pass    
 test-amd64-i386-xl-qemut-stubdom-debianhvm-amd64-xsm         pass    
 test-amd64-amd64-xl-qemut-debianhvm-i386-xsm                 pass    
 test-amd64-i386-xl-qemut-debianhvm-i386-xsm                  pass    
 test-amd64-amd64-xl-qemuu-debianhvm-i386-xsm                 pass    
 test-amd64-i386-xl-qemuu-debianhvm-i386-xsm                  pass    
 test-amd64-amd64-libvirt-xsm                                 pass    
 test-arm64-arm64-libvirt-xsm                                 starved 
 test-amd64-i386-libvirt-xsm                                  pass    
 test-amd64-amd64-xl-xsm                                      pass    
 test-arm64-arm64-xl-xsm                                      starved 
 test-amd64-i386-xl-xsm                                       pass    
 test-amd64-amd64-qemuu-nested-amd                            fail    
 test-amd64-amd64-xl-pvhv2-amd                                pass    
 test-amd64-i386-qemut-rhel6hvm-amd                           pass    
 test-amd64-i386-qemuu-rhel6hvm-amd                           pass    
 test-amd64-amd64-dom0pvh-xl-amd                              pass    
 test-amd64-amd64-xl-qemut-debianhvm-amd64                    pass    
 test-amd64-i386-xl-qemut-debianhvm-amd64                     pass    
 test-amd64-amd64-xl-qemuu-debianhvm-amd64                    pass    
 test-amd64-i386-xl-qemuu-debianhvm-amd64                     pass    
 test-amd64-i386-freebsd10-amd64                              pass    
 test-amd64-amd64-qemuu-freebsd11-amd64                       pass    
 test-amd64-amd64-qemuu-freebsd12-amd64                       pass    
 test-amd64-amd64-xl-qemuu-ovmf-amd64                         pass    
 test-amd64-i386-xl-qemuu-ovmf-amd64                          pass    
 test-amd64-amd64-xl-qemut-win7-amd64                         fail    
 test-amd64-i386-xl-qemut-win7-amd64                          fail    
 test-amd64-amd64-xl-qemuu-win7-amd64                         fail    
 test-amd64-i386-xl-qemuu-win7-amd64                          fail    
 test-amd64-amd64-xl-qemut-ws16-amd64                         fail    
 test-amd64-i386-xl-qemut-ws16-amd64                          fail    
 test-amd64-amd64-xl-qemuu-ws16-amd64                         fail    
 test-amd64-i386-xl-qemuu-ws16-amd64                          fail    
 test-armhf-armhf-xl-arndale                                  pass    
 test-amd64-amd64-examine-bios                                pass    
 test-amd64-i386-examine-bios                                 pass    
 test-amd64-amd64-xl-credit1                                  pass    
 test-arm64-arm64-xl-credit1                                  starved 
 test-armhf-armhf-xl-credit1                                  fail    
 test-amd64-amd64-xl-credit2                                  pass    
 test-arm64-arm64-xl-credit2                                  starved 
 test-armhf-armhf-xl-credit2                                  pass    
 test-amd64-amd64-xl-qemuu-dmrestrict-amd64-dmrestrict        pass    
 test-amd64-i386-xl-qemuu-dmrestrict-amd64-dmrestrict         pass    
 test-amd64-amd64-examine                                     pass    
 test-arm64-arm64-examine                                     pass    
 test-armhf-armhf-examine                                     pass    
 test-amd64-i386-examine                                      pass    
 test-amd64-i386-freebsd10-i386                               pass    
 test-amd64-amd64-qemuu-nested-intel                          pass    
 test-amd64-amd64-xl-pvhv2-intel                              pass    
 test-amd64-i386-qemut-rhel6hvm-intel                         pass    
 test-amd64-i386-qemuu-rhel6hvm-intel                         pass    
 test-amd64-amd64-dom0pvh-xl-intel                            pass    
 test-amd64-amd64-libvirt                                     pass    
 test-armhf-armhf-libvirt                                     pass    
 test-amd64-i386-libvirt                                      pass    
 test-amd64-amd64-xl-multivcpu                                pass    
 test-armhf-armhf-xl-multivcpu                                fail    
 test-amd64-amd64-pair                                        pass    
 test-amd64-i386-pair                                         pass    
 test-amd64-amd64-libvirt-pair                                pass    
 test-amd64-i386-libvirt-pair                                 pass    
 test-amd64-amd64-xl-pvshim                                   pass    
 test-amd64-i386-xl-pvshim                                    fail    
 test-amd64-amd64-pygrub                                      pass    
 test-armhf-armhf-libvirt-qcow2                               pass    
 test-amd64-amd64-xl-qcow2                                    pass    
 test-arm64-arm64-libvirt-raw                                 starved 
 test-armhf-armhf-libvirt-raw                                 pass    
 test-amd64-i386-libvirt-raw                                  pass    
 test-amd64-amd64-xl-rtds                                     pass    
 test-armhf-armhf-xl-rtds                                     fail    
 test-amd64-amd64-xl-qemuu-debianhvm-amd64-shadow             pass    
 test-amd64-i386-xl-qemuu-debianhvm-amd64-shadow              pass    
 test-amd64-amd64-xl-shadow                                   pass    
 test-amd64-i386-xl-shadow                                    pass    
 test-arm64-arm64-xl-thunderx                                 starved 
 test-amd64-amd64-examine-uefi                                pass    
 test-amd64-i386-examine-uefi                                 pass    
 test-amd64-amd64-libvirt-vhd                                 pass    
 test-arm64-arm64-xl-vhd                                      starved 
 test-armhf-armhf-xl-vhd                                      pass    
 test-amd64-i386-xl-vhd                                       pass    


------------------------------------------------------------
sg-report-flight on osstest.test-lab.xenproject.org
logs: /home/logs/logs
images: /home/logs/images

Logs, config files, etc. are available at
    http://logs.test-lab.xenproject.org/osstest/logs

Explanation of these reports, and of osstest in general, is at
    http://xenbits.xen.org/gitweb/?p=osstest.git;a=blob;f=README.email;hb=master
    http://xenbits.xen.org/gitweb/?p=osstest.git;a=blob;f=README;hb=master

Test harness code can be found at
    http://xenbits.xen.org/gitweb?p=osstest.git;a=summary


Not pushing.

(No revision log; it would be 4971 lines long.)

Reply via email to