flight 122969 linux-4.9 real [real]
http://logs.test-lab.xenproject.org/osstest/logs/122969/

Failures :-/ but no regressions.

Tests which did not succeed, but are not blocking:
 test-amd64-amd64-xl-qemut-win7-amd64 17 guest-stop            fail like 122564
 test-amd64-i386-xl-qemut-win7-amd64 17 guest-stop             fail like 122564
 test-amd64-amd64-xl-qemuu-win7-amd64 17 guest-stop            fail like 122564
 test-amd64-i386-xl-qemuu-win7-amd64 17 guest-stop             fail like 122564
 test-amd64-amd64-xl-qemuu-ws16-amd64 17 guest-stop            fail like 122564
 test-amd64-amd64-xl-pvhv2-intel 12 guest-start                 fail never pass
 test-amd64-amd64-xl-pvhv2-amd 12 guest-start                  fail  never pass
 test-amd64-i386-xl-pvshim    12 guest-start                  fail   never pass
 test-amd64-amd64-libvirt-xsm 13 migrate-support-check        fail   never pass
 test-amd64-i386-libvirt      13 migrate-support-check        fail   never pass
 test-amd64-i386-libvirt-xsm  13 migrate-support-check        fail   never pass
 test-amd64-amd64-libvirt     13 migrate-support-check        fail   never pass
 test-arm64-arm64-xl-xsm      13 migrate-support-check        fail   never pass
 test-arm64-arm64-libvirt-xsm 13 migrate-support-check        fail   never pass
 test-arm64-arm64-libvirt-xsm 14 saverestore-support-check    fail   never pass
 test-arm64-arm64-xl-xsm      14 saverestore-support-check    fail   never pass
 test-arm64-arm64-xl-credit2  13 migrate-support-check        fail   never pass
 test-arm64-arm64-xl-credit2  14 saverestore-support-check    fail   never pass
 test-arm64-arm64-xl          13 migrate-support-check        fail   never pass
 test-arm64-arm64-xl          14 saverestore-support-check    fail   never pass
 test-amd64-amd64-libvirt-qemuu-debianhvm-amd64-xsm 11 migrate-support-check 
fail never pass
 test-amd64-i386-libvirt-qemuu-debianhvm-amd64-xsm 11 migrate-support-check 
fail never pass
 test-armhf-armhf-xl-arndale  13 migrate-support-check        fail   never pass
 test-armhf-armhf-xl-arndale  14 saverestore-support-check    fail   never pass
 test-amd64-amd64-qemuu-nested-amd 17 debian-hvm-install/l1/l2  fail never pass
 test-amd64-amd64-libvirt-vhd 12 migrate-support-check        fail   never pass
 test-armhf-armhf-xl-credit2  13 migrate-support-check        fail   never pass
 test-armhf-armhf-xl-credit2  14 saverestore-support-check    fail   never pass
 test-armhf-armhf-xl-multivcpu 13 migrate-support-check        fail  never pass
 test-armhf-armhf-xl-multivcpu 14 saverestore-support-check    fail  never pass
 test-armhf-armhf-xl-cubietruck 13 migrate-support-check        fail never pass
 test-armhf-armhf-xl-cubietruck 14 saverestore-support-check    fail never pass
 test-armhf-armhf-libvirt-xsm 13 migrate-support-check        fail   never pass
 test-armhf-armhf-xl-rtds     13 migrate-support-check        fail   never pass
 test-armhf-armhf-xl-rtds     14 saverestore-support-check    fail   never pass
 test-armhf-armhf-libvirt-xsm 14 saverestore-support-check    fail   never pass
 test-armhf-armhf-xl          13 migrate-support-check        fail   never pass
 test-armhf-armhf-xl          14 saverestore-support-check    fail   never pass
 test-armhf-armhf-xl-xsm      13 migrate-support-check        fail   never pass
 test-armhf-armhf-libvirt     13 migrate-support-check        fail   never pass
 test-armhf-armhf-xl-xsm      14 saverestore-support-check    fail   never pass
 test-armhf-armhf-libvirt     14 saverestore-support-check    fail   never pass
 test-amd64-amd64-xl-qemut-ws16-amd64 17 guest-stop             fail never pass
 test-amd64-i386-xl-qemut-ws16-amd64 17 guest-stop              fail never pass
 test-amd64-i386-xl-qemuu-ws16-amd64 17 guest-stop              fail never pass
 test-armhf-armhf-libvirt-raw 12 migrate-support-check        fail   never pass
 test-armhf-armhf-libvirt-raw 13 saverestore-support-check    fail   never pass
 test-armhf-armhf-xl-vhd      12 migrate-support-check        fail   never pass
 test-armhf-armhf-xl-vhd      13 saverestore-support-check    fail   never pass
 test-amd64-amd64-xl-qemuu-win10-i386 10 windows-install        fail never pass
 test-amd64-amd64-xl-qemut-win10-i386 10 windows-install        fail never pass
 test-amd64-i386-xl-qemuu-win10-i386 10 windows-install         fail never pass
 test-amd64-i386-xl-qemut-win10-i386 10 windows-install         fail never pass

version targeted for testing:
 linux                6ba89b52ba6916bc7a3d390d70951e992c0ca39e
baseline version:
 linux                eff40cb1908ba6ba604068d6273584fc28e3bac8

Last test of basis   122564  2018-05-02 15:09:58 Z   19 days
Failing since        122670  2018-05-09 08:12:17 Z   12 days    5 attempts
Testing same since   122969  2018-05-19 16:39:59 Z    2 days    1 attempts

------------------------------------------------------------
People who touched revisions under test:
  Adi Nissim <a...@mellanox.com>
  Alan Stern <st...@rowland.harvard.edu>
  Alexei Starovoitov <a...@kernel.org>
  Alexey Khoroshilov <khoroshi...@ispras.ru>
  Andrew Morton <a...@linux-foundation.org>
  Andrey Ignatov <r...@fb.com>
  Antony Antony <ant...@phenome.org>
  Arnaldo Carvalho de Melo <a...@redhat.com>
  Bartlomiej Zolnierkiewicz <b.zolnier...@samsung.com>
  Ben Hutchings <ben.hutchi...@codethink.co.uk>
  Bin Liu <b-...@ti.com>
  Bjørn Mork <bj...@mork.no>
  Boris Brezillon <boris.brezil...@bootlin.com>
  Chao Yu <yuch...@huawei.com>
  Chenbo Feng <fe...@google.com>
  Chris Metcalf <cmetc...@mellanox.com> [for tile]
  Christophe Leroy <christophe.le...@c-s.fr>
  Daniel Borkmann <dan...@iogearbox.net>
  Danit Goldberg <dan...@mellanox.com>
  Darren Hart (VMware) <dvh...@infradead.org>
  Darrick J. Wong <darrick.w...@oracle.com>
  David S. Miller <da...@davemloft.net>
  Debabrata Banerjee <dbane...@akamai.com>
  Dennis Dalessandro <dennis.dalessan...@intel.com>
  Dmitry Torokhov <dmitry.torok...@gmail.com>
  Doug Ledford <dledf...@redhat.com>
  Eduardo Valentin <edubez...@gmail.com>
  Eric Biggers <ebigg...@google.com>
  Eric Dumazet <eduma...@google.com>
  Florent Flament <cont...@florentflament.com>
  Govert Overgaauw <govert.overga...@prodrive-technologies.com>
  Greg Kroah-Hartman <gre...@linuxfoundation.org>
  Grygorii Strashko <grygorii.stras...@ti.com>
  Guenter Roeck <gro...@chromium.org>
  Gustavo A. R. Silva <gust...@embeddedor.com>
  Hangbin Liu <liuhang...@gmail.com>
  Hans de Goede <hdego...@redhat.com>
  Heiko Carstens <heiko.carst...@de.ibm.com>
  Heiko Carstens <heiko.carst...@de.ibm.com> [s390]
  Heiner Kallweit <hkallwe...@gmail.com>
  Herbert Xu <herb...@gondor.apana.org.au>
  Horia Geantă <horia.gea...@nxp.com>
  Ingo Molnar <mi...@elte.hu>
  Ingo Molnar <mi...@kernel.org>
  J. Bruce Fields <bfie...@redhat.com>
  Jaegeuk Kim <jaeg...@kernel.org>
  Jakub Kicinski <jakub.kicin...@netronome.com>
  James Chapman <jchap...@katalix.com>
  Jan Kara <j...@suse.cz>
  Jens Axboe <ax...@kernel.dk>
  Jimmy Assarsson <ex...@kvaser.com>
  Jiri Olsa <jo...@kernel.org>
  Jiri Slaby <jsl...@suse.cz>
  Johan Hovold <jo...@kernel.org>
  Johannes Berg <johannes.b...@intel.com>
  Joonas Lahtinen <joonas.lahti...@linux.intel.com>
  João Paulo Rechi Vita <jprv...@endlessm.com>
  João Paulo Rechi Vita <jprv...@gmail.com>
  Julian Anastasov <j...@ssi.bg>
  Kristian Evensen <kristian.even...@gmail.com>
  Lance Richardson <lance.richardson....@gmail.com>
  Leon Romanovsky <leo...@mellanox.com>
  LEROY Christophe <christophe.le...@c-s.fr>
  Linus Torvalds <torva...@linux-foundation.org>
  Linus Walleij <linus.wall...@linaro.org>
  Luis R. Rodriguez <mcg...@kernel.org>
  Marc Kleine-Budde <m...@pengutronix.de>
  Marc Zyngier <marc.zyng...@arm.com>
  Marcel Holtmann <mar...@holtmann.org>
  Marcelo Ricardo Leitner <marcelo.leit...@gmail.com>
  Marek Szyprowski <m.szyprow...@samsung.com>
  Martin Schwidefsky <schwidef...@de.ibm.com>
  Masami Hiramatsu <mhira...@kernel.org>
  Mathieu Desnoyers <mathieu.desnoy...@efficios.com>
  Michael Chan <michael.c...@broadcom.com>
  Michael Ellerman <m...@ellerman.id.au> (powerpc)
  Mika Penttilä <mika.pentt...@nextfour.com>
  Moshe Shemesh <mo...@mellanox.com>
  Neal Cardwell <ncardw...@google.com>
  Neil Horman <nhor...@tuxdriver.com>
  Nikolay Aleksandrov <niko...@cumulusnetworks.com>
  Pablo Neira Ayuso <pa...@netfilter.org>
  Paul Mackerras <pau...@ozlabs.org>
  Peter Zijlstra (Intel) <pet...@infradead.org>
  Peter Zijlstra <pet...@infradead.org>
  Priyaranjan Jha <priyar...@google.com>
  Raju Rangoju <ra...@chelsio.com>
  Rob Taglang <r...@taglang.io>
  Robert Rosengren <robert.roseng...@axis.com>
  Roland Dreier <rol...@purestorage.com>
  Russell King <rmk+ker...@armlinux.org.uk>
  Saeed Mahameed <sae...@mellanox.com>
  Sagi Grimberg <s...@grimberg.me>
  Salvatore Bellizzi <l...@seppia.net>
  Sean Paul <seanp...@chromium.org>
  Sebastian Andrzej Siewior <bige...@linutronix.de>
  Sebastian Sanchez <sebastian.sanc...@intel.com>
  Simon Horman <ho...@verge.net.au>
  Slava Kardakov <o...@ojab.ru>
  Soheil Hassas Yeganeh <soh...@google.com>
  Stefano Brivio <sbri...@redhat.com>
  Steffen Klassert <steffen.klass...@secunet.com>
  Steve Twiss <stwiss.opensou...@diasemi.com>
  Steven Rostedt (VMware) <rost...@goodmis.org>
  Suzuki K Poulose <suzuki.poul...@arm.com>
  SZ Lin (林上智) <sz....@moxa.com>
  Takashi Iwai <ti...@suse.de>
  Talat Batheesh <tal...@mellanox.com>
  Tan Xiaojun <tanxiao...@huawei.com>
  Tariq Toukan <tar...@mellanox.com>
  Tasos Sahanidis <ta...@tasossah.com>
  Tejun Heo <t...@kernel.org>
  Teng Qin <qint...@fb.com>
  Thomas Gleixner <t...@linutronix.de>
  Thomas Hellstrom <thellst...@vmware.com>
  Timur Tabi <ti...@codeaurora.org>
  Tom Herbert <t...@quantonium.net>
  Uwe Kleine-König <u.kleine-koe...@pengutronix.de>
  Vasily Averin <v...@virtuozzo.com>
  Ville Syrjälä <ville.syrj...@linux.intel.com>
  Vittorio Gambaletta (VittGam) <linuxb...@vittgam.net>
  Vittorio Gambaletta <linuxb...@vittgam.net>
  Wei Fang <fangw...@huawei.com>
  Will Deacon <will.dea...@arm.com>
  Willy Tarreau <w...@1wt.eu>
  Xin Long <lucien....@gmail.com>
  Yousuk Seung <ysse...@google.com>
  Yuchung Cheng <ych...@google.com>
  zhongjiang <zhongji...@huawei.com>

jobs:
 build-amd64-xsm                                              pass    
 build-arm64-xsm                                              pass    
 build-armhf-xsm                                              pass    
 build-i386-xsm                                               pass    
 build-amd64                                                  pass    
 build-arm64                                                  pass    
 build-armhf                                                  pass    
 build-i386                                                   pass    
 build-amd64-libvirt                                          pass    
 build-arm64-libvirt                                          pass    
 build-armhf-libvirt                                          pass    
 build-i386-libvirt                                           pass    
 build-amd64-pvops                                            pass    
 build-arm64-pvops                                            pass    
 build-armhf-pvops                                            pass    
 build-i386-pvops                                             pass    
 build-amd64-rumprun                                          pass    
 build-i386-rumprun                                           pass    
 test-amd64-amd64-xl                                          pass    
 test-arm64-arm64-xl                                          pass    
 test-armhf-armhf-xl                                          pass    
 test-amd64-i386-xl                                           pass    
 test-amd64-amd64-xl-qemut-debianhvm-amd64-xsm                pass    
 test-amd64-i386-xl-qemut-debianhvm-amd64-xsm                 pass    
 test-amd64-amd64-libvirt-qemuu-debianhvm-amd64-xsm           pass    
 test-amd64-i386-libvirt-qemuu-debianhvm-amd64-xsm            pass    
 test-amd64-amd64-xl-qemuu-debianhvm-amd64-xsm                pass    
 test-amd64-i386-xl-qemuu-debianhvm-amd64-xsm                 pass    
 test-amd64-amd64-xl-qemut-stubdom-debianhvm-amd64-xsm        pass    
 test-amd64-i386-xl-qemut-stubdom-debianhvm-amd64-xsm         pass    
 test-amd64-amd64-libvirt-xsm                                 pass    
 test-arm64-arm64-libvirt-xsm                                 pass    
 test-armhf-armhf-libvirt-xsm                                 pass    
 test-amd64-i386-libvirt-xsm                                  pass    
 test-amd64-amd64-xl-xsm                                      pass    
 test-arm64-arm64-xl-xsm                                      pass    
 test-armhf-armhf-xl-xsm                                      pass    
 test-amd64-i386-xl-xsm                                       pass    
 test-amd64-amd64-qemuu-nested-amd                            fail    
 test-amd64-amd64-xl-pvhv2-amd                                fail    
 test-amd64-i386-qemut-rhel6hvm-amd                           pass    
 test-amd64-i386-qemuu-rhel6hvm-amd                           pass    
 test-amd64-amd64-xl-qemut-debianhvm-amd64                    pass    
 test-amd64-i386-xl-qemut-debianhvm-amd64                     pass    
 test-amd64-amd64-xl-qemuu-debianhvm-amd64                    pass    
 test-amd64-i386-xl-qemuu-debianhvm-amd64                     pass    
 test-amd64-i386-freebsd10-amd64                              pass    
 test-amd64-amd64-xl-qemuu-ovmf-amd64                         pass    
 test-amd64-i386-xl-qemuu-ovmf-amd64                          pass    
 test-amd64-amd64-rumprun-amd64                               pass    
 test-amd64-amd64-xl-qemut-win7-amd64                         fail    
 test-amd64-i386-xl-qemut-win7-amd64                          fail    
 test-amd64-amd64-xl-qemuu-win7-amd64                         fail    
 test-amd64-i386-xl-qemuu-win7-amd64                          fail    
 test-amd64-amd64-xl-qemut-ws16-amd64                         fail    
 test-amd64-i386-xl-qemut-ws16-amd64                          fail    
 test-amd64-amd64-xl-qemuu-ws16-amd64                         fail    
 test-amd64-i386-xl-qemuu-ws16-amd64                          fail    
 test-armhf-armhf-xl-arndale                                  pass    
 test-amd64-amd64-xl-credit2                                  pass    
 test-arm64-arm64-xl-credit2                                  pass    
 test-armhf-armhf-xl-credit2                                  pass    
 test-armhf-armhf-xl-cubietruck                               pass    
 test-amd64-amd64-examine                                     pass    
 test-arm64-arm64-examine                                     pass    
 test-armhf-armhf-examine                                     pass    
 test-amd64-i386-examine                                      pass    
 test-amd64-i386-freebsd10-i386                               pass    
 test-amd64-i386-rumprun-i386                                 pass    
 test-amd64-amd64-xl-qemut-win10-i386                         fail    
 test-amd64-i386-xl-qemut-win10-i386                          fail    
 test-amd64-amd64-xl-qemuu-win10-i386                         fail    
 test-amd64-i386-xl-qemuu-win10-i386                          fail    
 test-amd64-amd64-qemuu-nested-intel                          pass    
 test-amd64-amd64-xl-pvhv2-intel                              fail    
 test-amd64-i386-qemut-rhel6hvm-intel                         pass    
 test-amd64-i386-qemuu-rhel6hvm-intel                         pass    
 test-amd64-amd64-libvirt                                     pass    
 test-armhf-armhf-libvirt                                     pass    
 test-amd64-i386-libvirt                                      pass    
 test-amd64-amd64-xl-multivcpu                                pass    
 test-armhf-armhf-xl-multivcpu                                pass    
 test-amd64-amd64-pair                                        pass    
 test-amd64-i386-pair                                         pass    
 test-amd64-amd64-libvirt-pair                                pass    
 test-amd64-i386-libvirt-pair                                 pass    
 test-amd64-amd64-amd64-pvgrub                                pass    
 test-amd64-amd64-i386-pvgrub                                 pass    
 test-amd64-amd64-xl-pvshim                                   pass    
 test-amd64-i386-xl-pvshim                                    fail    
 test-amd64-amd64-pygrub                                      pass    
 test-amd64-amd64-xl-qcow2                                    pass    
 test-armhf-armhf-libvirt-raw                                 pass    
 test-amd64-i386-xl-raw                                       pass    
 test-amd64-amd64-xl-rtds                                     pass    
 test-armhf-armhf-xl-rtds                                     pass    
 test-amd64-amd64-xl-qemuu-debianhvm-amd64-shadow             pass    
 test-amd64-i386-xl-qemuu-debianhvm-amd64-shadow              pass    
 test-amd64-amd64-xl-shadow                                   pass    
 test-amd64-i386-xl-shadow                                    pass    
 test-amd64-amd64-libvirt-vhd                                 pass    
 test-armhf-armhf-xl-vhd                                      pass    


------------------------------------------------------------
sg-report-flight on osstest.test-lab.xenproject.org
logs: /home/logs/logs
images: /home/logs/images

Logs, config files, etc. are available at
    http://logs.test-lab.xenproject.org/osstest/logs

Explanation of these reports, and of osstest in general, is at
    http://xenbits.xen.org/gitweb/?p=osstest.git;a=blob;f=README.email;hb=master
    http://xenbits.xen.org/gitweb/?p=osstest.git;a=blob;f=README;hb=master

Test harness code can be found at
    http://xenbits.xen.org/gitweb?p=osstest.git;a=summary


Pushing revision :

To xenbits.xen.org:/home/xen/git/linux-pvops.git
   eff40cb1908b..6ba89b52ba69  6ba89b52ba6916bc7a3d390d70951e992c0ca39e -> 
tested/linux-4.9

_______________________________________________
Xen-devel mailing list
Xen-devel@lists.xenproject.org
https://lists.xenproject.org/mailman/listinfo/xen-devel

Reply via email to