flight 123024 xen-unstable-smoke real [real] http://logs.test-lab.xenproject.org/osstest/logs/123024/
Regressions :-( Tests which did not succeed and are blocking, including tests which could not be run: test-armhf-armhf-xl 6 xen-install fail REGR. vs. 122959 Tests which did not succeed, but are not blocking: test-amd64-amd64-libvirt 13 migrate-support-check fail never pass test-arm64-arm64-xl-xsm 13 migrate-support-check fail never pass test-arm64-arm64-xl-xsm 14 saverestore-support-check fail never pass version targeted for testing: xen f097a3a84221b0ad2848a1368ac9932180739642 baseline version: xen e0414f4223bd9b7ce9d07c9f26dd129a79c6d4cc Last test of basis 122959 2018-05-18 20:01:09 Z 2 days Testing same since 123024 2018-05-21 11:05:02 Z 0 days 1 attempts ------------------------------------------------------------ People who touched revisions under test: Andrew Cooper <andrew.coop...@citrix.com> Juergen Gross <jgr...@suse.com> Wei Liu <wei.l...@citrix.com> jobs: build-arm64-xsm pass build-amd64 pass build-armhf pass build-amd64-libvirt pass test-armhf-armhf-xl fail test-arm64-arm64-xl-xsm pass test-amd64-amd64-xl-qemuu-debianhvm-i386 pass test-amd64-amd64-libvirt pass ------------------------------------------------------------ sg-report-flight on osstest.test-lab.xenproject.org logs: /home/logs/logs images: /home/logs/images Logs, config files, etc. are available at http://logs.test-lab.xenproject.org/osstest/logs Explanation of these reports, and of osstest in general, is at http://xenbits.xen.org/gitweb/?p=osstest.git;a=blob;f=README.email;hb=master http://xenbits.xen.org/gitweb/?p=osstest.git;a=blob;f=README;hb=master Test harness code can be found at http://xenbits.xen.org/gitweb?p=osstest.git;a=summary Not pushing. ------------------------------------------------------------ commit f097a3a84221b0ad2848a1368ac9932180739642 Author: Juergen Gross <jgr...@suse.com> Date: Tue May 8 08:47:30 2018 +0200 doc: correct livepatch.markdown syntax "make -C docs all" fails due to incorrect markdown syntax in livepatch.markdown. Correct it. Signed-off-by: Juergen Gross <jgr...@suse.com> Reviewed-by: Konrad Rzeszutek Wilk <konrad.w...@oracle.com> Misc fixes: * Insert real URLs * Drop trailing whitespace * Consistent alignment and indentation for code blocks and lists * Consistent capitalisation * Consistent use of `` blocks for command line arguments and function names * Rearrange things not to leave < and > in the text No change in content. The document now reads rather more consistently in HTML and PDF form. Signed-off-by: Andrew Cooper <andrew.coop...@citrix.com> Acked-by: Wei Liu <wei.l...@citrix.com> (qemu changes not included) _______________________________________________ Xen-devel mailing list Xen-devel@lists.xenproject.org https://lists.xenproject.org/mailman/listinfo/xen-devel