flight 122962 libvirt real [real] http://logs.test-lab.xenproject.org/osstest/logs/122962/
Failures :-/ but no regressions. Tests which did not succeed, but are not blocking: test-armhf-armhf-libvirt 14 saverestore-support-check fail like 122801 test-armhf-armhf-libvirt-raw 13 saverestore-support-check fail like 122801 test-armhf-armhf-libvirt-xsm 14 saverestore-support-check fail like 122801 test-amd64-amd64-libvirt 13 migrate-support-check fail never pass test-amd64-amd64-libvirt-xsm 13 migrate-support-check fail never pass test-amd64-i386-libvirt-xsm 13 migrate-support-check fail never pass test-amd64-i386-libvirt 13 migrate-support-check fail never pass test-arm64-arm64-libvirt-xsm 13 migrate-support-check fail never pass test-arm64-arm64-libvirt-xsm 14 saverestore-support-check fail never pass test-amd64-amd64-libvirt-qemuu-debianhvm-amd64-xsm 11 migrate-support-check fail never pass test-arm64-arm64-libvirt 13 migrate-support-check fail never pass test-arm64-arm64-libvirt 14 saverestore-support-check fail never pass test-arm64-arm64-libvirt-qcow2 12 migrate-support-check fail never pass test-arm64-arm64-libvirt-qcow2 13 saverestore-support-check fail never pass test-amd64-i386-libvirt-qemuu-debianhvm-amd64-xsm 11 migrate-support-check fail never pass test-amd64-amd64-libvirt-vhd 12 migrate-support-check fail never pass test-armhf-armhf-libvirt 13 migrate-support-check fail never pass test-armhf-armhf-libvirt-raw 12 migrate-support-check fail never pass test-armhf-armhf-libvirt-xsm 13 migrate-support-check fail never pass version targeted for testing: libvirt d3f4fc8684edc2b2fb41789817455e7412296a78 baseline version: libvirt 2c4affd57e1746183ff410c023face80866bbe0f Last test of basis 122801 2018-05-14 10:11:33 Z 6 days Failing since 122887 2018-05-16 17:31:54 Z 4 days 2 attempts Testing same since 122962 2018-05-19 01:18:16 Z 2 days 1 attempts ------------------------------------------------------------ People who touched revisions under test: Andrea Bolognani <abolo...@redhat.com> Daniel P. Berrangé <berra...@redhat.com> Filip Alac <filipa...@gmail.com> Jim Fehlig <jfeh...@suse.com> John Ferlan <jfer...@redhat.com> Ján Tomko <jto...@redhat.com> Lin Ma <l...@suse.com> Maciej Wolny <maciej.wo...@codethink.co.uk> Martin Kletzander <mklet...@redhat.com> Michal Privoznik <mpriv...@redhat.com> Nikolay Shirokovskiy <nshirokovs...@virtuozzo.com> Peter Krempa <pkrempa@redhat st.com> Peter Krempa <pkre...@redhat.com> Shalini Chellathurai Saroja <shal...@linux.vnet.ibm.com> jobs: build-amd64-xsm pass build-arm64-xsm pass build-armhf-xsm pass build-i386-xsm pass build-amd64 pass build-arm64 pass build-armhf pass build-i386 pass build-amd64-libvirt pass build-arm64-libvirt pass build-armhf-libvirt pass build-i386-libvirt pass build-amd64-pvops pass build-arm64-pvops pass build-armhf-pvops pass build-i386-pvops pass test-amd64-amd64-libvirt-qemuu-debianhvm-amd64-xsm pass test-amd64-i386-libvirt-qemuu-debianhvm-amd64-xsm pass test-amd64-amd64-libvirt-xsm pass test-arm64-arm64-libvirt-xsm pass test-armhf-armhf-libvirt-xsm pass test-amd64-i386-libvirt-xsm pass test-amd64-amd64-libvirt pass test-arm64-arm64-libvirt pass test-armhf-armhf-libvirt pass test-amd64-i386-libvirt pass test-amd64-amd64-libvirt-pair pass test-amd64-i386-libvirt-pair pass test-arm64-arm64-libvirt-qcow2 pass test-armhf-armhf-libvirt-raw pass test-amd64-amd64-libvirt-vhd pass ------------------------------------------------------------ sg-report-flight on osstest.test-lab.xenproject.org logs: /home/logs/logs images: /home/logs/images Logs, config files, etc. are available at http://logs.test-lab.xenproject.org/osstest/logs Explanation of these reports, and of osstest in general, is at http://xenbits.xen.org/gitweb/?p=osstest.git;a=blob;f=README.email;hb=master http://xenbits.xen.org/gitweb/?p=osstest.git;a=blob;f=README;hb=master Test harness code can be found at http://xenbits.xen.org/gitweb?p=osstest.git;a=summary Pushing revision : To xenbits.xen.org:/home/xen/git/libvirt.git 2c4affd57..d3f4fc868 d3f4fc8684edc2b2fb41789817455e7412296a78 -> xen-tested-master _______________________________________________ Xen-devel mailing list Xen-devel@lists.xenproject.org https://lists.xenproject.org/mailman/listinfo/xen-devel