flight 122847 qemu-mainline real [real] http://logs.test-lab.xenproject.org/osstest/logs/122847/
Regressions :-( Tests which did not succeed and are blocking, including tests which could not be run: test-amd64-amd64-libvirt-xsm 12 guest-start fail REGR. vs. 122357 test-amd64-amd64-libvirt 12 guest-start fail REGR. vs. 122357 test-amd64-i386-freebsd10-i386 11 guest-start fail REGR. vs. 122357 test-amd64-i386-libvirt-xsm 12 guest-start fail REGR. vs. 122357 test-amd64-i386-libvirt 12 guest-start fail REGR. vs. 122357 test-amd64-i386-qemuu-rhel6hvm-amd 10 redhat-install fail REGR. vs. 122357 test-amd64-i386-freebsd10-amd64 11 guest-start fail REGR. vs. 122357 test-amd64-i386-qemuu-rhel6hvm-intel 10 redhat-install fail REGR. vs. 122357 test-amd64-i386-libvirt-pair 21 guest-start/debian fail REGR. vs. 122357 test-amd64-amd64-libvirt-pair 21 guest-start/debian fail REGR. vs. 122357 test-amd64-amd64-xl-qcow2 10 debian-di-install fail REGR. vs. 122357 test-amd64-amd64-qemuu-nested-amd 10 debian-hvm-install fail REGR. vs. 122357 test-amd64-amd64-xl-qemuu-win7-amd64 10 windows-install fail REGR. vs. 122357 test-amd64-i386-xl-qemuu-debianhvm-amd64 10 debian-hvm-install fail REGR. vs. 122357 test-amd64-amd64-xl-qemuu-debianhvm-amd64-xsm 10 debian-hvm-install fail REGR. vs. 122357 test-amd64-amd64-libvirt-qemuu-debianhvm-amd64-xsm 10 debian-hvm-install fail REGR. vs. 122357 test-amd64-i386-libvirt-qemuu-debianhvm-amd64-xsm 10 debian-hvm-install fail REGR. vs. 122357 test-amd64-amd64-xl-qemuu-debianhvm-amd64 10 debian-hvm-install fail REGR. vs. 122357 test-amd64-i386-xl-qemuu-debianhvm-amd64-xsm 10 debian-hvm-install fail REGR. vs. 122357 test-amd64-amd64-qemuu-nested-intel 10 debian-hvm-install fail REGR. vs. 122357 test-amd64-i386-xl-qemuu-win7-amd64 10 windows-install fail REGR. vs. 122357 test-amd64-amd64-xl-qemuu-ovmf-amd64 10 debian-hvm-install fail REGR. vs. 122357 test-amd64-i386-xl-qemuu-ovmf-amd64 10 debian-hvm-install fail REGR. vs. 122357 test-amd64-i386-xl-qemuu-debianhvm-amd64-shadow 10 debian-hvm-install fail REGR. vs. 122357 test-amd64-amd64-xl-qemuu-debianhvm-amd64-shadow 10 debian-hvm-install fail REGR. vs. 122357 test-amd64-amd64-libvirt-vhd 10 debian-di-install fail REGR. vs. 122357 test-armhf-armhf-libvirt 12 guest-start fail REGR. vs. 122357 test-armhf-armhf-libvirt-xsm 12 guest-start fail REGR. vs. 122357 test-amd64-i386-xl-qemuu-ws16-amd64 10 windows-install fail REGR. vs. 122357 test-amd64-amd64-xl-qemuu-ws16-amd64 10 windows-install fail REGR. vs. 122357 test-armhf-armhf-xl-vhd 6 xen-install fail REGR. vs. 122357 test-arm64-arm64-libvirt-xsm 12 guest-start fail REGR. vs. 122357 test-armhf-armhf-libvirt-raw 10 debian-di-install fail REGR. vs. 122357 Tests which did not succeed, but are not blocking: test-amd64-amd64-xl-pvhv2-intel 12 guest-start fail never pass test-amd64-amd64-xl-pvhv2-amd 12 guest-start fail never pass test-amd64-i386-xl-pvshim 12 guest-start fail never pass test-arm64-arm64-xl 13 migrate-support-check fail never pass test-arm64-arm64-xl-xsm 13 migrate-support-check fail never pass test-arm64-arm64-xl-xsm 14 saverestore-support-check fail never pass test-arm64-arm64-xl 14 saverestore-support-check fail never pass test-arm64-arm64-xl-credit2 13 migrate-support-check fail never pass test-arm64-arm64-xl-credit2 14 saverestore-support-check fail never pass test-armhf-armhf-xl-xsm 13 migrate-support-check fail never pass test-armhf-armhf-xl-xsm 14 saverestore-support-check fail never pass test-armhf-armhf-xl-credit2 13 migrate-support-check fail never pass test-armhf-armhf-xl-credit2 14 saverestore-support-check fail never pass test-armhf-armhf-xl-cubietruck 13 migrate-support-check fail never pass test-armhf-armhf-xl-cubietruck 14 saverestore-support-check fail never pass test-armhf-armhf-xl-multivcpu 13 migrate-support-check fail never pass test-armhf-armhf-xl-multivcpu 14 saverestore-support-check fail never pass test-armhf-armhf-xl 13 migrate-support-check fail never pass test-armhf-armhf-xl 14 saverestore-support-check fail never pass test-armhf-armhf-xl-arndale 13 migrate-support-check fail never pass test-armhf-armhf-xl-arndale 14 saverestore-support-check fail never pass test-armhf-armhf-xl-rtds 13 migrate-support-check fail never pass test-armhf-armhf-xl-rtds 14 saverestore-support-check fail never pass test-amd64-amd64-xl-qemuu-win10-i386 10 windows-install fail never pass test-amd64-i386-xl-qemuu-win10-i386 10 windows-install fail never pass version targeted for testing: qemuu 0275e6b66c0947f83ad0d8dd687eadbcbf0c5ec5 baseline version: qemuu 27e757e29cc79f3f104d2a84d17cdb3b4c11c8ff Last test of basis 122357 2018-04-23 11:07:12 Z 24 days Failing since 122394 2018-04-24 16:40:23 Z 23 days 13 attempts Testing same since 122847 2018-05-15 15:38:55 Z 2 days 1 attempts ------------------------------------------------------------ People who touched revisions under test: Aaron Lindsay <alind...@codeaurora.org> Alex Bennée <alex.ben...@linaro.org> Alexey Perevalov <a.pereva...@samsung.com> Andrew Morton <a...@linux-foundation.org> Andy Whitcroft <a...@canonical.com> Anthony PERARD <anthony.per...@citrix.com> BALATON Zoltan <bala...@eik.bme.hu> Bandan Das <b...@redhat.com> Bastian Koppelmann <kbast...@mail.uni-paderborn.de> Bharat Bhushan <bharat.bhus...@nxp.com> Bharata B Rao <bhar...@linux.vnet.ibm.com> Christian Borntraeger <borntrae...@de.ibm.com> Christophe Lyon <christophe.l...@st.com> Claudio Imbrenda <imbre...@linux.vnet.ibm.com> Collin Walling <wall...@linux.ibm.com> Cornelia Huck <coh...@redhat.com> Cédric Le Goater <c...@kaod.org> Cédric Le Goater <c...@kaod.org> Daniel P. Berrangé <berra...@redhat.com> Daniel P. Berrangé <berra...@redhat.com> David Gibson <da...@gibson.dropbear.id.au> David Hildenbrand <da...@redhat.com> Dr. David Alan Gilbert <dgilb...@redhat.com> Edgar E. Iglesias <edgar.igles...@xilinx.com> Eduardo Habkost <ehabk...@redhat.com> Elie Tournier <elie.tourn...@collabora.com> Elie Tournier <tournier.e...@gmail.com> Emilio G. Cota <c...@braap.org> Eric Auger <eric.au...@redhat.com> Eric Blake <ebl...@redhat.com> Geert Uytterhoeven <geert+rene...@glider.be> Geoffrey McRae <ge...@hostfission.com> Gerd Hoffmann <kra...@redhat.com> Greg Kurz <gr...@kaod.org> Halil Pasic <pa...@linux.ibm.com> Henry Wertz <hwert...@gmail.com> Ian Jackson <ian.jack...@eu.citrix.com> Igor Mammedov <imamm...@redhat.com> Jan Kiszka <jan.kis...@siemens.com> Jason Andryuk <jandr...@gmail.com> Jason Wang <jasow...@redhat.com> Jeff Cody <jc...@redhat.com> Joe Perches <j...@perches.com> John Thomson <g...@johnthomson.fastmail.com.au> Juan Quintela <quint...@redhat.com> Kevin Wolf <kw...@redhat.com> KONRAD Frederic <frederic.kon...@adacore.com> Laszlo Ersek <ler...@redhat.com> Laurent Vivier <laur...@vivier.eu> Laurent Vivier <lviv...@redhat.com> Linus Torvalds <torva...@linux-foundation.org> Marc-André Lureau <marcandre.lur...@redhat.com> Marcel Apfelbaum <marcel.apfelb...@gmail.com> Marcel Apfelbaum <mar...@redhat.com> Mark Cave-Ayland <mark.cave-ayl...@ilande.co.uk> Markus Armbruster <arm...@redhat.com> Mathew Maidment <mathew1...@gmail.com> Max Filippov <jcmvb...@gmail.com> Max Reitz <mre...@redhat.com> Michael Clark <m...@sifive.com> Michael Matz <m...@suse.de> Michael Walle <mich...@walle.cc> Michal Privoznik <mpriv...@redhat.com> Olaf Hering <o...@aepfle.de> Palmer Dabbelt <pal...@sifive.com> Paolo Bonzini <pbonz...@redhat.com> Pasi Savanainen <pasi.savanai...@nixu.com> Patrick Oppenlander <patrick.oppenlan...@gmail.com> Pavel Dovgalyuk <pavel.dovga...@ispras.ru> Peter Maydell <peter.mayd...@linaro.org> Peter Wu <pe...@lekensteyn.nl> Peter Xu <pet...@redhat.com> Philippe Mathieu-Daudé <f4...@amsat.org> Prem Mallappa <prem.malla...@broadcom.com> Richard Henderson <richard.hender...@linaro.org> Richard Henderson <r...@twiddle.net> Roman Kagan <rka...@virtuozzo.com> Ross Lagerwall <ross.lagerw...@citrix.com> Sai Pavan Boddu <sai.pavan.bo...@xilinx.com> Sai Pavan Boddu <saip...@xilinx.com> Serhii Popovych <spopo...@redhat.com> Stafford Horne <sho...@gmail.com> Stefan Hajnoczi <stefa...@redhat.com> Stefano Stabellini <sstabell...@kernel.org> Thomas Huth <h...@tuxfamily.org> Thomas Huth <th...@redhat.com> Tina Zhang <tina.zh...@intel.com> Tomeu Vizoso <tomeu.viz...@collabora.com> Vitaly Kuznetsov <vkuzn...@redhat.com> Vladimir Sementsov-Ogievskiy <vsement...@virtuozzo.com> Xiao Guangrong <xiaoguangr...@tencent.com> Yuval Shaia <yuval.sh...@oracle.com> jobs: build-amd64-xsm pass build-arm64-xsm pass build-armhf-xsm pass build-i386-xsm pass build-amd64 pass build-arm64 pass build-armhf pass build-i386 pass build-amd64-libvirt pass build-arm64-libvirt pass build-armhf-libvirt pass build-i386-libvirt pass build-amd64-pvops pass build-arm64-pvops pass build-armhf-pvops pass build-i386-pvops pass test-amd64-amd64-xl pass test-arm64-arm64-xl pass test-armhf-armhf-xl pass test-amd64-i386-xl pass test-amd64-amd64-libvirt-qemuu-debianhvm-amd64-xsm fail test-amd64-i386-libvirt-qemuu-debianhvm-amd64-xsm fail test-amd64-amd64-xl-qemuu-debianhvm-amd64-xsm fail test-amd64-i386-xl-qemuu-debianhvm-amd64-xsm fail test-amd64-amd64-libvirt-xsm fail test-arm64-arm64-libvirt-xsm fail test-armhf-armhf-libvirt-xsm fail test-amd64-i386-libvirt-xsm fail test-amd64-amd64-xl-xsm pass test-arm64-arm64-xl-xsm pass test-armhf-armhf-xl-xsm pass test-amd64-i386-xl-xsm pass test-amd64-amd64-qemuu-nested-amd fail test-amd64-amd64-xl-pvhv2-amd fail test-amd64-i386-qemuu-rhel6hvm-amd fail test-amd64-amd64-xl-qemuu-debianhvm-amd64 fail test-amd64-i386-xl-qemuu-debianhvm-amd64 fail test-amd64-i386-freebsd10-amd64 fail test-amd64-amd64-xl-qemuu-ovmf-amd64 fail test-amd64-i386-xl-qemuu-ovmf-amd64 fail test-amd64-amd64-xl-qemuu-win7-amd64 fail test-amd64-i386-xl-qemuu-win7-amd64 fail test-amd64-amd64-xl-qemuu-ws16-amd64 fail test-amd64-i386-xl-qemuu-ws16-amd64 fail test-armhf-armhf-xl-arndale pass test-amd64-amd64-xl-credit2 pass test-arm64-arm64-xl-credit2 pass test-armhf-armhf-xl-credit2 pass test-armhf-armhf-xl-cubietruck pass test-amd64-i386-freebsd10-i386 fail test-amd64-amd64-xl-qemuu-win10-i386 fail test-amd64-i386-xl-qemuu-win10-i386 fail test-amd64-amd64-qemuu-nested-intel fail test-amd64-amd64-xl-pvhv2-intel fail test-amd64-i386-qemuu-rhel6hvm-intel fail test-amd64-amd64-libvirt fail test-armhf-armhf-libvirt fail test-amd64-i386-libvirt fail test-amd64-amd64-xl-multivcpu pass test-armhf-armhf-xl-multivcpu pass test-amd64-amd64-pair pass test-amd64-i386-pair pass test-amd64-amd64-libvirt-pair fail test-amd64-i386-libvirt-pair fail test-amd64-amd64-amd64-pvgrub pass test-amd64-amd64-i386-pvgrub pass test-amd64-amd64-xl-pvshim pass test-amd64-i386-xl-pvshim fail test-amd64-amd64-pygrub pass test-amd64-amd64-xl-qcow2 fail test-armhf-armhf-libvirt-raw fail test-amd64-i386-xl-raw pass test-amd64-amd64-xl-rtds pass test-armhf-armhf-xl-rtds pass test-amd64-amd64-xl-qemuu-debianhvm-amd64-shadow fail test-amd64-i386-xl-qemuu-debianhvm-amd64-shadow fail test-amd64-amd64-xl-shadow pass test-amd64-i386-xl-shadow pass test-amd64-amd64-libvirt-vhd fail test-armhf-armhf-xl-vhd fail ------------------------------------------------------------ sg-report-flight on osstest.test-lab.xenproject.org logs: /home/logs/logs images: /home/logs/images Logs, config files, etc. are available at http://logs.test-lab.xenproject.org/osstest/logs Explanation of these reports, and of osstest in general, is at http://xenbits.xen.org/gitweb/?p=osstest.git;a=blob;f=README.email;hb=master http://xenbits.xen.org/gitweb/?p=osstest.git;a=blob;f=README;hb=master Test harness code can be found at http://xenbits.xen.org/gitweb?p=osstest.git;a=summary Not pushing. (No revision log; it would be 9733 lines long.) _______________________________________________ Xen-devel mailing list Xen-devel@lists.xenproject.org https://lists.xenproject.org/mailman/listinfo/xen-devel