flight 122824 linux-4.9 real [real] http://logs.test-lab.xenproject.org/osstest/logs/122824/
Failures and problems with tests :-( Tests which did not succeed and are blocking, including tests which could not be run: test-arm64-arm64-libvirt-xsm <job status> broken in 122722 test-arm64-arm64-xl-credit2 <job status> broken in 122722 test-arm64-arm64-xl <job status> broken in 122722 Tests which are failing intermittently (not blocking): test-arm64-arm64-libvirt-xsm 4 host-install(4) broken in 122722 pass in 122824 test-arm64-arm64-xl 4 host-install(4) broken in 122722 pass in 122824 test-arm64-arm64-xl-credit2 4 host-install(4) broken in 122722 pass in 122824 test-arm64-arm64-examine 5 host-install broken in 122722 pass in 122824 test-amd64-i386-xl-qemuu-ws16-amd64 15 guest-saverestore.2 fail in 122722 pass in 122824 test-armhf-armhf-xl-rtds 16 guest-start/debian.repeat fail in 122722 pass in 122824 test-amd64-amd64-xl-qemut-debianhvm-amd64 16 guest-localmigrate/x10 fail pass in 122722 Tests which did not succeed, but are not blocking: test-amd64-amd64-xl-qemut-win7-amd64 17 guest-stop fail like 122564 test-amd64-i386-xl-qemut-win7-amd64 17 guest-stop fail like 122564 test-amd64-amd64-xl-qemuu-win7-amd64 17 guest-stop fail like 122564 test-amd64-i386-xl-qemuu-win7-amd64 17 guest-stop fail like 122564 test-amd64-amd64-xl-qemuu-ws16-amd64 17 guest-stop fail like 122564 test-amd64-amd64-xl-pvhv2-intel 12 guest-start fail never pass test-amd64-amd64-xl-pvhv2-amd 12 guest-start fail never pass test-amd64-i386-xl-pvshim 12 guest-start fail never pass test-amd64-amd64-libvirt-xsm 13 migrate-support-check fail never pass test-amd64-i386-libvirt 13 migrate-support-check fail never pass test-amd64-i386-libvirt-xsm 13 migrate-support-check fail never pass test-amd64-amd64-libvirt 13 migrate-support-check fail never pass test-arm64-arm64-libvirt-xsm 13 migrate-support-check fail never pass test-arm64-arm64-libvirt-xsm 14 saverestore-support-check fail never pass test-arm64-arm64-xl-xsm 13 migrate-support-check fail never pass test-arm64-arm64-xl-xsm 14 saverestore-support-check fail never pass test-arm64-arm64-xl-credit2 13 migrate-support-check fail never pass test-arm64-arm64-xl-credit2 14 saverestore-support-check fail never pass test-arm64-arm64-xl 13 migrate-support-check fail never pass test-arm64-arm64-xl 14 saverestore-support-check fail never pass test-amd64-amd64-libvirt-qemuu-debianhvm-amd64-xsm 11 migrate-support-check fail never pass test-armhf-armhf-libvirt-xsm 13 migrate-support-check fail never pass test-armhf-armhf-libvirt-xsm 14 saverestore-support-check fail never pass test-amd64-i386-libvirt-qemuu-debianhvm-amd64-xsm 11 migrate-support-check fail never pass test-armhf-armhf-xl-arndale 13 migrate-support-check fail never pass test-armhf-armhf-xl-arndale 14 saverestore-support-check fail never pass test-amd64-amd64-qemuu-nested-amd 17 debian-hvm-install/l1/l2 fail never pass test-armhf-armhf-xl-multivcpu 13 migrate-support-check fail never pass test-armhf-armhf-xl-multivcpu 14 saverestore-support-check fail never pass test-amd64-amd64-libvirt-vhd 12 migrate-support-check fail never pass test-armhf-armhf-libvirt 13 migrate-support-check fail never pass test-armhf-armhf-libvirt 14 saverestore-support-check fail never pass test-armhf-armhf-xl-credit2 13 migrate-support-check fail never pass test-armhf-armhf-xl-credit2 14 saverestore-support-check fail never pass test-armhf-armhf-xl-cubietruck 13 migrate-support-check fail never pass test-armhf-armhf-xl-cubietruck 14 saverestore-support-check fail never pass test-armhf-armhf-xl-rtds 13 migrate-support-check fail never pass test-armhf-armhf-xl-rtds 14 saverestore-support-check fail never pass test-armhf-armhf-xl 13 migrate-support-check fail never pass test-armhf-armhf-xl 14 saverestore-support-check fail never pass test-armhf-armhf-xl-xsm 13 migrate-support-check fail never pass test-armhf-armhf-xl-xsm 14 saverestore-support-check fail never pass test-amd64-amd64-xl-qemut-ws16-amd64 17 guest-stop fail never pass test-amd64-i386-xl-qemut-ws16-amd64 17 guest-stop fail never pass test-amd64-i386-xl-qemuu-ws16-amd64 17 guest-stop fail never pass test-armhf-armhf-libvirt-raw 12 migrate-support-check fail never pass test-armhf-armhf-libvirt-raw 13 saverestore-support-check fail never pass test-armhf-armhf-xl-vhd 12 migrate-support-check fail never pass test-armhf-armhf-xl-vhd 13 saverestore-support-check fail never pass test-amd64-amd64-xl-qemuu-win10-i386 10 windows-install fail never pass test-amd64-amd64-xl-qemut-win10-i386 10 windows-install fail never pass test-amd64-i386-xl-qemuu-win10-i386 10 windows-install fail never pass test-amd64-i386-xl-qemut-win10-i386 10 windows-install fail never pass version targeted for testing: linux 04cd74a759bf381f8f2c12e9ddb5fe8d0651c483 baseline version: linux eff40cb1908ba6ba604068d6273584fc28e3bac8 Last test of basis 122564 2018-05-02 15:09:58 Z 14 days Testing same since 122670 2018-05-09 08:12:17 Z 7 days 3 attempts ------------------------------------------------------------ People who touched revisions under test: Alan Stern <st...@rowland.harvard.edu> Alexei Starovoitov <a...@kernel.org> Ben Hutchings <ben.hutchi...@codethink.co.uk> Bin Liu <b-...@ti.com> Bjørn Mork <bj...@mork.no> Chenbo Feng <fe...@google.com> Christophe Leroy <christophe.le...@c-s.fr> Daniel Borkmann <dan...@iogearbox.net> Danit Goldberg <dan...@mellanox.com> Darren Hart (VMware) <dvh...@infradead.org> Darrick J. Wong <darrick.w...@oracle.com> David S. Miller <da...@davemloft.net> Dennis Dalessandro <dennis.dalessan...@intel.com> Dmitry Torokhov <dmitry.torok...@gmail.com> Doug Ledford <dledf...@redhat.com> Eric Biggers <ebigg...@google.com> Greg Kroah-Hartman <gre...@linuxfoundation.org> Guenter Roeck <gro...@chromium.org> Heiko Carstens <heiko.carst...@de.ibm.com> Herbert Xu <herb...@gondor.apana.org.au> Horia Geantă <horia.gea...@nxp.com> Ingo Molnar <mi...@kernel.org> Johan Hovold <jo...@kernel.org> João Paulo Rechi Vita <jprv...@endlessm.com> João Paulo Rechi Vita <jprv...@gmail.com> Kristian Evensen <kristian.even...@gmail.com> Leon Romanovsky <leo...@mellanox.com> LEROY Christophe <christophe.le...@c-s.fr> Luis R. Rodriguez <mcg...@kernel.org> Marc Zyngier <marc.zyng...@arm.com> Martin Schwidefsky <schwidef...@de.ibm.com> Mathieu Desnoyers <mathieu.desnoy...@efficios.com> Mika Penttilä <mika.pentt...@nextfour.com> Peter Zijlstra (Intel) <pet...@infradead.org> Raju Rangoju <ra...@chelsio.com> Robert Rosengren <robert.roseng...@axis.com> Roland Dreier <rol...@purestorage.com> Salvatore Bellizzi <l...@seppia.net> Sean Paul <seanp...@chromium.org> Sebastian Sanchez <sebastian.sanc...@intel.com> Steve Twiss <stwiss.opensou...@diasemi.com> Steven Rostedt (VMware) <rost...@goodmis.org> SZ Lin (林上智) <sz....@moxa.com> Takashi Iwai <ti...@suse.de> Tan Xiaojun <tanxiao...@huawei.com> Tasos Sahanidis <ta...@tasossah.com> Tejun Heo <t...@kernel.org> Teng Qin <qint...@fb.com> Thomas Hellstrom <thellst...@vmware.com> Uwe Kleine-König <u.kleine-koe...@pengutronix.de> Vittorio Gambaletta (VittGam) <linuxb...@vittgam.net> Vittorio Gambaletta <linuxb...@vittgam.net> jobs: build-amd64-xsm pass build-arm64-xsm pass build-armhf-xsm pass build-i386-xsm pass build-amd64 pass build-arm64 pass build-armhf pass build-i386 pass build-amd64-libvirt pass build-arm64-libvirt pass build-armhf-libvirt pass build-i386-libvirt pass build-amd64-pvops pass build-arm64-pvops pass build-armhf-pvops pass build-i386-pvops pass build-amd64-rumprun pass build-i386-rumprun pass test-amd64-amd64-xl pass test-arm64-arm64-xl pass test-armhf-armhf-xl pass test-amd64-i386-xl pass test-amd64-amd64-xl-qemut-debianhvm-amd64-xsm pass test-amd64-i386-xl-qemut-debianhvm-amd64-xsm pass test-amd64-amd64-libvirt-qemuu-debianhvm-amd64-xsm pass test-amd64-i386-libvirt-qemuu-debianhvm-amd64-xsm pass test-amd64-amd64-xl-qemuu-debianhvm-amd64-xsm pass test-amd64-i386-xl-qemuu-debianhvm-amd64-xsm pass test-amd64-amd64-xl-qemut-stubdom-debianhvm-amd64-xsm pass test-amd64-i386-xl-qemut-stubdom-debianhvm-amd64-xsm pass test-amd64-amd64-libvirt-xsm pass test-arm64-arm64-libvirt-xsm pass test-armhf-armhf-libvirt-xsm pass test-amd64-i386-libvirt-xsm pass test-amd64-amd64-xl-xsm pass test-arm64-arm64-xl-xsm pass test-armhf-armhf-xl-xsm pass test-amd64-i386-xl-xsm pass test-amd64-amd64-qemuu-nested-amd fail test-amd64-amd64-xl-pvhv2-amd fail test-amd64-i386-qemut-rhel6hvm-amd pass test-amd64-i386-qemuu-rhel6hvm-amd pass test-amd64-amd64-xl-qemut-debianhvm-amd64 fail test-amd64-i386-xl-qemut-debianhvm-amd64 pass test-amd64-amd64-xl-qemuu-debianhvm-amd64 pass test-amd64-i386-xl-qemuu-debianhvm-amd64 pass test-amd64-i386-freebsd10-amd64 pass test-amd64-amd64-xl-qemuu-ovmf-amd64 pass test-amd64-i386-xl-qemuu-ovmf-amd64 pass test-amd64-amd64-rumprun-amd64 pass test-amd64-amd64-xl-qemut-win7-amd64 fail test-amd64-i386-xl-qemut-win7-amd64 fail test-amd64-amd64-xl-qemuu-win7-amd64 fail test-amd64-i386-xl-qemuu-win7-amd64 fail test-amd64-amd64-xl-qemut-ws16-amd64 fail test-amd64-i386-xl-qemut-ws16-amd64 fail test-amd64-amd64-xl-qemuu-ws16-amd64 fail test-amd64-i386-xl-qemuu-ws16-amd64 fail test-armhf-armhf-xl-arndale pass test-amd64-amd64-xl-credit2 pass test-arm64-arm64-xl-credit2 pass test-armhf-armhf-xl-credit2 pass test-armhf-armhf-xl-cubietruck pass test-amd64-amd64-examine pass test-arm64-arm64-examine pass test-armhf-armhf-examine pass test-amd64-i386-examine pass test-amd64-i386-freebsd10-i386 pass test-amd64-i386-rumprun-i386 pass test-amd64-amd64-xl-qemut-win10-i386 fail test-amd64-i386-xl-qemut-win10-i386 fail test-amd64-amd64-xl-qemuu-win10-i386 fail test-amd64-i386-xl-qemuu-win10-i386 fail test-amd64-amd64-qemuu-nested-intel pass test-amd64-amd64-xl-pvhv2-intel fail test-amd64-i386-qemut-rhel6hvm-intel pass test-amd64-i386-qemuu-rhel6hvm-intel pass test-amd64-amd64-libvirt pass test-armhf-armhf-libvirt pass test-amd64-i386-libvirt pass test-amd64-amd64-xl-multivcpu pass test-armhf-armhf-xl-multivcpu pass test-amd64-amd64-pair pass test-amd64-i386-pair pass test-amd64-amd64-libvirt-pair pass test-amd64-i386-libvirt-pair pass test-amd64-amd64-amd64-pvgrub pass test-amd64-amd64-i386-pvgrub pass test-amd64-amd64-xl-pvshim pass test-amd64-i386-xl-pvshim fail test-amd64-amd64-pygrub pass test-amd64-amd64-xl-qcow2 pass test-armhf-armhf-libvirt-raw pass test-amd64-i386-xl-raw pass test-amd64-amd64-xl-rtds pass test-armhf-armhf-xl-rtds pass test-amd64-amd64-xl-qemuu-debianhvm-amd64-shadow pass test-amd64-i386-xl-qemuu-debianhvm-amd64-shadow pass test-amd64-amd64-xl-shadow pass test-amd64-i386-xl-shadow pass test-amd64-amd64-libvirt-vhd pass test-armhf-armhf-xl-vhd pass ------------------------------------------------------------ sg-report-flight on osstest.test-lab.xenproject.org logs: /home/logs/logs images: /home/logs/images Logs, config files, etc. are available at http://logs.test-lab.xenproject.org/osstest/logs Explanation of these reports, and of osstest in general, is at http://xenbits.xen.org/gitweb/?p=osstest.git;a=blob;f=README.email;hb=master http://xenbits.xen.org/gitweb/?p=osstest.git;a=blob;f=README;hb=master Test harness code can be found at http://xenbits.xen.org/gitweb?p=osstest.git;a=summary broken-job test-arm64-arm64-libvirt-xsm broken broken-job test-arm64-arm64-xl-credit2 broken broken-job test-arm64-arm64-xl broken Not pushing. (No revision log; it would be 870 lines long.) _______________________________________________ Xen-devel mailing list Xen-devel@lists.xenproject.org https://lists.xenproject.org/mailman/listinfo/xen-devel