flight 181248 xen-unstable-smoke real [real]
http://logs.test-lab.xenproject.org/osstest/logs/181248/

Regressions :-(

Tests which did not succeed and are blocking,
including tests which could not be run:
 build-amd64                   6 xen-build                fail REGR. vs. 181233
 build-arm64-xsm               6 xen-build                fail REGR. vs. 181233
 build-armhf                   6 xen-build                fail REGR. vs. 181233

Tests which did not succeed, but are not blocking:
 build-amd64-libvirt           1 build-check(1)               blocked  n/a
 test-amd64-amd64-libvirt      1 build-check(1)               blocked  n/a
 test-amd64-amd64-xl-qemuu-debianhvm-amd64  1 build-check(1)        blocked n/a
 test-arm64-arm64-xl-xsm       1 build-check(1)               blocked  n/a
 test-armhf-armhf-xl           1 build-check(1)               blocked  n/a

version targeted for testing:
 xen                  685048441e1cd935b622bba47d3ca612e75b4ef6
baseline version:
 xen                  64a647f8d817c6989edc000613b5afae19f03f99

Last test of basis   181233  2023-06-07 02:04:37 Z    0 days
Failing since        181246  2023-06-07 11:02:03 Z    0 days    2 attempts
Testing same since   181248  2023-06-07 13:00:26 Z    0 days    1 attempts

------------------------------------------------------------
People who touched revisions under test:
  Christian Lindig <christian.lin...@cloud.com>
  George Dunlap <george.dun...@citrix.com>
  Henry Wang <henry.w...@arm.com> # CHANGELOG
  Juergen Gross <jgr...@suse.com>
  Julien Grall <jgr...@amazon.com>
  Luca Fancellu <luca.fance...@arm.com>

jobs:
 build-arm64-xsm                                              fail    
 build-amd64                                                  fail    
 build-armhf                                                  fail    
 build-amd64-libvirt                                          blocked 
 test-armhf-armhf-xl                                          blocked 
 test-arm64-arm64-xl-xsm                                      blocked 
 test-amd64-amd64-xl-qemuu-debianhvm-amd64                    blocked 
 test-amd64-amd64-libvirt                                     blocked 


------------------------------------------------------------
sg-report-flight on osstest.test-lab.xenproject.org
logs: /home/logs/logs
images: /home/logs/images

Logs, config files, etc. are available at
    http://logs.test-lab.xenproject.org/osstest/logs

Explanation of these reports, and of osstest in general, is at
    http://xenbits.xen.org/gitweb/?p=osstest.git;a=blob;f=README.email;hb=master
    http://xenbits.xen.org/gitweb/?p=osstest.git;a=blob;f=README;hb=master

Test harness code can be found at
    http://xenbits.xen.org/gitweb?p=osstest.git;a=summary


Not pushing.

(No revision log; it would be 447 lines long.)

Reply via email to