flight 181103 qemu-mainline real [real] http://logs.test-lab.xenproject.org/osstest/logs/181103/
Regressions :-( Tests which did not succeed and are blocking, including tests which could not be run: test-amd64-i386-libvirt-pair 10 xen-install/src_host fail REGR. vs. 180691 test-amd64-amd64-libvirt-pair 30 leak-check/check/src_host fail REGR. vs. 180691 test-amd64-amd64-libvirt-pair 31 leak-check/check/dst_host fail REGR. vs. 180691 test-amd64-i386-libvirt 23 leak-check/check fail REGR. vs. 180691 test-amd64-amd64-libvirt-xsm 23 leak-check/check fail REGR. vs. 180691 build-arm64-xsm 6 xen-build fail REGR. vs. 180691 build-arm64 6 xen-build fail REGR. vs. 180691 test-amd64-amd64-libvirt 23 leak-check/check fail REGR. vs. 180691 test-amd64-i386-libvirt-xsm 23 leak-check/check fail REGR. vs. 180691 test-amd64-amd64-libvirt-qemuu-debianhvm-amd64-xsm 21 leak-check/check fail REGR. vs. 180691 test-amd64-i386-libvirt-qemuu-debianhvm-amd64-xsm 21 leak-check/check fail REGR. vs. 180691 test-amd64-amd64-libvirt-vhd 22 leak-check/check fail REGR. vs. 180691 test-amd64-i386-xl-vhd 21 guest-start/debian.repeat fail REGR. vs. 180691 test-amd64-i386-libvirt-raw 22 leak-check/check fail REGR. vs. 180691 test-amd64-amd64-xl-qcow2 24 leak-check/check fail REGR. vs. 180691 test-armhf-armhf-libvirt 21 leak-check/check fail REGR. vs. 180691 test-armhf-armhf-libvirt-qcow2 20 leak-check/check fail REGR. vs. 180691 test-armhf-armhf-libvirt-raw 20 leak-check/check fail REGR. vs. 180691 test-armhf-armhf-xl-vhd 20 leak-check/check fail REGR. vs. 180691 test-amd64-i386-xl-qemuu-win7-amd64 12 windows-install fail REGR. vs. 180691 Tests which did not succeed, but are not blocking: test-arm64-arm64-libvirt-raw 1 build-check(1) blocked n/a test-arm64-arm64-libvirt-xsm 1 build-check(1) blocked n/a test-arm64-arm64-xl 1 build-check(1) blocked n/a test-arm64-arm64-xl-credit1 1 build-check(1) blocked n/a test-arm64-arm64-xl-credit2 1 build-check(1) blocked n/a test-arm64-arm64-xl-thunderx 1 build-check(1) blocked n/a test-arm64-arm64-xl-vhd 1 build-check(1) blocked n/a test-arm64-arm64-xl-xsm 1 build-check(1) blocked n/a build-arm64-libvirt 1 build-check(1) blocked n/a test-amd64-amd64-xl-qemuu-win7-amd64 19 guest-stop fail like 180691 test-amd64-amd64-xl-qemuu-ws16-amd64 19 guest-stop fail like 180691 test-armhf-armhf-libvirt 16 saverestore-support-check fail like 180691 test-armhf-armhf-libvirt-qcow2 15 saverestore-support-check fail like 180691 test-amd64-i386-xl-qemuu-ws16-amd64 19 guest-stop fail like 180691 test-armhf-armhf-libvirt-raw 15 saverestore-support-check fail like 180691 test-amd64-amd64-qemuu-nested-amd 20 debian-hvm-install/l1/l2 fail like 180691 test-amd64-i386-xl-pvshim 14 guest-start fail never pass test-amd64-i386-libvirt 15 migrate-support-check fail never pass test-amd64-amd64-libvirt-xsm 15 migrate-support-check fail never pass test-amd64-amd64-libvirt 15 migrate-support-check fail never pass test-amd64-i386-libvirt-xsm 15 migrate-support-check fail never pass test-amd64-amd64-libvirt-qemuu-debianhvm-amd64-xsm 13 migrate-support-check fail never pass test-amd64-i386-libvirt-qemuu-debianhvm-amd64-xsm 13 migrate-support-check fail never pass test-armhf-armhf-xl-credit1 15 migrate-support-check fail never pass test-armhf-armhf-xl-credit1 16 saverestore-support-check fail never pass test-amd64-amd64-libvirt-vhd 14 migrate-support-check fail never pass test-armhf-armhf-xl-credit2 15 migrate-support-check fail never pass test-armhf-armhf-xl-credit2 16 saverestore-support-check fail never pass test-amd64-i386-libvirt-raw 14 migrate-support-check fail never pass test-armhf-armhf-libvirt 15 migrate-support-check fail never pass test-armhf-armhf-xl 15 migrate-support-check fail never pass test-armhf-armhf-xl 16 saverestore-support-check fail never pass test-armhf-armhf-libvirt-qcow2 14 migrate-support-check fail never pass test-armhf-armhf-xl-rtds 15 migrate-support-check fail never pass test-armhf-armhf-xl-rtds 16 saverestore-support-check fail never pass test-armhf-armhf-xl-multivcpu 15 migrate-support-check fail never pass test-armhf-armhf-xl-multivcpu 16 saverestore-support-check fail never pass test-armhf-armhf-xl-arndale 15 migrate-support-check fail never pass test-armhf-armhf-xl-arndale 16 saverestore-support-check fail never pass test-armhf-armhf-libvirt-raw 14 migrate-support-check fail never pass test-armhf-armhf-xl-vhd 14 migrate-support-check fail never pass test-armhf-armhf-xl-vhd 15 saverestore-support-check fail never pass version targeted for testing: qemuu 9eb400cdd7b0940bd696aa01462dd53004ae04e9 baseline version: qemuu 6972ef1440a9d685482d78672620a7482f2bd09a Last test of basis 180691 2023-05-17 10:45:22 Z 16 days Failing since 180699 2023-05-18 07:21:24 Z 15 days 55 attempts Testing same since 181103 2023-06-02 04:43:00 Z 0 days 1 attempts ------------------------------------------------------------ People who touched revisions under test: Afonso Bordado <afonsobord...@gmail.com> Akihiko Odaki <akihiko.od...@daynix.com> Akihiro Suda <akihiro.suda...@hco.ntt.co.jp> Alex Bennée <alex.ben...@linaro.org> Alex Williamson <alex.william...@redhat.com> Alexander Bulekov <alx...@bu.edu> Alexander Graf <g...@amazon.com> Alistair Francis <alistair.fran...@wdc.com> Ani Sinha <a...@anisinha.ca> Ani Sinha <anisi...@redhat.com> Anton Johansson <a...@rev.ng> BALATON Zoltan <bala...@eik.bme.hu> Bernhard Beschow <shen...@gmail.com> Bin Meng <bin.m...@windriver.com> Brian Cain <bc...@quicinc.com> Brice Goglin <brice.gog...@inria.fr> Camilla Conte <cco...@redhat.com> Cindy Lu <l...@redhat.com> Clément Chigot <chi...@adacore.com> Cornelia Huck <coh...@redhat.com> Cédric Le Goater <c...@kaod.org> Cédric Le Goater <c...@redhat.com> Daniel Henrique Barboza <danielhb...@gmail.com> Daniel P. Berrangé <berra...@redhat.com> Daniil Kovalev <dkova...@compiler-toolchain-for.me> David Hildenbrand <da...@redhat.com> Emanuele Giuseppe Esposito <eespo...@redhat.com> Enze Li <lie...@kylinos.cn> Eric Auger <eric.au...@redhat.com> Eric Blake <ebl...@redhat.com> Eric DeVolder <eric.devol...@oracle.com> Erico Nunes <ernu...@redhat.com> Eugenio Pérez <epere...@redhat.com> Fabiano Rosas <faro...@suse.de> Fan Ni <fan...@samsung.com> Fiona Ebner <f.eb...@proxmox.com> Francisco Iglesias <frasse.igles...@gmail.com> Gavin Shan <gs...@redhat.com> Gregory Price <gourry.memve...@gmail.com> Gregory Price <gregory.pr...@memverge.com> Hao Zeng <zeng...@kylinos.cn> Hawkins Jiawei <yin31...@gmail.com> Igor Mammedov <imamm...@redhat.com> Ira Weiny <ira.we...@intel.com> Jason Wang <jasow...@redhat.com> Jean-Philippe Brucker <jean-phili...@linaro.org> John Snow <js...@redhat.com> Jonathan Cameron <jonathan.came...@huawei.com> Juan Quintela <quint...@redhat.com> Kevin Wolf <kw...@redhat.com> Laurent Vivier <laur...@vivier.eu> Lei Yang <leiy...@redhat.com> Leonardo Bras <leob...@redhat.com> Maksim Davydov <davydov-...@yandex-team.ru> Marc-André Lureau <marcandre.lur...@redhat.com> Marcin Juszkiewicz <marcin.juszkiew...@linaro.org> Marco Liebel <quic_mlie...@quicinc.com> Mark Cave-Ayland <mark.cave-ayl...@ilande.co.uk> Markus Armbruster <arm...@redhat.com> Matheus Tavares Bernardino <quic_mathb...@quicinc.com> Mauro Matteo Cascella <mcasc...@redhat.com> Michael S. Tsirkin <m...@redhat.com> Michael Tokarev <m...@tls.msk.ru> Mostafa Saleh <smost...@google.com> Nicholas Piggin <npig...@gmail.com> Nicolas Saenz Julienne <nsa...@amazon.com> Palmer Dabbelt <pal...@rivosinc.com> Paolo Bonzini <pbonz...@redhat.com> Peter Maydell <peter.mayd...@linaro.org> Peter Xu <pet...@redhat.com> Philippe Mathieu-Daudé <phi...@linaro.org> Raghu H <raghuhac...@gmail.com> Rene Engel <reneenge...@emailn.de> Richard Henderson <richard.hender...@linaro.org> Richard Purdie <richard.pur...@linuxfoundation.org> Ricky Zhou <ri...@rzhou.org> Ryan Wendland <wendl...@live.com.au> Sebastian Ott <seb...@redhat.com> Sergio Lopez <s...@redhat.com> Sid Manning <sidn...@quicinc.com> Song Gao <gaos...@loongson.cn> Stefan Hajnoczi <stefa...@redhat.com> Stefano Garzarella <sgarz...@redhat.com> Steve Sistare <steven.sist...@oracle.com> Taylor Simpson <tsimp...@quicinc.com> Thomas Huth <th...@redhat.com> Thomas Weißschuh <tho...@t-8ch.de> timothee.coca...@gmail.com <timothee.coca...@gmail.com> Timothée Cocault <timothee.coca...@gmail.com> Tommy Wu <tommy...@sifive.com> Viktor Prutyanov <vik...@daynix.com> Vitaly Cheptsov <chept...@ispras.ru> Vivek Kasireddy <vivek.kasire...@intel.com> Vladimir Sementsov-Ogievskiy <vsement...@yandex-team.ru> Volker Rümelin <vr_q...@t-online.de> Xinyu Li <lixinyu...@ict.ac.cn> Zeng Hao <zeng...@kylinos.cn> Zhenyu Zhang <zheny...@redhat.com> Zhenzhong Duan <zhenzhong.d...@intel.com> jobs: build-amd64-xsm pass build-arm64-xsm fail build-i386-xsm pass build-amd64 pass build-arm64 fail build-armhf pass build-i386 pass build-amd64-libvirt pass build-arm64-libvirt blocked build-armhf-libvirt pass build-i386-libvirt pass build-amd64-pvops pass build-arm64-pvops pass build-armhf-pvops pass build-i386-pvops pass test-amd64-amd64-xl pass test-amd64-coresched-amd64-xl pass test-arm64-arm64-xl blocked test-armhf-armhf-xl pass test-amd64-i386-xl pass test-amd64-coresched-i386-xl pass test-amd64-amd64-libvirt-qemuu-debianhvm-amd64-xsm fail test-amd64-i386-libvirt-qemuu-debianhvm-amd64-xsm fail test-amd64-amd64-xl-qemuu-debianhvm-i386-xsm pass test-amd64-i386-xl-qemuu-debianhvm-i386-xsm pass test-amd64-amd64-libvirt-xsm fail test-arm64-arm64-libvirt-xsm blocked test-amd64-i386-libvirt-xsm fail test-amd64-amd64-xl-xsm pass test-arm64-arm64-xl-xsm blocked test-amd64-i386-xl-xsm pass test-amd64-amd64-qemuu-nested-amd fail test-amd64-amd64-xl-pvhv2-amd pass test-amd64-i386-qemuu-rhel6hvm-amd pass test-amd64-amd64-dom0pvh-xl-amd pass test-amd64-amd64-xl-qemuu-debianhvm-amd64 pass test-amd64-i386-xl-qemuu-debianhvm-amd64 pass test-amd64-i386-freebsd10-amd64 pass test-amd64-amd64-qemuu-freebsd11-amd64 pass test-amd64-amd64-qemuu-freebsd12-amd64 pass test-amd64-amd64-xl-qemuu-ovmf-amd64 pass test-amd64-i386-xl-qemuu-ovmf-amd64 pass test-amd64-amd64-xl-qemuu-win7-amd64 fail test-amd64-i386-xl-qemuu-win7-amd64 fail test-amd64-amd64-xl-qemuu-ws16-amd64 fail test-amd64-i386-xl-qemuu-ws16-amd64 fail test-armhf-armhf-xl-arndale pass test-amd64-amd64-xl-credit1 pass test-arm64-arm64-xl-credit1 blocked test-armhf-armhf-xl-credit1 pass test-amd64-amd64-xl-credit2 pass test-arm64-arm64-xl-credit2 blocked test-armhf-armhf-xl-credit2 pass test-amd64-amd64-xl-qemuu-dmrestrict-amd64-dmrestrict pass test-amd64-i386-xl-qemuu-dmrestrict-amd64-dmrestrict pass test-amd64-i386-freebsd10-i386 pass test-amd64-amd64-qemuu-nested-intel pass test-amd64-amd64-xl-pvhv2-intel pass test-amd64-i386-qemuu-rhel6hvm-intel pass test-amd64-amd64-dom0pvh-xl-intel pass test-amd64-amd64-libvirt fail test-armhf-armhf-libvirt fail test-amd64-i386-libvirt fail test-amd64-amd64-xl-multivcpu pass test-armhf-armhf-xl-multivcpu pass test-amd64-amd64-pair pass test-amd64-i386-pair pass test-amd64-amd64-libvirt-pair fail test-amd64-i386-libvirt-pair fail test-amd64-amd64-xl-pvshim pass test-amd64-i386-xl-pvshim fail test-amd64-amd64-pygrub pass test-armhf-armhf-libvirt-qcow2 fail test-amd64-amd64-xl-qcow2 fail test-arm64-arm64-libvirt-raw blocked test-armhf-armhf-libvirt-raw fail test-amd64-i386-libvirt-raw fail test-amd64-amd64-xl-rtds pass test-armhf-armhf-xl-rtds pass test-amd64-amd64-xl-qemuu-debianhvm-amd64-shadow pass test-amd64-i386-xl-qemuu-debianhvm-amd64-shadow pass test-amd64-amd64-xl-shadow pass test-amd64-i386-xl-shadow pass test-arm64-arm64-xl-thunderx blocked test-amd64-amd64-libvirt-vhd fail test-arm64-arm64-xl-vhd blocked test-armhf-armhf-xl-vhd fail test-amd64-i386-xl-vhd fail ------------------------------------------------------------ sg-report-flight on osstest.test-lab.xenproject.org logs: /home/logs/logs images: /home/logs/images Logs, config files, etc. are available at http://logs.test-lab.xenproject.org/osstest/logs Explanation of these reports, and of osstest in general, is at http://xenbits.xen.org/gitweb/?p=osstest.git;a=blob;f=README.email;hb=master http://xenbits.xen.org/gitweb/?p=osstest.git;a=blob;f=README;hb=master Test harness code can be found at http://xenbits.xen.org/gitweb?p=osstest.git;a=summary Not pushing. (No revision log; it would be 11480 lines long.)