flight 122719 libvirt real [real]
http://logs.test-lab.xenproject.org/osstest/logs/122719/

Failures and problems with tests :-(

Tests which did not succeed and are blocking,
including tests which could not be run:
 test-arm64-arm64-libvirt-qcow2    <job status>                 broken
 test-arm64-arm64-libvirt        <job status>                 broken
 test-arm64-arm64-libvirt-qcow2  4 host-install(4)      broken REGR. vs. 122561
 test-arm64-arm64-libvirt      4 host-install(4)        broken REGR. vs. 122561

Tests which did not succeed, but are not blocking:
 test-armhf-armhf-libvirt     14 saverestore-support-check    fail  like 122561
 test-armhf-armhf-libvirt-raw 13 saverestore-support-check    fail  like 122561
 test-armhf-armhf-libvirt-xsm 14 saverestore-support-check    fail  like 122561
 test-amd64-i386-libvirt-xsm  13 migrate-support-check        fail   never pass
 test-amd64-amd64-libvirt     13 migrate-support-check        fail   never pass
 test-amd64-amd64-libvirt-xsm 13 migrate-support-check        fail   never pass
 test-amd64-i386-libvirt      13 migrate-support-check        fail   never pass
 test-arm64-arm64-libvirt-xsm 13 migrate-support-check        fail   never pass
 test-arm64-arm64-libvirt-xsm 14 saverestore-support-check    fail   never pass
 test-amd64-amd64-libvirt-qemuu-debianhvm-amd64-xsm 11 migrate-support-check 
fail never pass
 test-amd64-i386-libvirt-qemuu-debianhvm-amd64-xsm 11 migrate-support-check 
fail never pass
 test-amd64-amd64-libvirt-vhd 12 migrate-support-check        fail   never pass
 test-armhf-armhf-libvirt     13 migrate-support-check        fail   never pass
 test-armhf-armhf-libvirt-raw 12 migrate-support-check        fail   never pass
 test-armhf-armhf-libvirt-xsm 13 migrate-support-check        fail   never pass

version targeted for testing:
 libvirt              65dd2ac92dcf3acf0f768996971aa7e53edc3fc7
baseline version:
 libvirt              764a7483f189e6de841163647c14296e693dbb2e

Last test of basis   122561  2018-05-02 10:08:33 Z   11 days
Failing since        122567  2018-05-03 04:18:54 Z   11 days    7 attempts
Testing same since   122719  2018-05-12 06:56:55 Z    2 days    1 attempts

------------------------------------------------------------
People who touched revisions under test:
  Andrea Bolognani <abolo...@redhat.com>
  Cole Robinson <crobi...@redhat.com>
  Daniel P. Berrangé <berra...@redhat.com>
  Daniel Veillard <veill...@redhat.com>
  David Kiarie <davidkiar...@gmail.com>
  Eric Blake <ebl...@redhat.com>
  Erik Skultety <eskul...@redhat.com>
  Igor Gnatenko <ignatenkobr...@fedoraproject.org>
  John Ferlan <jfer...@redhat.com>
  Julio Faracco <jcfara...@gmail.com>
  Ján Tomko <jto...@redhat.com>
  Lin Ma <l...@suse.com>
  Maciej Wolny <maciej.wo...@codethink.co.uk>
  Martin Kletzander <mklet...@redhat.com>
  Michal Privoznik <mpriv...@redhat.com>
  Peter Krempa <pkre...@redhat.com>
  Prafullkumar Tale <talep...@gmail.com>
  Roland Schulz <schullzr...@gmail.com>
  Stefan Berger <stef...@linux.vnet.ibm.com>
  Ville Skyttä <ville.sky...@iki.fi>

jobs:
 build-amd64-xsm                                              pass    
 build-arm64-xsm                                              pass    
 build-armhf-xsm                                              pass    
 build-i386-xsm                                               pass    
 build-amd64                                                  pass    
 build-arm64                                                  pass    
 build-armhf                                                  pass    
 build-i386                                                   pass    
 build-amd64-libvirt                                          pass    
 build-arm64-libvirt                                          pass    
 build-armhf-libvirt                                          pass    
 build-i386-libvirt                                           pass    
 build-amd64-pvops                                            pass    
 build-arm64-pvops                                            pass    
 build-armhf-pvops                                            pass    
 build-i386-pvops                                             pass    
 test-amd64-amd64-libvirt-qemuu-debianhvm-amd64-xsm           pass    
 test-amd64-i386-libvirt-qemuu-debianhvm-amd64-xsm            pass    
 test-amd64-amd64-libvirt-xsm                                 pass    
 test-arm64-arm64-libvirt-xsm                                 pass    
 test-armhf-armhf-libvirt-xsm                                 pass    
 test-amd64-i386-libvirt-xsm                                  pass    
 test-amd64-amd64-libvirt                                     pass    
 test-arm64-arm64-libvirt                                     broken  
 test-armhf-armhf-libvirt                                     pass    
 test-amd64-i386-libvirt                                      pass    
 test-amd64-amd64-libvirt-pair                                pass    
 test-amd64-i386-libvirt-pair                                 pass    
 test-arm64-arm64-libvirt-qcow2                               broken  
 test-armhf-armhf-libvirt-raw                                 pass    
 test-amd64-amd64-libvirt-vhd                                 pass    


------------------------------------------------------------
sg-report-flight on osstest.test-lab.xenproject.org
logs: /home/logs/logs
images: /home/logs/images

Logs, config files, etc. are available at
    http://logs.test-lab.xenproject.org/osstest/logs

Explanation of these reports, and of osstest in general, is at
    http://xenbits.xen.org/gitweb/?p=osstest.git;a=blob;f=README.email;hb=master
    http://xenbits.xen.org/gitweb/?p=osstest.git;a=blob;f=README;hb=master

Test harness code can be found at
    http://xenbits.xen.org/gitweb?p=osstest.git;a=summary

broken-job test-arm64-arm64-libvirt-qcow2 broken
broken-job test-arm64-arm64-libvirt broken
broken-step test-arm64-arm64-libvirt-qcow2 host-install(4)
broken-step test-arm64-arm64-libvirt host-install(4)

Not pushing.

(No revision log; it would be 2190 lines long.)

_______________________________________________
Xen-devel mailing list
Xen-devel@lists.xenproject.org
https://lists.xenproject.org/mailman/listinfo/xen-devel

Reply via email to