flight 180461 linux-5.4 real [real]
http://logs.test-lab.xenproject.org/osstest/logs/180461/

Failures :-/ but no regressions.

Tests which are failing intermittently (not blocking):
 test-amd64-i386-xl-qemuu-dmrestrict-amd64-dmrestrict 7 xen-install fail in 
180428 pass in 180461
 test-amd64-i386-pair       25 guest-start/debian fail in 180428 pass in 180461
 test-armhf-armhf-xl-multivcpu 14 guest-start     fail in 180428 pass in 180461
 test-amd64-i386-libvirt-raw   7 xen-install      fail in 180443 pass in 180461
 test-amd64-i386-libvirt-pair 10 xen-install/src_host       fail pass in 180428
 test-armhf-armhf-xl-credit1  18 guest-start/debian.repeat  fail pass in 180443

Tests which did not succeed, but are not blocking:
 test-armhf-armhf-xl-credit2  14 guest-start         fail in 180443 like 180369
 test-armhf-armhf-xl-rtds 18 guest-start/debian.repeat fail in 180443 like 
180369
 test-armhf-armhf-xl-credit2  18 guest-start/debian.repeat    fail  like 180352
 test-amd64-amd64-libvirt-vhd 19 guest-start/debian.repeat    fail  like 180352
 test-armhf-armhf-libvirt     16 saverestore-support-check    fail  like 180369
 test-amd64-amd64-xl-qemuu-win7-amd64 19 guest-stop            fail like 180369
 test-amd64-i386-xl-qemut-win7-amd64 19 guest-stop             fail like 180369
 test-amd64-i386-xl-qemuu-win7-amd64 19 guest-stop             fail like 180369
 test-amd64-amd64-xl-qemut-win7-amd64 19 guest-stop            fail like 180369
 test-amd64-amd64-xl-qemuu-ws16-amd64 19 guest-stop            fail like 180369
 test-amd64-amd64-xl-qemut-ws16-amd64 19 guest-stop            fail like 180369
 test-armhf-armhf-libvirt-raw 15 saverestore-support-check    fail  like 180369
 test-armhf-armhf-libvirt-qcow2 15 saverestore-support-check   fail like 180369
 test-amd64-i386-xl-qemut-ws16-amd64 19 guest-stop             fail like 180369
 test-amd64-i386-xl-qemuu-ws16-amd64 19 guest-stop             fail like 180369
 test-amd64-amd64-qemuu-nested-amd 20 debian-hvm-install/l1/l2 fail like 180369
 test-amd64-i386-xl-pvshim    14 guest-start                  fail   never pass
 test-amd64-amd64-libvirt-xsm 15 migrate-support-check        fail   never pass
 test-amd64-i386-libvirt      15 migrate-support-check        fail   never pass
 test-amd64-amd64-libvirt     15 migrate-support-check        fail   never pass
 test-amd64-i386-libvirt-xsm  15 migrate-support-check        fail   never pass
 test-amd64-amd64-libvirt-qemuu-debianhvm-amd64-xsm 13 migrate-support-check 
fail never pass
 test-arm64-arm64-xl-thunderx 15 migrate-support-check        fail   never pass
 test-arm64-arm64-xl-thunderx 16 saverestore-support-check    fail   never pass
 test-arm64-arm64-xl-credit1  15 migrate-support-check        fail   never pass
 test-arm64-arm64-xl-xsm      15 migrate-support-check        fail   never pass
 test-arm64-arm64-xl-xsm      16 saverestore-support-check    fail   never pass
 test-arm64-arm64-xl-credit2  15 migrate-support-check        fail   never pass
 test-arm64-arm64-xl-credit2  16 saverestore-support-check    fail   never pass
 test-arm64-arm64-xl          15 migrate-support-check        fail   never pass
 test-arm64-arm64-xl-credit1  16 saverestore-support-check    fail   never pass
 test-arm64-arm64-xl          16 saverestore-support-check    fail   never pass
 test-arm64-arm64-libvirt-xsm 15 migrate-support-check        fail   never pass
 test-arm64-arm64-libvirt-xsm 16 saverestore-support-check    fail   never pass
 test-amd64-i386-libvirt-qemuu-debianhvm-amd64-xsm 13 migrate-support-check 
fail never pass
 test-armhf-armhf-xl-multivcpu 15 migrate-support-check        fail  never pass
 test-armhf-armhf-xl-multivcpu 16 saverestore-support-check    fail  never pass
 test-armhf-armhf-xl-arndale  15 migrate-support-check        fail   never pass
 test-armhf-armhf-xl-arndale  16 saverestore-support-check    fail   never pass
 test-armhf-armhf-xl-credit1  15 migrate-support-check        fail   never pass
 test-armhf-armhf-xl-credit1  16 saverestore-support-check    fail   never pass
 test-armhf-armhf-libvirt     15 migrate-support-check        fail   never pass
 test-armhf-armhf-xl          15 migrate-support-check        fail   never pass
 test-armhf-armhf-xl          16 saverestore-support-check    fail   never pass
 test-amd64-i386-libvirt-raw  14 migrate-support-check        fail   never pass
 test-armhf-armhf-xl-credit2  15 migrate-support-check        fail   never pass
 test-armhf-armhf-xl-credit2  16 saverestore-support-check    fail   never pass
 test-amd64-amd64-libvirt-vhd 14 migrate-support-check        fail   never pass
 test-arm64-arm64-libvirt-raw 14 migrate-support-check        fail   never pass
 test-arm64-arm64-libvirt-raw 15 saverestore-support-check    fail   never pass
 test-arm64-arm64-xl-vhd      14 migrate-support-check        fail   never pass
 test-arm64-arm64-xl-vhd      15 saverestore-support-check    fail   never pass
 test-armhf-armhf-libvirt-raw 14 migrate-support-check        fail   never pass
 test-armhf-armhf-libvirt-qcow2 14 migrate-support-check        fail never pass
 test-armhf-armhf-xl-rtds     15 migrate-support-check        fail   never pass
 test-armhf-armhf-xl-rtds     16 saverestore-support-check    fail   never pass
 test-armhf-armhf-xl-vhd      14 migrate-support-check        fail   never pass
 test-armhf-armhf-xl-vhd      15 saverestore-support-check    fail   never pass

version targeted for testing:
 linux                ea7862c507eca54ea6caad9dcfc8bba5e749fbde
baseline version:
 linux                58f42ed1cd31238745bddd943c4f5849dc83a2ac

Last test of basis   180369  2023-04-21 21:43:52 Z    7 days
Testing same since   180428  2023-04-26 09:43:27 Z    2 days    3 attempts

------------------------------------------------------------
People who touched revisions under test:
  Aleksandr Loktionov <aleksandr.loktio...@intel.com>
  Alyssa Ross <h...@alyssa.is>
  Anders Roxell <anders.rox...@linaro.org>
  Andrew Morton <a...@linux-foundation.org>
  Andrii Nakryiko <and...@kernel.org>
  Baokun Li <libaok...@huawei.com>
  Bhavya Kapoor <b-kap...@ti.com>
  Brian Masney <bmas...@redhat.com>
  Chandan Babu R <chandan.b...@oracle.com>
  Chris Paterson (CIP) <chris.paters...@renesas.com>
  Christoph Hellwig <h...@lst.de>
  Cristian Ciocaltea <cristian.ciocal...@collabora.com>
  Damien Le Moal <damien.lem...@opensource.wdc.com>
  Dan Carpenter <erro...@gmail.com>
  Daniel Borkmann <dan...@iogearbox.net>
  Darrick J. Wong <darrick.w...@oracle.com>
  Darrick J. Wong <djw...@kernel.org>
  Dave Young <dyo...@redhat.com>
  David Howells <dhowe...@redhat.com>
  David S. Miller <da...@davemloft.net>
  Dmitry Torokhov <dmitry.torok...@gmail.com>
  Douglas Raillard <douglas.raill...@arm.com>
  Ekaterina Orlova <vorobushek...@gmail.com>
  Florian Fainelli <f.faine...@gmail.com>
  Florian Westphal <f...@strlen.de>
  Gao Xiang <hsiang...@redhat.com>
  Greg Kroah-Hartman <gre...@linuxfoundation.org>
  Guenter Roeck <li...@roeck-us.net>
  Gwangun Jung <exsoci...@gmail.com>
  Harshit Mogalapalli <harshit.m.mogalapa...@oracle.com>
  Heiko Carstens <h...@linux.ibm.com>
  Heiko Stuebner <he...@sntech.de>
  Ingo Molnar <mi...@kernel.org>
  Jaegeuk Kim <jaeg...@kernel.org>
  Jakub Kicinski <k...@kernel.org>
  Jamal Hadi Salim<j...@mojatatu.com>
  Jason Wang <jasow...@redhat.com>
  Jianqun Xu <jay...@rock-chips.com>
  Jiaxun Yang <jiaxun.y...@flygoat.com>
  Jon Hunter <jonath...@nvidia.com>
  Jonathan Cameron <jonathan.came...@huawei.com>
  Jonathan Denose <jden...@chromium.org>
  Jonathan Denose <jden...@google.com>
  Juergen Gross <jgr...@suse.com>
  Kuniyuki Iwashima <kun...@amazon.com>
  Linus Torvalds <torva...@linux-foundation.org>
  Linux Kernel Functional Testing <l...@linaro.org>
  Marc Gonzalez <mgonza...@freebox.fr>
  Mark Brown <broo...@kernel.org>
  Martin Blumenstingl <martin.blumensti...@googlemail.com>
  Martin K. Petersen <martin.peter...@oracle.com>
  Mateusz Palczewski <mateusz.palczew...@intel.com>
  Michael S. Tsirkin <m...@redhat.com>
  Mirsad Goran Todorovac <mirsad.todoro...@alu.unizg.hr>
  Naama Meir <naamax.m...@linux.intel.com>
  Neil Armstrong <neil.armstr...@linaro.org>
  Nick Desaulniers <ndesaulni...@google.com>
  Nikita Zhandarovich <n.zhandarov...@fintech.ru>
  Pablo Neira Ayuso <pa...@netfilter.org>
  Paolo Abeni <pab...@redhat.com>
  Pingfan Liu <kernelf...@gmail.com>
  Pucha Himasekhar Reddy <himasekharx.reddy.pu...@intel.com> (A Contingent 
worker at Intel)
  Ritesh Harjani <rite...@linux.ibm.com>
  Ryusuke Konishi <konishi.ryus...@gmail.com>
  Sagi Grimberg <s...@grimberg.me>
  Sasha Levin <sas...@kernel.org>
  Sebastian Basierski <sebastianx.basier...@intel.com>
  Shuah Khan <sk...@linuxfoundation.org>
  Theodore Ts'o <ty...@mit.edu>
  Thierry Reding <thierry.red...@gmail.com>
  Thomas Bogendoerfer <tsbog...@alpha.franken.de>
  Tomas Henzl <the...@redhat.com>
  Tony Nguyen <anthony.l.ngu...@intel.com>
  Tudor Ambarus <tudor.amba...@linaro.org>
  Ulf Hansson <ulf.hans...@linaro.org>
  Uwe Kleine-König <u.kleine-koe...@pengutronix.de>
  Vasily Gorbik <g...@linux.ibm.com>
  Xuan Zhuo <xuanz...@linux.alibaba.com>
  Yanjun Zhang <zhangyan...@cestc.com>
  Ziyang Xuan <william.xuanziy...@huawei.com>
  Álvaro Fernández Rojas <nolt...@gmail.com>

jobs:
 build-amd64-xsm                                              pass    
 build-arm64-xsm                                              pass    
 build-i386-xsm                                               pass    
 build-amd64                                                  pass    
 build-arm64                                                  pass    
 build-armhf                                                  pass    
 build-i386                                                   pass    
 build-amd64-libvirt                                          pass    
 build-arm64-libvirt                                          pass    
 build-armhf-libvirt                                          pass    
 build-i386-libvirt                                           pass    
 build-amd64-pvops                                            pass    
 build-arm64-pvops                                            pass    
 build-armhf-pvops                                            pass    
 build-i386-pvops                                             pass    
 test-amd64-amd64-xl                                          pass    
 test-amd64-coresched-amd64-xl                                pass    
 test-arm64-arm64-xl                                          pass    
 test-armhf-armhf-xl                                          pass    
 test-amd64-i386-xl                                           pass    
 test-amd64-coresched-i386-xl                                 pass    
 test-amd64-amd64-libvirt-qemuu-debianhvm-amd64-xsm           pass    
 test-amd64-i386-libvirt-qemuu-debianhvm-amd64-xsm            pass    
 test-amd64-amd64-xl-qemut-stubdom-debianhvm-amd64-xsm        pass    
 test-amd64-i386-xl-qemut-stubdom-debianhvm-amd64-xsm         pass    
 test-amd64-amd64-xl-qemut-debianhvm-i386-xsm                 pass    
 test-amd64-i386-xl-qemut-debianhvm-i386-xsm                  pass    
 test-amd64-amd64-xl-qemuu-debianhvm-i386-xsm                 pass    
 test-amd64-i386-xl-qemuu-debianhvm-i386-xsm                  pass    
 test-amd64-amd64-libvirt-xsm                                 pass    
 test-arm64-arm64-libvirt-xsm                                 pass    
 test-amd64-i386-libvirt-xsm                                  pass    
 test-amd64-amd64-xl-xsm                                      pass    
 test-arm64-arm64-xl-xsm                                      pass    
 test-amd64-i386-xl-xsm                                       pass    
 test-amd64-amd64-qemuu-nested-amd                            fail    
 test-amd64-amd64-xl-pvhv2-amd                                pass    
 test-amd64-i386-qemut-rhel6hvm-amd                           pass    
 test-amd64-i386-qemuu-rhel6hvm-amd                           pass    
 test-amd64-amd64-dom0pvh-xl-amd                              pass    
 test-amd64-amd64-xl-qemut-debianhvm-amd64                    pass    
 test-amd64-i386-xl-qemut-debianhvm-amd64                     pass    
 test-amd64-amd64-xl-qemuu-debianhvm-amd64                    pass    
 test-amd64-i386-xl-qemuu-debianhvm-amd64                     pass    
 test-amd64-i386-freebsd10-amd64                              pass    
 test-amd64-amd64-qemuu-freebsd11-amd64                       pass    
 test-amd64-amd64-qemuu-freebsd12-amd64                       pass    
 test-amd64-amd64-xl-qemuu-ovmf-amd64                         pass    
 test-amd64-i386-xl-qemuu-ovmf-amd64                          pass    
 test-amd64-amd64-xl-qemut-win7-amd64                         fail    
 test-amd64-i386-xl-qemut-win7-amd64                          fail    
 test-amd64-amd64-xl-qemuu-win7-amd64                         fail    
 test-amd64-i386-xl-qemuu-win7-amd64                          fail    
 test-amd64-amd64-xl-qemut-ws16-amd64                         fail    
 test-amd64-i386-xl-qemut-ws16-amd64                          fail    
 test-amd64-amd64-xl-qemuu-ws16-amd64                         fail    
 test-amd64-i386-xl-qemuu-ws16-amd64                          fail    
 test-armhf-armhf-xl-arndale                                  pass    
 test-amd64-amd64-examine-bios                                pass    
 test-amd64-i386-examine-bios                                 pass    
 test-amd64-amd64-xl-credit1                                  pass    
 test-arm64-arm64-xl-credit1                                  pass    
 test-armhf-armhf-xl-credit1                                  fail    
 test-amd64-amd64-xl-credit2                                  pass    
 test-arm64-arm64-xl-credit2                                  pass    
 test-armhf-armhf-xl-credit2                                  fail    
 test-amd64-amd64-xl-qemuu-dmrestrict-amd64-dmrestrict        pass    
 test-amd64-i386-xl-qemuu-dmrestrict-amd64-dmrestrict         pass    
 test-amd64-amd64-examine                                     pass    
 test-arm64-arm64-examine                                     pass    
 test-armhf-armhf-examine                                     pass    
 test-amd64-i386-examine                                      pass    
 test-amd64-i386-freebsd10-i386                               pass    
 test-amd64-amd64-qemuu-nested-intel                          pass    
 test-amd64-amd64-xl-pvhv2-intel                              pass    
 test-amd64-i386-qemut-rhel6hvm-intel                         pass    
 test-amd64-i386-qemuu-rhel6hvm-intel                         pass    
 test-amd64-amd64-dom0pvh-xl-intel                            pass    
 test-amd64-amd64-libvirt                                     pass    
 test-armhf-armhf-libvirt                                     pass    
 test-amd64-i386-libvirt                                      pass    
 test-amd64-amd64-xl-multivcpu                                pass    
 test-armhf-armhf-xl-multivcpu                                pass    
 test-amd64-amd64-pair                                        pass    
 test-amd64-i386-pair                                         pass    
 test-amd64-amd64-libvirt-pair                                pass    
 test-amd64-i386-libvirt-pair                                 fail    
 test-amd64-amd64-xl-pvshim                                   pass    
 test-amd64-i386-xl-pvshim                                    fail    
 test-amd64-amd64-pygrub                                      pass    
 test-armhf-armhf-libvirt-qcow2                               pass    
 test-amd64-amd64-xl-qcow2                                    pass    
 test-arm64-arm64-libvirt-raw                                 pass    
 test-armhf-armhf-libvirt-raw                                 pass    
 test-amd64-i386-libvirt-raw                                  pass    
 test-amd64-amd64-xl-rtds                                     pass    
 test-armhf-armhf-xl-rtds                                     pass    
 test-amd64-amd64-xl-qemuu-debianhvm-amd64-shadow             pass    
 test-amd64-i386-xl-qemuu-debianhvm-amd64-shadow              pass    
 test-amd64-amd64-xl-shadow                                   pass    
 test-amd64-i386-xl-shadow                                    pass    
 test-arm64-arm64-xl-thunderx                                 pass    
 test-amd64-amd64-examine-uefi                                pass    
 test-amd64-i386-examine-uefi                                 pass    
 test-amd64-amd64-libvirt-vhd                                 fail    
 test-arm64-arm64-xl-vhd                                      pass    
 test-armhf-armhf-xl-vhd                                      pass    
 test-amd64-i386-xl-vhd                                       pass    


------------------------------------------------------------
sg-report-flight on osstest.test-lab.xenproject.org
logs: /home/logs/logs
images: /home/logs/images

Logs, config files, etc. are available at
    http://logs.test-lab.xenproject.org/osstest/logs

Explanation of these reports, and of osstest in general, is at
    http://xenbits.xen.org/gitweb/?p=osstest.git;a=blob;f=README.email;hb=master
    http://xenbits.xen.org/gitweb/?p=osstest.git;a=blob;f=README;hb=master

Test harness code can be found at
    http://xenbits.xen.org/gitweb?p=osstest.git;a=summary


Pushing revision :

hint: The 'hooks/update' hook was ignored because it's not set as executable.
hint: You can disable this warning with `git config advice.ignoredHook false`.
hint: The 'hooks/post-receive' hook was ignored because it's not set as 
executable.
hint: You can disable this warning with `git config advice.ignoredHook false`.
hint: The 'hooks/post-update' hook was ignored because it's not set as 
executable.
hint: You can disable this warning with `git config advice.ignoredHook false`.
To xenbits.xen.org:/home/xen/git/linux-pvops.git
   58f42ed1cd31..ea7862c507ec  ea7862c507eca54ea6caad9dcfc8bba5e749fbde -> 
tested/linux-5.4

Reply via email to