flight 180274 linux-linus real [real]
http://logs.test-lab.xenproject.org/osstest/logs/180274/

Failures and problems with tests :-(

Tests which did not succeed and are blocking,
including tests which could not be run:
 test-armhf-armhf-xl-multivcpu    <job status>                 broken
 test-armhf-armhf-xl-rtds        <job status>                 broken

Tests which did not succeed, but are not blocking:
 test-armhf-armhf-xl-multivcpu  5 host-install(5)      broken starved in 180253
 test-armhf-armhf-xl-rtds      5 host-install(5)       broken starved in 180253
 test-armhf-armhf-xl-arndale   8 xen-boot                fail baseline untested
 test-amd64-amd64-xl-qemut-win7-amd64 19 guest-stop            fail like 180253
 test-amd64-amd64-xl-qemuu-win7-amd64 19 guest-stop            fail like 180253
 test-amd64-amd64-xl-qemuu-ws16-amd64 19 guest-stop            fail like 180253
 test-amd64-amd64-qemuu-nested-amd 20 debian-hvm-install/l1/l2 fail like 180253
 test-amd64-amd64-xl-qemut-ws16-amd64 19 guest-stop            fail like 180253
 test-amd64-amd64-libvirt     15 migrate-support-check        fail   never pass
 test-amd64-amd64-libvirt-xsm 15 migrate-support-check        fail   never pass
 test-arm64-arm64-xl          15 migrate-support-check        fail   never pass
 test-arm64-arm64-xl          16 saverestore-support-check    fail   never pass
 test-arm64-arm64-xl-thunderx 15 migrate-support-check        fail   never pass
 test-arm64-arm64-xl-thunderx 16 saverestore-support-check    fail   never pass
 test-arm64-arm64-xl-credit2  15 migrate-support-check        fail   never pass
 test-arm64-arm64-xl-credit2  16 saverestore-support-check    fail   never pass
 test-arm64-arm64-xl-credit1  15 migrate-support-check        fail   never pass
 test-arm64-arm64-xl-credit1  16 saverestore-support-check    fail   never pass
 test-amd64-amd64-libvirt-qemuu-debianhvm-amd64-xsm 13 migrate-support-check 
fail never pass
 test-arm64-arm64-libvirt-xsm 15 migrate-support-check        fail   never pass
 test-arm64-arm64-libvirt-xsm 16 saverestore-support-check    fail   never pass
 test-arm64-arm64-xl-xsm      15 migrate-support-check        fail   never pass
 test-arm64-arm64-xl-xsm      16 saverestore-support-check    fail   never pass
 test-amd64-amd64-libvirt-qcow2 14 migrate-support-check        fail never pass
 test-amd64-amd64-libvirt-raw 14 migrate-support-check        fail   never pass
 test-armhf-armhf-xl-credit1  15 migrate-support-check        fail   never pass
 test-armhf-armhf-xl-credit1  16 saverestore-support-check    fail   never pass
 test-armhf-armhf-xl-cubietruck 15 migrate-support-check        fail never pass
 test-armhf-armhf-xl-cubietruck 16 saverestore-support-check    fail never pass
 test-arm64-arm64-libvirt-raw 14 migrate-support-check        fail   never pass
 test-arm64-arm64-libvirt-raw 15 saverestore-support-check    fail   never pass
 test-arm64-arm64-xl-vhd      14 migrate-support-check        fail   never pass
 test-arm64-arm64-xl-vhd      15 saverestore-support-check    fail   never pass
 test-armhf-armhf-examine      8 reboot                  fail starved in 180253
 test-armhf-armhf-libvirt      8 xen-boot                fail starved in 180253
 test-armhf-armhf-xl-vhd       8 xen-boot                fail starved in 180253
 test-armhf-armhf-libvirt-qcow2  8 xen-boot              fail starved in 180253
 test-armhf-armhf-xl           8 xen-boot                fail starved in 180253
 test-armhf-armhf-xl-credit2   8 xen-boot                fail starved in 180253
 test-armhf-armhf-libvirt-raw  8 xen-boot                fail starved in 180253

version targeted for testing:
 linux                3e7bb4f2461710b70887704af7f175383251088e
baseline version:
 linux                44149752e9987a9eac5ad78e6d3a20934b5e018d

Last test of basis   180253  2023-04-14 01:13:19 Z    2 days
Failing since        180264  2023-04-14 18:10:06 Z    2 days    5 attempts
Testing same since   180274  2023-04-16 10:58:47 Z    0 days    1 attempts

------------------------------------------------------------
People who touched revisions under test:
  Alexandre Ghiti <alexgh...@rivosinc.com>
  Cheng Xu <cheng...@linux.alibaba.com>
  Christoph Hellwig <h...@lst.de>
  Conor Dooley <conor.doo...@microchip.com>
  David Disseldorp <dd...@suse.de>
  Duy Truong <d...@dory.moe>
  Erik Brakkee <e...@brakkee.org>
  Gregor Herburger <gregor.herbur...@tq-group.com>
  Huang Rui <ray.hu...@amd.com>
  Jason Gunthorpe <j...@nvidia.com>
  Jens Axboe <ax...@kernel.dk>
  Jiri Kosina <jkos...@suse.cz>
  Kai Vehmanen <kai.vehma...@linux.intel.com>
  Leon Romanovsky <l...@kernel.org>
  Linus Torvalds <torva...@linux-foundation.org>
  Maher Sanalla <msana...@nvidia.com>
  Mario Limonciello <mario.limoncie...@amd.com>
  Mark Zhang <markzh...@nvidia.com>
  Martin K. Petersen <martin.peter...@oracle.com>
  Mathis Salmen <mathis.sal...@matsal.de>
  Matthias Schiffer <matthias.schif...@ew.tq-group.com>
  Michal Kolar <mic...@seznam.cz>
  Ming Lei <ming....@redhat.com>
  Miquel Raynal <miquel.ray...@bootlin.com> # v5.10, v4.19
  Mustafa Ismail <mustafa.ism...@intel.com>
  Nicolas Schichan <nschic...@freebox.fr>
  Oswald Buddenhagen <oswald.buddenha...@gmx.de>
  Palmer Dabbelt <pal...@rivosinc.com>
  Paul Menzel <pmen...@molgen.mpg.de>
  Peter Korsgaard <pe...@korsgaard.com>
  Pierre-Louis Bossart <pierre-louis.boss...@linux.intel.com>
  Rafael J. Wysocki <rafael.j.wyso...@intel.com>
  Richard Weinberger <rich...@nod.at>
  Rui Salvaterra <rsalvate...@gmail.com>
  Saravanan Vajravel <saravanan.vajra...@broadcom.com>
  Shiraz Saleem <shiraz.sal...@intel.com>
  Srinivas Pandruvada <srinivas.pandruv...@linux.intel.com>
  Stefan Binding <sbind...@opensource.cirrus.com>
  Steve French <stfre...@microsoft.com>
  Takashi Iwai <ti...@suse.de>
  Takashi Sakamoto <o-taka...@sakamocchi.jp>
  Tatyana Nikolova <tatyana.e.nikol...@intel.com>
  Tharun Kumar P <tharunkumar.pasumar...@microchip.com>
  Wolfram Sang <w...@kernel.org>
  Wyes Karny <wyes.ka...@amd.com>
  Xu Biang <xubi...@hust.edu.cn>
  ZhaoLong Wang <wangzhaolo...@huawei.com>
  Zhihao Cheng <chengzhih...@huawei.com>

jobs:
 build-amd64-xsm                                              pass    
 build-arm64-xsm                                              pass    
 build-i386-xsm                                               pass    
 build-amd64                                                  pass    
 build-arm64                                                  pass    
 build-armhf                                                  pass    
 build-i386                                                   pass    
 build-amd64-libvirt                                          pass    
 build-arm64-libvirt                                          pass    
 build-armhf-libvirt                                          pass    
 build-i386-libvirt                                           pass    
 build-amd64-pvops                                            pass    
 build-arm64-pvops                                            pass    
 build-armhf-pvops                                            pass    
 build-i386-pvops                                             pass    
 test-amd64-amd64-xl                                          pass    
 test-amd64-coresched-amd64-xl                                pass    
 test-arm64-arm64-xl                                          pass    
 test-armhf-armhf-xl                                          fail    
 test-amd64-amd64-libvirt-qemuu-debianhvm-amd64-xsm           pass    
 test-amd64-amd64-xl-qemut-stubdom-debianhvm-amd64-xsm        pass    
 test-amd64-amd64-xl-qemut-debianhvm-i386-xsm                 pass    
 test-amd64-amd64-xl-qemuu-debianhvm-i386-xsm                 pass    
 test-amd64-amd64-libvirt-xsm                                 pass    
 test-arm64-arm64-libvirt-xsm                                 pass    
 test-amd64-amd64-xl-xsm                                      pass    
 test-arm64-arm64-xl-xsm                                      pass    
 test-amd64-amd64-qemuu-nested-amd                            fail    
 test-amd64-amd64-xl-pvhv2-amd                                pass    
 test-amd64-amd64-dom0pvh-xl-amd                              pass    
 test-amd64-amd64-xl-qemut-debianhvm-amd64                    pass    
 test-amd64-amd64-xl-qemuu-debianhvm-amd64                    pass    
 test-amd64-amd64-freebsd11-amd64                             pass    
 test-amd64-amd64-freebsd12-amd64                             pass    
 test-amd64-amd64-xl-qemuu-ovmf-amd64                         pass    
 test-amd64-amd64-xl-qemut-win7-amd64                         fail    
 test-amd64-amd64-xl-qemuu-win7-amd64                         fail    
 test-amd64-amd64-xl-qemut-ws16-amd64                         fail    
 test-amd64-amd64-xl-qemuu-ws16-amd64                         fail    
 test-armhf-armhf-xl-arndale                                  fail    
 test-amd64-amd64-examine-bios                                pass    
 test-amd64-amd64-xl-credit1                                  pass    
 test-arm64-arm64-xl-credit1                                  pass    
 test-armhf-armhf-xl-credit1                                  pass    
 test-amd64-amd64-xl-credit2                                  pass    
 test-arm64-arm64-xl-credit2                                  pass    
 test-armhf-armhf-xl-credit2                                  fail    
 test-armhf-armhf-xl-cubietruck                               pass    
 test-amd64-amd64-xl-qemuu-dmrestrict-amd64-dmrestrict        pass    
 test-amd64-amd64-examine                                     pass    
 test-arm64-arm64-examine                                     pass    
 test-armhf-armhf-examine                                     fail    
 test-amd64-amd64-qemuu-nested-intel                          pass    
 test-amd64-amd64-xl-pvhv2-intel                              pass    
 test-amd64-amd64-dom0pvh-xl-intel                            pass    
 test-amd64-amd64-libvirt                                     pass    
 test-armhf-armhf-libvirt                                     fail    
 test-amd64-amd64-xl-multivcpu                                pass    
 test-armhf-armhf-xl-multivcpu                                broken  
 test-amd64-amd64-pair                                        pass    
 test-amd64-amd64-libvirt-pair                                pass    
 test-amd64-amd64-xl-pvshim                                   pass    
 test-amd64-amd64-pygrub                                      pass    
 test-amd64-amd64-libvirt-qcow2                               pass    
 test-armhf-armhf-libvirt-qcow2                               fail    
 test-amd64-amd64-libvirt-raw                                 pass    
 test-arm64-arm64-libvirt-raw                                 pass    
 test-armhf-armhf-libvirt-raw                                 fail    
 test-amd64-amd64-xl-rtds                                     pass    
 test-armhf-armhf-xl-rtds                                     broken  
 test-amd64-amd64-xl-qemuu-debianhvm-amd64-shadow             pass    
 test-amd64-amd64-xl-shadow                                   pass    
 test-arm64-arm64-xl-thunderx                                 pass    
 test-amd64-amd64-examine-uefi                                pass    
 test-amd64-amd64-xl-vhd                                      pass    
 test-arm64-arm64-xl-vhd                                      pass    
 test-armhf-armhf-xl-vhd                                      fail    


------------------------------------------------------------
sg-report-flight on osstest.test-lab.xenproject.org
logs: /home/logs/logs
images: /home/logs/images

Logs, config files, etc. are available at
    http://logs.test-lab.xenproject.org/osstest/logs

Explanation of these reports, and of osstest in general, is at
    http://xenbits.xen.org/gitweb/?p=osstest.git;a=blob;f=README.email;hb=master
    http://xenbits.xen.org/gitweb/?p=osstest.git;a=blob;f=README;hb=master

Test harness code can be found at
    http://xenbits.xen.org/gitweb?p=osstest.git;a=summary

broken-job test-armhf-armhf-xl-multivcpu broken
broken-job test-armhf-armhf-xl-rtds broken
broken-step test-armhf-armhf-xl-multivcpu host-install(5)
broken-step test-armhf-armhf-xl-rtds host-install(5)

Not pushing.

(No revision log; it would be 1107 lines long.)

Reply via email to