flight 180222 linux-linus real [real] flight 180228 linux-linus real-retest [real] http://logs.test-lab.xenproject.org/osstest/logs/180222/ http://logs.test-lab.xenproject.org/osstest/logs/180228/
Regressions :-( Tests which did not succeed and are blocking, including tests which could not be run: test-amd64-amd64-xl-vhd 21 guest-start/debian.repeat fail REGR. vs. 180208 Tests which are failing intermittently (not blocking): test-amd64-amd64-libvirt-qcow2 19 guest-start/debian.repeat fail pass in 180228-retest Tests which did not succeed, but are not blocking: test-amd64-amd64-xl-qemut-win7-amd64 19 guest-stop fail like 180208 test-amd64-amd64-xl-qemuu-win7-amd64 19 guest-stop fail like 180208 test-amd64-amd64-xl-qemuu-ws16-amd64 19 guest-stop fail like 180208 test-amd64-amd64-qemuu-nested-amd 20 debian-hvm-install/l1/l2 fail like 180208 test-amd64-amd64-xl-qemut-ws16-amd64 19 guest-stop fail like 180208 test-amd64-amd64-libvirt 15 migrate-support-check fail never pass test-amd64-amd64-libvirt-xsm 15 migrate-support-check fail never pass test-amd64-amd64-libvirt-qemuu-debianhvm-amd64-xsm 13 migrate-support-check fail never pass test-amd64-amd64-libvirt-qcow2 14 migrate-support-check fail never pass test-amd64-amd64-libvirt-raw 14 migrate-support-check fail never pass test-arm64-arm64-xl 1 build-check(1) starved n/a test-arm64-arm64-xl-credit1 1 build-check(1) starved n/a test-arm64-arm64-xl-credit2 1 build-check(1) starved n/a test-arm64-arm64-xl-thunderx 1 build-check(1) starved n/a test-arm64-arm64-xl-vhd 1 build-check(1) starved n/a test-arm64-arm64-xl-xsm 1 build-check(1) starved n/a test-armhf-armhf-examine 1 build-check(1) starved n/a test-armhf-armhf-libvirt 1 build-check(1) starved n/a test-armhf-armhf-libvirt-qcow2 1 build-check(1) starved n/a test-armhf-armhf-libvirt-raw 1 build-check(1) starved n/a test-armhf-armhf-xl 1 build-check(1) starved n/a test-armhf-armhf-xl-credit1 1 build-check(1) starved n/a test-armhf-armhf-xl-credit2 1 build-check(1) starved n/a test-armhf-armhf-xl-cubietruck 1 build-check(1) starved n/a test-armhf-armhf-xl-multivcpu 1 build-check(1) starved n/a test-armhf-armhf-xl-rtds 1 build-check(1) starved n/a test-armhf-armhf-xl-vhd 1 build-check(1) starved n/a build-armhf-libvirt 1 build-check(1) starved n/a test-arm64-arm64-examine 1 build-check(1) starved n/a test-arm64-arm64-libvirt-raw 1 build-check(1) starved n/a test-arm64-arm64-libvirt-xsm 1 build-check(1) starved n/a build-arm64-pvops 2 hosts-allocate starved n/a build-armhf 2 hosts-allocate starved n/a version targeted for testing: linux 0bcc4025550403ae28d2984bddacafbca0a2f112 baseline version: linux e62252bc55b6d4eddc6c2bdbf95a448180d6a08d Last test of basis 180208 2023-04-11 19:10:17 Z 1 days Testing same since 180222 2023-04-12 16:43:41 Z 0 days 1 attempts ------------------------------------------------------------ People who touched revisions under test: David Howells <dhowe...@redhat.com> Linus Torvalds <torva...@linux-foundation.org> jobs: build-amd64-xsm pass build-arm64-xsm pass build-i386-xsm pass build-amd64 pass build-arm64 pass build-armhf starved build-i386 pass build-amd64-libvirt pass build-arm64-libvirt pass build-armhf-libvirt starved build-i386-libvirt pass build-amd64-pvops pass build-arm64-pvops starved build-armhf-pvops pass build-i386-pvops pass test-amd64-amd64-xl pass test-amd64-coresched-amd64-xl pass test-arm64-arm64-xl starved test-armhf-armhf-xl starved test-amd64-amd64-libvirt-qemuu-debianhvm-amd64-xsm pass test-amd64-amd64-xl-qemut-stubdom-debianhvm-amd64-xsm pass test-amd64-amd64-xl-qemut-debianhvm-i386-xsm pass test-amd64-amd64-xl-qemuu-debianhvm-i386-xsm pass test-amd64-amd64-libvirt-xsm pass test-arm64-arm64-libvirt-xsm starved test-amd64-amd64-xl-xsm pass test-arm64-arm64-xl-xsm starved test-amd64-amd64-qemuu-nested-amd fail test-amd64-amd64-xl-pvhv2-amd pass test-amd64-amd64-dom0pvh-xl-amd pass test-amd64-amd64-xl-qemut-debianhvm-amd64 pass test-amd64-amd64-xl-qemuu-debianhvm-amd64 pass test-amd64-amd64-freebsd11-amd64 pass test-amd64-amd64-freebsd12-amd64 pass test-amd64-amd64-xl-qemuu-ovmf-amd64 pass test-amd64-amd64-xl-qemut-win7-amd64 fail test-amd64-amd64-xl-qemuu-win7-amd64 fail test-amd64-amd64-xl-qemut-ws16-amd64 fail test-amd64-amd64-xl-qemuu-ws16-amd64 fail test-amd64-amd64-examine-bios pass test-amd64-amd64-xl-credit1 pass test-arm64-arm64-xl-credit1 starved test-armhf-armhf-xl-credit1 starved test-amd64-amd64-xl-credit2 pass test-arm64-arm64-xl-credit2 starved test-armhf-armhf-xl-credit2 starved test-armhf-armhf-xl-cubietruck starved test-amd64-amd64-xl-qemuu-dmrestrict-amd64-dmrestrict pass test-amd64-amd64-examine pass test-arm64-arm64-examine starved test-armhf-armhf-examine starved test-amd64-amd64-qemuu-nested-intel pass test-amd64-amd64-xl-pvhv2-intel pass test-amd64-amd64-dom0pvh-xl-intel pass test-amd64-amd64-libvirt pass test-armhf-armhf-libvirt starved test-amd64-amd64-xl-multivcpu pass test-armhf-armhf-xl-multivcpu starved test-amd64-amd64-pair pass test-amd64-amd64-libvirt-pair pass test-amd64-amd64-xl-pvshim pass test-amd64-amd64-pygrub pass test-amd64-amd64-libvirt-qcow2 fail test-armhf-armhf-libvirt-qcow2 starved test-amd64-amd64-libvirt-raw pass test-arm64-arm64-libvirt-raw starved test-armhf-armhf-libvirt-raw starved test-amd64-amd64-xl-rtds pass test-armhf-armhf-xl-rtds starved test-amd64-amd64-xl-qemuu-debianhvm-amd64-shadow pass test-amd64-amd64-xl-shadow pass test-arm64-arm64-xl-thunderx starved test-amd64-amd64-examine-uefi pass test-amd64-amd64-xl-vhd fail test-arm64-arm64-xl-vhd starved test-armhf-armhf-xl-vhd starved ------------------------------------------------------------ sg-report-flight on osstest.test-lab.xenproject.org logs: /home/logs/logs images: /home/logs/images Logs, config files, etc. are available at http://logs.test-lab.xenproject.org/osstest/logs Explanation of these reports, and of osstest in general, is at http://xenbits.xen.org/gitweb/?p=osstest.git;a=blob;f=README.email;hb=master http://xenbits.xen.org/gitweb/?p=osstest.git;a=blob;f=README;hb=master Test harness code can be found at http://xenbits.xen.org/gitweb?p=osstest.git;a=summary Not pushing. ------------------------------------------------------------ commit 0bcc4025550403ae28d2984bddacafbca0a2f112 Author: David Howells <dhowe...@redhat.com> Date: Wed Apr 12 13:18:57 2023 +0100 netfs: Fix netfs_extract_iter_to_sg() for ITER_UBUF/IOVEC Fix netfs_extract_iter_to_sg() for ITER_UBUF and ITER_IOVEC to set the size of the page to the part of the page extracted, not the remaining amount of data in the extracted page array at that point. This doesn't yet affect anything as cifs, the only current user, only passes in non-user-backed iterators. Fixes: 018584697533 ("netfs: Add a function to extract an iterator into a scatterlist") Signed-off-by: David Howells <dhowe...@redhat.com> Reviewed-by: Jeff Layton <jlay...@kernel.org> Cc: Steve French <sfre...@samba.org> Cc: Shyam Prasad N <nspmangal...@gmail.com> Cc: Rohith Surabattula <rohiths.m...@gmail.com> Signed-off-by: Linus Torvalds <torva...@linux-foundation.org>