flight 179082 linux-5.4 real [real] flight 179173 linux-5.4 real-retest [real] http://logs.test-lab.xenproject.org/osstest/logs/179082/ http://logs.test-lab.xenproject.org/osstest/logs/179173/
Failures :-/ but no regressions. Tests which are failing intermittently (not blocking): test-amd64-i386-examine 6 xen-install fail pass in 179173-retest test-amd64-amd64-libvirt-vhd 19 guest-start/debian.repeat fail pass in 179173-retest Tests which did not succeed, but are not blocking: test-amd64-amd64-xl-qemuu-win7-amd64 19 guest-stop fail like 178453 test-amd64-i386-xl-qemut-win7-amd64 19 guest-stop fail like 178453 test-amd64-i386-xl-qemuu-win7-amd64 19 guest-stop fail like 178453 test-amd64-amd64-xl-qemut-win7-amd64 19 guest-stop fail like 178453 test-amd64-amd64-qemuu-nested-amd 20 debian-hvm-install/l1/l2 fail like 178453 test-amd64-amd64-xl-qemuu-ws16-amd64 19 guest-stop fail like 178453 test-amd64-amd64-xl-qemut-ws16-amd64 19 guest-stop fail like 178453 test-amd64-i386-xl-qemut-ws16-amd64 19 guest-stop fail like 178453 test-amd64-i386-xl-qemuu-ws16-amd64 19 guest-stop fail like 178453 test-amd64-i386-libvirt-xsm 15 migrate-support-check fail never pass test-amd64-i386-xl-pvshim 14 guest-start fail never pass test-amd64-amd64-libvirt-xsm 15 migrate-support-check fail never pass test-amd64-amd64-libvirt 15 migrate-support-check fail never pass test-amd64-i386-libvirt 15 migrate-support-check fail never pass test-amd64-amd64-libvirt-qemuu-debianhvm-amd64-xsm 13 migrate-support-check fail never pass test-arm64-arm64-xl-thunderx 15 migrate-support-check fail never pass test-arm64-arm64-xl-thunderx 16 saverestore-support-check fail never pass test-arm64-arm64-xl-credit2 15 migrate-support-check fail never pass test-arm64-arm64-xl-credit2 16 saverestore-support-check fail never pass test-arm64-arm64-libvirt-xsm 15 migrate-support-check fail never pass test-arm64-arm64-libvirt-xsm 16 saverestore-support-check fail never pass test-arm64-arm64-xl 15 migrate-support-check fail never pass test-arm64-arm64-xl-xsm 15 migrate-support-check fail never pass test-arm64-arm64-xl 16 saverestore-support-check fail never pass test-arm64-arm64-xl-xsm 16 saverestore-support-check fail never pass test-arm64-arm64-xl-credit1 15 migrate-support-check fail never pass test-arm64-arm64-xl-credit1 16 saverestore-support-check fail never pass test-amd64-i386-libvirt-qemuu-debianhvm-amd64-xsm 13 migrate-support-check fail never pass test-amd64-amd64-libvirt-vhd 14 migrate-support-check fail never pass test-amd64-i386-libvirt-raw 14 migrate-support-check fail never pass test-arm64-arm64-libvirt-raw 14 migrate-support-check fail never pass test-arm64-arm64-libvirt-raw 15 saverestore-support-check fail never pass test-arm64-arm64-xl-vhd 14 migrate-support-check fail never pass test-arm64-arm64-xl-vhd 15 saverestore-support-check fail never pass build-armhf-libvirt 1 build-check(1) starved n/a test-armhf-armhf-examine 1 build-check(1) starved n/a test-armhf-armhf-libvirt 1 build-check(1) starved n/a test-armhf-armhf-libvirt-qcow2 1 build-check(1) starved n/a test-armhf-armhf-libvirt-raw 1 build-check(1) starved n/a test-armhf-armhf-xl 1 build-check(1) starved n/a test-armhf-armhf-xl-credit1 1 build-check(1) starved n/a test-armhf-armhf-xl-credit2 1 build-check(1) starved n/a test-armhf-armhf-xl-cubietruck 1 build-check(1) starved n/a test-armhf-armhf-xl-multivcpu 1 build-check(1) starved n/a test-armhf-armhf-xl-rtds 1 build-check(1) starved n/a test-armhf-armhf-xl-vhd 1 build-check(1) starved n/a build-armhf 2 hosts-allocate starved n/a version targeted for testing: linux a103859aaa718cf13cb5f55c3a33512dbab613f7 baseline version: linux 69f65d442efe5eb3c1ee8adec251b918c1b0090a Last test of basis 178453 2023-02-25 11:13:22 Z 6 days Testing same since 179082 2023-03-03 11:13:35 Z 0 days 1 attempts ------------------------------------------------------------ People who touched revisions under test: Alan Stern <st...@rowland.harvard.edu> Benjamin Tissoires <benjamin.tissoi...@redhat.com> Dan Williams <dan.j.willi...@intel.com> Daniel Borkmann <dan...@iogearbox.net> David S. Miller <da...@davemloft.net> David Sterba <dste...@suse.com> Dean Luick <dean.lu...@cornelisnetworks.com> Dennis Dalessandro <dennis.dalessan...@cornelisnetworks.com> Florian Fainelli <f.faine...@gmail.com> Florian Zumbiehl <fl...@florz.de> Greg Kroah-Hartman <gre...@linuxfoundation.org> Guenter Roeck <li...@roeck-us.net> Heiko Stuebner <he...@sntech.de> Jakub Kicinski <k...@kernel.org> Jason Gunthorpe <j...@nvidia.com> Jiasheng Jiang <jiash...@iscas.ac.cn> Johan Hovold <jo...@kernel.org> Johan Jonker <jbx6...@gmail.com> Jon Hunter <jonath...@nvidia.com> Julian Anastasov <j...@ssi.bg> Krzysztof Kozlowski <krzysztof.kozlow...@linaro.org> Kuniyuki Iwashima <kun...@amazon.com> Leon Romanovsky <l...@kernel.org> Linus Torvalds <torva...@linux-foundation.org> Linux Kernel Functional Testing <l...@linaro.org> Martin KaFai Lau <martin....@kernel.org> Nobuhiro Iwamatsu (CIP) <nobuhiro1.iwama...@toshiba.co.jp> Sasha Levin <sas...@kernel.org> Shuah Khan <sk...@linuxfoundation.org> Slade Watkins <s...@sladewatkins.net> Sudip Mukherjee <sudip.mukher...@codethink.co.uk> Thomas Weißschuh <li...@weissschuh.net> Vinod Koul <vk...@kernel.org> Vishal Verma <vishal.l.ve...@intel.com> Xin Zhao <xnz...@google.com> Zhang Changzhong <zhangchangzh...@huawei.com> jobs: build-amd64-xsm pass build-arm64-xsm pass build-i386-xsm pass build-amd64 pass build-arm64 pass build-armhf starved build-i386 pass build-amd64-libvirt pass build-arm64-libvirt pass build-armhf-libvirt starved build-i386-libvirt pass build-amd64-pvops pass build-arm64-pvops pass build-armhf-pvops pass build-i386-pvops pass test-amd64-amd64-xl pass test-amd64-coresched-amd64-xl pass test-arm64-arm64-xl pass test-armhf-armhf-xl starved test-amd64-i386-xl pass test-amd64-coresched-i386-xl pass test-amd64-amd64-libvirt-qemuu-debianhvm-amd64-xsm pass test-amd64-i386-libvirt-qemuu-debianhvm-amd64-xsm pass test-amd64-amd64-xl-qemut-stubdom-debianhvm-amd64-xsm pass test-amd64-i386-xl-qemut-stubdom-debianhvm-amd64-xsm pass test-amd64-amd64-xl-qemut-debianhvm-i386-xsm pass test-amd64-i386-xl-qemut-debianhvm-i386-xsm pass test-amd64-amd64-xl-qemuu-debianhvm-i386-xsm pass test-amd64-i386-xl-qemuu-debianhvm-i386-xsm pass test-amd64-amd64-libvirt-xsm pass test-arm64-arm64-libvirt-xsm pass test-amd64-i386-libvirt-xsm pass test-amd64-amd64-xl-xsm pass test-arm64-arm64-xl-xsm pass test-amd64-i386-xl-xsm pass test-amd64-amd64-qemuu-nested-amd fail test-amd64-amd64-xl-pvhv2-amd pass test-amd64-i386-qemut-rhel6hvm-amd pass test-amd64-i386-qemuu-rhel6hvm-amd pass test-amd64-amd64-dom0pvh-xl-amd pass test-amd64-amd64-xl-qemut-debianhvm-amd64 pass test-amd64-i386-xl-qemut-debianhvm-amd64 pass test-amd64-amd64-xl-qemuu-debianhvm-amd64 pass test-amd64-i386-xl-qemuu-debianhvm-amd64 pass test-amd64-i386-freebsd10-amd64 pass test-amd64-amd64-qemuu-freebsd11-amd64 pass test-amd64-amd64-qemuu-freebsd12-amd64 pass test-amd64-amd64-xl-qemuu-ovmf-amd64 pass test-amd64-i386-xl-qemuu-ovmf-amd64 pass test-amd64-amd64-xl-qemut-win7-amd64 fail test-amd64-i386-xl-qemut-win7-amd64 fail test-amd64-amd64-xl-qemuu-win7-amd64 fail test-amd64-i386-xl-qemuu-win7-amd64 fail test-amd64-amd64-xl-qemut-ws16-amd64 fail test-amd64-i386-xl-qemut-ws16-amd64 fail test-amd64-amd64-xl-qemuu-ws16-amd64 fail test-amd64-i386-xl-qemuu-ws16-amd64 fail test-amd64-amd64-examine-bios pass test-amd64-i386-examine-bios pass test-amd64-amd64-xl-credit1 pass test-arm64-arm64-xl-credit1 pass test-armhf-armhf-xl-credit1 starved test-amd64-amd64-xl-credit2 pass test-arm64-arm64-xl-credit2 pass test-armhf-armhf-xl-credit2 starved test-armhf-armhf-xl-cubietruck starved test-amd64-amd64-xl-qemuu-dmrestrict-amd64-dmrestrict pass test-amd64-i386-xl-qemuu-dmrestrict-amd64-dmrestrict pass test-amd64-amd64-examine pass test-arm64-arm64-examine pass test-armhf-armhf-examine starved test-amd64-i386-examine fail test-amd64-i386-freebsd10-i386 pass test-amd64-amd64-qemuu-nested-intel pass test-amd64-amd64-xl-pvhv2-intel pass test-amd64-i386-qemut-rhel6hvm-intel pass test-amd64-i386-qemuu-rhel6hvm-intel pass test-amd64-amd64-dom0pvh-xl-intel pass test-amd64-amd64-libvirt pass test-armhf-armhf-libvirt starved test-amd64-i386-libvirt pass test-amd64-amd64-xl-multivcpu pass test-armhf-armhf-xl-multivcpu starved test-amd64-amd64-pair pass test-amd64-i386-pair pass test-amd64-amd64-libvirt-pair pass test-amd64-i386-libvirt-pair pass test-amd64-amd64-xl-pvshim pass test-amd64-i386-xl-pvshim fail test-amd64-amd64-pygrub pass test-armhf-armhf-libvirt-qcow2 starved test-amd64-amd64-xl-qcow2 pass test-arm64-arm64-libvirt-raw pass test-armhf-armhf-libvirt-raw starved test-amd64-i386-libvirt-raw pass test-amd64-amd64-xl-rtds pass test-armhf-armhf-xl-rtds starved test-amd64-amd64-xl-qemuu-debianhvm-amd64-shadow pass test-amd64-i386-xl-qemuu-debianhvm-amd64-shadow pass test-amd64-amd64-xl-shadow pass test-amd64-i386-xl-shadow pass test-arm64-arm64-xl-thunderx pass test-amd64-amd64-examine-uefi pass test-amd64-i386-examine-uefi pass test-amd64-amd64-libvirt-vhd fail test-arm64-arm64-xl-vhd pass test-armhf-armhf-xl-vhd starved test-amd64-i386-xl-vhd pass ------------------------------------------------------------ sg-report-flight on osstest.test-lab.xenproject.org logs: /home/logs/logs images: /home/logs/images Logs, config files, etc. are available at http://logs.test-lab.xenproject.org/osstest/logs Explanation of these reports, and of osstest in general, is at http://xenbits.xen.org/gitweb/?p=osstest.git;a=blob;f=README.email;hb=master http://xenbits.xen.org/gitweb/?p=osstest.git;a=blob;f=README;hb=master Test harness code can be found at http://xenbits.xen.org/gitweb?p=osstest.git;a=summary Pushing revision : hint: The 'hooks/update' hook was ignored because it's not set as executable. hint: You can disable this warning with `git config advice.ignoredHook false`. hint: The 'hooks/post-receive' hook was ignored because it's not set as executable. hint: You can disable this warning with `git config advice.ignoredHook false`. hint: The 'hooks/post-update' hook was ignored because it's not set as executable. hint: You can disable this warning with `git config advice.ignoredHook false`. To xenbits.xen.org:/home/xen/git/linux-pvops.git 69f65d442efe..a103859aaa71 a103859aaa718cf13cb5f55c3a33512dbab613f7 -> tested/linux-5.4