flight 178453 linux-5.4 real [real]
flight 178522 linux-5.4 real-retest [real]
http://logs.test-lab.xenproject.org/osstest/logs/178453/
http://logs.test-lab.xenproject.org/osstest/logs/178522/

Failures :-/ but no regressions.

Tests which are failing intermittently (not blocking):
 test-arm64-arm64-xl-credit1 18 guest-start/debian.repeat fail pass in 
178522-retest

Tests which did not succeed, but are not blocking:
 test-amd64-i386-qemut-rhel6hvm-amd  7 xen-install             fail like 178125
 test-amd64-amd64-xl-qemuu-win7-amd64 19 guest-stop            fail like 178125
 test-amd64-i386-xl-qemut-win7-amd64 19 guest-stop             fail like 178125
 test-amd64-i386-xl-qemuu-win7-amd64 19 guest-stop             fail like 178125
 test-amd64-amd64-xl-qemut-win7-amd64 19 guest-stop            fail like 178125
 test-amd64-amd64-qemuu-nested-amd 20 debian-hvm-install/l1/l2 fail like 178125
 test-amd64-amd64-xl-qemuu-ws16-amd64 19 guest-stop            fail like 178125
 test-amd64-amd64-xl-qemut-ws16-amd64 19 guest-stop            fail like 178125
 test-amd64-i386-xl-qemut-ws16-amd64 19 guest-stop             fail like 178125
 test-amd64-i386-xl-qemuu-ws16-amd64 19 guest-stop             fail like 178125
 test-arm64-arm64-xl-thunderx 15 migrate-support-check        fail   never pass
 test-arm64-arm64-xl-thunderx 16 saverestore-support-check    fail   never pass
 test-amd64-i386-libvirt-xsm  15 migrate-support-check        fail   never pass
 test-amd64-i386-xl-pvshim    14 guest-start                  fail   never pass
 test-amd64-amd64-libvirt-xsm 15 migrate-support-check        fail   never pass
 test-amd64-amd64-libvirt     15 migrate-support-check        fail   never pass
 test-amd64-amd64-libvirt-qemuu-debianhvm-amd64-xsm 13 migrate-support-check 
fail never pass
 test-amd64-i386-libvirt      15 migrate-support-check        fail   never pass
 test-amd64-i386-libvirt-qemuu-debianhvm-amd64-xsm 13 migrate-support-check 
fail never pass
 test-arm64-arm64-xl-credit2  15 migrate-support-check        fail   never pass
 test-arm64-arm64-xl-credit2  16 saverestore-support-check    fail   never pass
 test-arm64-arm64-libvirt-xsm 15 migrate-support-check        fail   never pass
 test-arm64-arm64-libvirt-xsm 16 saverestore-support-check    fail   never pass
 test-arm64-arm64-xl          15 migrate-support-check        fail   never pass
 test-arm64-arm64-xl-xsm      15 migrate-support-check        fail   never pass
 test-arm64-arm64-xl          16 saverestore-support-check    fail   never pass
 test-arm64-arm64-xl-xsm      16 saverestore-support-check    fail   never pass
 test-arm64-arm64-xl-credit1  15 migrate-support-check        fail   never pass
 test-arm64-arm64-xl-credit1  16 saverestore-support-check    fail   never pass
 test-amd64-amd64-libvirt-vhd 14 migrate-support-check        fail   never pass
 test-amd64-i386-libvirt-raw  14 migrate-support-check        fail   never pass
 test-arm64-arm64-libvirt-raw 14 migrate-support-check        fail   never pass
 test-arm64-arm64-libvirt-raw 15 saverestore-support-check    fail   never pass
 test-arm64-arm64-xl-vhd      14 migrate-support-check        fail   never pass
 test-arm64-arm64-xl-vhd      15 saverestore-support-check    fail   never pass
 build-armhf-libvirt           1 build-check(1)               starved  n/a
 test-armhf-armhf-examine      1 build-check(1)               starved  n/a
 test-armhf-armhf-libvirt      1 build-check(1)               starved  n/a
 test-armhf-armhf-libvirt-qcow2  1 build-check(1)               starved  n/a
 test-armhf-armhf-libvirt-raw  1 build-check(1)               starved  n/a
 test-armhf-armhf-xl           1 build-check(1)               starved  n/a
 test-armhf-armhf-xl-credit1   1 build-check(1)               starved  n/a
 test-armhf-armhf-xl-credit2   1 build-check(1)               starved  n/a
 test-armhf-armhf-xl-cubietruck  1 build-check(1)               starved  n/a
 test-armhf-armhf-xl-multivcpu  1 build-check(1)               starved  n/a
 test-armhf-armhf-xl-rtds      1 build-check(1)               starved  n/a
 test-armhf-armhf-xl-vhd       1 build-check(1)               starved  n/a
 build-armhf                   2 hosts-allocate               starved  n/a

version targeted for testing:
 linux                69f65d442efe5eb3c1ee8adec251b918c1b0090a
baseline version:
 linux                64121e2adf7d6fe2e684eec09ec9b9986d951d42

Last test of basis   178125  2023-02-22 12:17:26 Z    3 days
Testing same since   178453  2023-02-25 11:13:22 Z    0 days    1 attempts

------------------------------------------------------------
People who touched revisions under test:
  Alexei Starovoitov <alexei.starovoi...@gmail.com>
  Bitterblue Smith <rtl8821cer...@gmail.com>
  Camelia Groza <camelia.gr...@nxp.com>
  Christoph Hellwig <h...@lst.de>
  Daniel Borkmann <dan...@iogearbox.net>   # BPF bits
  Dave Hansen <dave.han...@linux.intel.com>
  David S. Miller <da...@davemloft.net>
  Fedor Pchelkin <pchel...@ispras.ru>
  Florian Fainelli <f.faine...@gmail.com>
  Geert Uytterhoeven <ge...@linux-m68k.org>
  Greg Kroah-Hartman <gre...@linuxfoundation.org>
  Guenter Roeck <li...@roeck-us.net>
  Jakub Kicinski <k...@kernel.org>
  Jason A. Donenfeld <ja...@zx2c4.com>
  Jim Mattson <jmatt...@google.com>
  Jimmy Assarsson <ex...@kvaser.com>
  Johannes Berg <johannes.b...@intel.com>
  John Stultz <jstu...@google.com>
  Kalle Valo <kv...@kernel.org>
  Kees Cook <keesc...@chromium.org>
  Linus Torvalds <torva...@linux-foundation.org>
  Linux Kernel Functional Testing <l...@linaro.org>
  Lucas Stach <l.st...@pengutronix.de>
  Lukas Wunner <lu...@wunner.de>
  Marc Kleine-Budde <m...@pengutronix.de>
  Marek Szyprowski <m.szyprow...@samsung.com>
  Ovidiu Panait <ovidiu.pan...@eng.windriver.com>
  Pavel Skripkin <paskrip...@gmail.com>
  Sasha Levin <sas...@kernel.org>
  Sean Anderson <sean.ander...@seco.com>
  Sean Christopherson <sea...@google.com>
  Shuah Khan <sk...@linuxfoundation.org>
  Slade Watkins <s...@sladewatkins.net>
  Sudip Mukherjee <sudip.mukher...@codethink.co.uk>
  Thomas Gleixner <t...@linutronix.de>
  Vladimir Oltean <vladimir.olt...@nxp.com>
  Zheng Wang <zyytlz...@163.com>
  Zhenyu Wang <zhen...@linux.intel.com>

jobs:
 build-amd64-xsm                                              pass    
 build-arm64-xsm                                              pass    
 build-i386-xsm                                               pass    
 build-amd64                                                  pass    
 build-arm64                                                  pass    
 build-armhf                                                  starved 
 build-i386                                                   pass    
 build-amd64-libvirt                                          pass    
 build-arm64-libvirt                                          pass    
 build-armhf-libvirt                                          starved 
 build-i386-libvirt                                           pass    
 build-amd64-pvops                                            pass    
 build-arm64-pvops                                            pass    
 build-armhf-pvops                                            pass    
 build-i386-pvops                                             pass    
 test-amd64-amd64-xl                                          pass    
 test-amd64-coresched-amd64-xl                                pass    
 test-arm64-arm64-xl                                          pass    
 test-armhf-armhf-xl                                          starved 
 test-amd64-i386-xl                                           pass    
 test-amd64-coresched-i386-xl                                 pass    
 test-amd64-amd64-libvirt-qemuu-debianhvm-amd64-xsm           pass    
 test-amd64-i386-libvirt-qemuu-debianhvm-amd64-xsm            pass    
 test-amd64-amd64-xl-qemut-stubdom-debianhvm-amd64-xsm        pass    
 test-amd64-i386-xl-qemut-stubdom-debianhvm-amd64-xsm         pass    
 test-amd64-amd64-xl-qemut-debianhvm-i386-xsm                 pass    
 test-amd64-i386-xl-qemut-debianhvm-i386-xsm                  pass    
 test-amd64-amd64-xl-qemuu-debianhvm-i386-xsm                 pass    
 test-amd64-i386-xl-qemuu-debianhvm-i386-xsm                  pass    
 test-amd64-amd64-libvirt-xsm                                 pass    
 test-arm64-arm64-libvirt-xsm                                 pass    
 test-amd64-i386-libvirt-xsm                                  pass    
 test-amd64-amd64-xl-xsm                                      pass    
 test-arm64-arm64-xl-xsm                                      pass    
 test-amd64-i386-xl-xsm                                       pass    
 test-amd64-amd64-qemuu-nested-amd                            fail    
 test-amd64-amd64-xl-pvhv2-amd                                pass    
 test-amd64-i386-qemut-rhel6hvm-amd                           fail    
 test-amd64-i386-qemuu-rhel6hvm-amd                           pass    
 test-amd64-amd64-dom0pvh-xl-amd                              pass    
 test-amd64-amd64-xl-qemut-debianhvm-amd64                    pass    
 test-amd64-i386-xl-qemut-debianhvm-amd64                     pass    
 test-amd64-amd64-xl-qemuu-debianhvm-amd64                    pass    
 test-amd64-i386-xl-qemuu-debianhvm-amd64                     pass    
 test-amd64-i386-freebsd10-amd64                              pass    
 test-amd64-amd64-qemuu-freebsd11-amd64                       pass    
 test-amd64-amd64-qemuu-freebsd12-amd64                       pass    
 test-amd64-amd64-xl-qemuu-ovmf-amd64                         pass    
 test-amd64-i386-xl-qemuu-ovmf-amd64                          pass    
 test-amd64-amd64-xl-qemut-win7-amd64                         fail    
 test-amd64-i386-xl-qemut-win7-amd64                          fail    
 test-amd64-amd64-xl-qemuu-win7-amd64                         fail    
 test-amd64-i386-xl-qemuu-win7-amd64                          fail    
 test-amd64-amd64-xl-qemut-ws16-amd64                         fail    
 test-amd64-i386-xl-qemut-ws16-amd64                          fail    
 test-amd64-amd64-xl-qemuu-ws16-amd64                         fail    
 test-amd64-i386-xl-qemuu-ws16-amd64                          fail    
 test-amd64-amd64-examine-bios                                pass    
 test-amd64-i386-examine-bios                                 pass    
 test-amd64-amd64-xl-credit1                                  pass    
 test-arm64-arm64-xl-credit1                                  fail    
 test-armhf-armhf-xl-credit1                                  starved 
 test-amd64-amd64-xl-credit2                                  pass    
 test-arm64-arm64-xl-credit2                                  pass    
 test-armhf-armhf-xl-credit2                                  starved 
 test-armhf-armhf-xl-cubietruck                               starved 
 test-amd64-amd64-xl-qemuu-dmrestrict-amd64-dmrestrict        pass    
 test-amd64-i386-xl-qemuu-dmrestrict-amd64-dmrestrict         pass    
 test-amd64-amd64-examine                                     pass    
 test-arm64-arm64-examine                                     pass    
 test-armhf-armhf-examine                                     starved 
 test-amd64-i386-examine                                      pass    
 test-amd64-i386-freebsd10-i386                               pass    
 test-amd64-amd64-qemuu-nested-intel                          pass    
 test-amd64-amd64-xl-pvhv2-intel                              pass    
 test-amd64-i386-qemut-rhel6hvm-intel                         pass    
 test-amd64-i386-qemuu-rhel6hvm-intel                         pass    
 test-amd64-amd64-dom0pvh-xl-intel                            pass    
 test-amd64-amd64-libvirt                                     pass    
 test-armhf-armhf-libvirt                                     starved 
 test-amd64-i386-libvirt                                      pass    
 test-amd64-amd64-xl-multivcpu                                pass    
 test-armhf-armhf-xl-multivcpu                                starved 
 test-amd64-amd64-pair                                        pass    
 test-amd64-i386-pair                                         pass    
 test-amd64-amd64-libvirt-pair                                pass    
 test-amd64-i386-libvirt-pair                                 pass    
 test-amd64-amd64-xl-pvshim                                   pass    
 test-amd64-i386-xl-pvshim                                    fail    
 test-amd64-amd64-pygrub                                      pass    
 test-armhf-armhf-libvirt-qcow2                               starved 
 test-amd64-amd64-xl-qcow2                                    pass    
 test-arm64-arm64-libvirt-raw                                 pass    
 test-armhf-armhf-libvirt-raw                                 starved 
 test-amd64-i386-libvirt-raw                                  pass    
 test-amd64-amd64-xl-rtds                                     pass    
 test-armhf-armhf-xl-rtds                                     starved 
 test-amd64-amd64-xl-qemuu-debianhvm-amd64-shadow             pass    
 test-amd64-i386-xl-qemuu-debianhvm-amd64-shadow              pass    
 test-amd64-amd64-xl-shadow                                   pass    
 test-amd64-i386-xl-shadow                                    pass    
 test-arm64-arm64-xl-thunderx                                 pass    
 test-amd64-amd64-examine-uefi                                pass    
 test-amd64-i386-examine-uefi                                 pass    
 test-amd64-amd64-libvirt-vhd                                 pass    
 test-arm64-arm64-xl-vhd                                      pass    
 test-armhf-armhf-xl-vhd                                      starved 
 test-amd64-i386-xl-vhd                                       pass    


------------------------------------------------------------
sg-report-flight on osstest.test-lab.xenproject.org
logs: /home/logs/logs
images: /home/logs/images

Logs, config files, etc. are available at
    http://logs.test-lab.xenproject.org/osstest/logs

Explanation of these reports, and of osstest in general, is at
    http://xenbits.xen.org/gitweb/?p=osstest.git;a=blob;f=README.email;hb=master
    http://xenbits.xen.org/gitweb/?p=osstest.git;a=blob;f=README;hb=master

Test harness code can be found at
    http://xenbits.xen.org/gitweb?p=osstest.git;a=summary


Pushing revision :

hint: The 'hooks/update' hook was ignored because it's not set as executable.
hint: You can disable this warning with `git config advice.ignoredHook false`.
hint: The 'hooks/post-receive' hook was ignored because it's not set as 
executable.
hint: You can disable this warning with `git config advice.ignoredHook false`.
hint: The 'hooks/post-update' hook was ignored because it's not set as 
executable.
hint: You can disable this warning with `git config advice.ignoredHook false`.
To xenbits.xen.org:/home/xen/git/linux-pvops.git
   64121e2adf7d..69f65d442efe  69f65d442efe5eb3c1ee8adec251b918c1b0090a -> 
tested/linux-5.4

Reply via email to