flight 175995 xen-unstable-smoke real [real] http://logs.test-lab.xenproject.org/osstest/logs/175995/
Failures :-/ but no regressions. Tests which did not succeed, but are not blocking: test-amd64-amd64-libvirt 15 migrate-support-check fail never pass test-armhf-armhf-xl 15 migrate-support-check fail never pass test-armhf-armhf-xl 16 saverestore-support-check fail never pass test-arm64-arm64-xl-xsm 15 migrate-support-check fail never pass test-arm64-arm64-xl-xsm 16 saverestore-support-check fail never pass version targeted for testing: xen 90caa47aa33efb6408514ce09721624a2bdf6694 baseline version: xen f588e7b7cb70800533aaa8a2a9d7a4b32d10b363 Last test of basis 175961 2023-01-18 17:01:50 Z 1 days Testing same since 175995 2023-01-20 09:00:27 Z 0 days 1 attempts ------------------------------------------------------------ People who touched revisions under test: Andrew Cooper <andrew.coop...@citrix.com> Andrew Cooper <andrew.coo...@citrix.com> Bobby Eshleman <bobby.eshle...@gmail.com> Jan Beulich <jbeul...@suse.com> Julien Grall <jgr...@amazon.com> Oleksii Kurochko <oleksii.kuroc...@gmail.com> Xenia Ragiadakou <burzalod...@gmail.com> jobs: build-arm64-xsm pass build-amd64 pass build-armhf pass build-amd64-libvirt pass test-armhf-armhf-xl pass test-arm64-arm64-xl-xsm pass test-amd64-amd64-xl-qemuu-debianhvm-amd64 pass test-amd64-amd64-libvirt pass ------------------------------------------------------------ sg-report-flight on osstest.test-lab.xenproject.org logs: /home/logs/logs images: /home/logs/images Logs, config files, etc. are available at http://logs.test-lab.xenproject.org/osstest/logs Explanation of these reports, and of osstest in general, is at http://xenbits.xen.org/gitweb/?p=osstest.git;a=blob;f=README.email;hb=master http://xenbits.xen.org/gitweb/?p=osstest.git;a=blob;f=README;hb=master Test harness code can be found at http://xenbits.xen.org/gitweb?p=osstest.git;a=summary Pushing revision : To xenbits.xen.org:/home/xen/git/xen.git f588e7b7cb..90caa47aa3 90caa47aa33efb6408514ce09721624a2bdf6694 -> smoke