flight 175967 libvirt real [real] http://logs.test-lab.xenproject.org/osstest/logs/175967/
Failures :-/ but no regressions. Tests which did not succeed, but are not blocking: test-armhf-armhf-libvirt 16 saverestore-support-check fail like 175736 test-armhf-armhf-libvirt-qcow2 15 saverestore-support-check fail like 175736 test-armhf-armhf-libvirt-raw 15 saverestore-support-check fail like 175736 test-amd64-amd64-libvirt-xsm 15 migrate-support-check fail never pass test-amd64-amd64-libvirt 15 migrate-support-check fail never pass test-amd64-i386-libvirt-xsm 15 migrate-support-check fail never pass test-amd64-i386-libvirt 15 migrate-support-check fail never pass test-amd64-i386-libvirt-qemuu-debianhvm-amd64-xsm 13 migrate-support-check fail never pass test-arm64-arm64-libvirt-xsm 15 migrate-support-check fail never pass test-arm64-arm64-libvirt-xsm 16 saverestore-support-check fail never pass test-arm64-arm64-libvirt 15 migrate-support-check fail never pass test-arm64-arm64-libvirt 16 saverestore-support-check fail never pass test-amd64-amd64-libvirt-vhd 14 migrate-support-check fail never pass test-amd64-amd64-libvirt-qemuu-debianhvm-amd64-xsm 13 migrate-support-check fail never pass test-arm64-arm64-libvirt-qcow2 14 migrate-support-check fail never pass test-arm64-arm64-libvirt-qcow2 15 saverestore-support-check fail never pass test-amd64-i386-libvirt-raw 14 migrate-support-check fail never pass test-armhf-armhf-libvirt 15 migrate-support-check fail never pass test-arm64-arm64-libvirt-raw 14 migrate-support-check fail never pass test-arm64-arm64-libvirt-raw 15 saverestore-support-check fail never pass test-armhf-armhf-libvirt-qcow2 14 migrate-support-check fail never pass test-armhf-armhf-libvirt-raw 14 migrate-support-check fail never pass version targeted for testing: libvirt 16bfbc8cd2b4a039d3e846dceca807a9cc15849b baseline version: libvirt 12a3bee3899cdba8b637a7286f24ade1214b6420 Last test of basis 175736 2023-01-12 04:18:57 Z 7 days Failing since 175917 2023-01-16 04:18:43 Z 3 days 2 attempts Testing same since 175967 2023-01-19 04:22:35 Z 0 days 1 attempts ------------------------------------------------------------ People who touched revisions under test: Andrea Bolognani <abolo...@redhat.com> Anton Fadeev <anton.fad...@red-soft.ru> antonios-f <anton.fad...@red-soft.ru> Daniel P. Berrangé <berra...@redhat.com> Erik Skultety <eskul...@redhat.com> Han Han <h...@redhat.com> Jim Fehlig <jfeh...@suse.com> Jiri Denemark <jdene...@redhat.com> Ján Tomko <jto...@redhat.com> Laine Stump <la...@redhat.com> Michal Privoznik <mpriv...@redhat.com> Pavel Hrdina <phrd...@redhat.com> Peter Krempa <pkre...@redhat.com> Yuri Chornoivan <yurc...@ukr.net> 김인수 <sim...@nplob.com> jobs: build-amd64-xsm pass build-arm64-xsm pass build-i386-xsm pass build-amd64 pass build-arm64 pass build-armhf pass build-i386 pass build-amd64-libvirt pass build-arm64-libvirt pass build-armhf-libvirt pass build-i386-libvirt pass build-amd64-pvops pass build-arm64-pvops pass build-armhf-pvops pass build-i386-pvops pass test-amd64-amd64-libvirt-qemuu-debianhvm-amd64-xsm pass test-amd64-i386-libvirt-qemuu-debianhvm-amd64-xsm pass test-amd64-amd64-libvirt-xsm pass test-arm64-arm64-libvirt-xsm pass test-amd64-i386-libvirt-xsm pass test-amd64-amd64-libvirt pass test-arm64-arm64-libvirt pass test-armhf-armhf-libvirt pass test-amd64-i386-libvirt pass test-amd64-amd64-libvirt-pair pass test-amd64-i386-libvirt-pair pass test-arm64-arm64-libvirt-qcow2 pass test-armhf-armhf-libvirt-qcow2 pass test-arm64-arm64-libvirt-raw pass test-armhf-armhf-libvirt-raw pass test-amd64-i386-libvirt-raw pass test-amd64-amd64-libvirt-vhd pass ------------------------------------------------------------ sg-report-flight on osstest.test-lab.xenproject.org logs: /home/logs/logs images: /home/logs/images Logs, config files, etc. are available at http://logs.test-lab.xenproject.org/osstest/logs Explanation of these reports, and of osstest in general, is at http://xenbits.xen.org/gitweb/?p=osstest.git;a=blob;f=README.email;hb=master http://xenbits.xen.org/gitweb/?p=osstest.git;a=blob;f=README;hb=master Test harness code can be found at http://xenbits.xen.org/gitweb?p=osstest.git;a=summary Pushing revision : To xenbits.xen.org:/home/xen/git/libvirt.git 12a3bee389..16bfbc8cd2 16bfbc8cd2b4a039d3e846dceca807a9cc15849b -> xen-tested-master