flight 122519 linux-4.9 real [real] http://logs.test-lab.xenproject.org/osstest/logs/122519/
Failures :-/ but no regressions. Tests which did not succeed, but are not blocking: test-amd64-amd64-xl-qemut-win7-amd64 17 guest-stop fail like 122398 test-amd64-i386-xl-qemut-win7-amd64 17 guest-stop fail like 122398 test-amd64-amd64-xl-qemuu-win7-amd64 17 guest-stop fail like 122398 test-amd64-i386-xl-qemuu-win7-amd64 17 guest-stop fail like 122398 test-amd64-amd64-xl-qemuu-ws16-amd64 17 guest-stop fail like 122398 test-amd64-amd64-xl-pvhv2-intel 12 guest-start fail never pass test-amd64-amd64-libvirt-xsm 13 migrate-support-check fail never pass test-amd64-amd64-xl-pvhv2-amd 12 guest-start fail never pass test-amd64-amd64-libvirt 13 migrate-support-check fail never pass test-amd64-i386-libvirt 13 migrate-support-check fail never pass test-amd64-i386-xl-pvshim 12 guest-start fail never pass test-amd64-i386-libvirt-xsm 13 migrate-support-check fail never pass test-arm64-arm64-xl-credit2 13 migrate-support-check fail never pass test-arm64-arm64-xl-credit2 14 saverestore-support-check fail never pass test-arm64-arm64-xl 13 migrate-support-check fail never pass test-arm64-arm64-xl-xsm 13 migrate-support-check fail never pass test-arm64-arm64-xl-xsm 14 saverestore-support-check fail never pass test-arm64-arm64-xl 14 saverestore-support-check fail never pass test-arm64-arm64-libvirt-xsm 13 migrate-support-check fail never pass test-arm64-arm64-libvirt-xsm 14 saverestore-support-check fail never pass test-amd64-amd64-libvirt-qemuu-debianhvm-amd64-xsm 11 migrate-support-check fail never pass test-amd64-i386-libvirt-qemuu-debianhvm-amd64-xsm 11 migrate-support-check fail never pass test-armhf-armhf-xl-rtds 13 migrate-support-check fail never pass test-armhf-armhf-xl-rtds 14 saverestore-support-check fail never pass test-armhf-armhf-xl-multivcpu 13 migrate-support-check fail never pass test-armhf-armhf-xl-arndale 13 migrate-support-check fail never pass test-armhf-armhf-xl-arndale 14 saverestore-support-check fail never pass test-armhf-armhf-xl-multivcpu 14 saverestore-support-check fail never pass test-amd64-amd64-qemuu-nested-amd 17 debian-hvm-install/l1/l2 fail never pass test-amd64-amd64-libvirt-vhd 12 migrate-support-check fail never pass test-armhf-armhf-libvirt-xsm 13 migrate-support-check fail never pass test-armhf-armhf-libvirt-xsm 14 saverestore-support-check fail never pass test-armhf-armhf-xl-xsm 13 migrate-support-check fail never pass test-armhf-armhf-xl-xsm 14 saverestore-support-check fail never pass test-armhf-armhf-libvirt 13 migrate-support-check fail never pass test-armhf-armhf-libvirt 14 saverestore-support-check fail never pass test-armhf-armhf-xl-credit2 13 migrate-support-check fail never pass test-armhf-armhf-xl-credit2 14 saverestore-support-check fail never pass test-armhf-armhf-xl 13 migrate-support-check fail never pass test-armhf-armhf-xl 14 saverestore-support-check fail never pass test-armhf-armhf-xl-cubietruck 13 migrate-support-check fail never pass test-armhf-armhf-xl-cubietruck 14 saverestore-support-check fail never pass test-amd64-amd64-xl-qemut-ws16-amd64 17 guest-stop fail never pass test-amd64-i386-xl-qemut-ws16-amd64 17 guest-stop fail never pass test-amd64-i386-xl-qemuu-ws16-amd64 17 guest-stop fail never pass test-armhf-armhf-xl-vhd 12 migrate-support-check fail never pass test-armhf-armhf-xl-vhd 13 saverestore-support-check fail never pass test-armhf-armhf-libvirt-raw 12 migrate-support-check fail never pass test-armhf-armhf-libvirt-raw 13 saverestore-support-check fail never pass test-amd64-amd64-xl-qemuu-win10-i386 10 windows-install fail never pass test-amd64-amd64-xl-qemut-win10-i386 10 windows-install fail never pass test-amd64-i386-xl-qemuu-win10-i386 10 windows-install fail never pass test-amd64-i386-xl-qemut-win10-i386 10 windows-install fail never pass version targeted for testing: linux ba3cd5796223e0971d30e910e0d5b953576f8629 baseline version: linux 5cd35f3eb5384f30d1a10d87f088bacd8839c22b Last test of basis 122398 2018-04-24 19:39:50 Z 6 days Testing same since 122519 2018-04-29 19:42:21 Z 1 days 1 attempts ------------------------------------------------------------ People who touched revisions under test: Alexander Aring <ar...@mojatatu.com> Andreas Kemnade <andr...@kemnade.info> Arnaldo Carvalho de Melo <a...@redhat.com> Benjamin Beichler <benjamin.beich...@uni-rostock.de> Benjamin Tissoires <benjamin.tissoi...@redhat.com> Bin Liu <b-...@ti.com> Bjorn Helgaas <bhelg...@google.com> Chris Wilson <ch...@chris-wilson.co.uk> (v1) Christian Borntraeger <borntrae...@de.ibm.com> Colin Ian King <colin.k...@canonical.com> Cong Wang <xiyou.wangc...@gmail.com> Cornelia Huck <coh...@redhat.com> Dan Carpenter <dan.carpen...@oracle.com> Dan Murphy <dmur...@ti.com> Daniel J Blueman <dan...@quora.org> David Ahern <d...@cumulusnetworks.com> David Ahern <dsah...@gmail.com> David S. Miller <da...@davemloft.net> Dmitry Torokhov <dmitry.torok...@gmail.com> Doron Roberts-Kedes <doro...@fb.com> Doug Ledford <dledf...@redhat.com> Eric Anholt <e...@anholt.net> Eric Biggers <ebigg...@google.com> Eric Dumazet <eduma...@google.com> Eugeniu Rosca <ero...@de.adit-jv.com> Felix Fietkau <n...@nbd.name> Grant Grundler <grund...@chromium.org> Greg Kroah-Hartman <gre...@linuxfoundation.org> Guillaume Nault <g.na...@alphalink.fr> Gustavo A. R. Silva <gust...@embeddedor.com> Hans de Goede <hdego...@redhat.com> Heiko Carstens <heiko.carst...@de.ibm.com> Imre Deak <imre.d...@intel.com> Ivan Khoronzhuk <ivan.khoronz...@linaro.org> Jamal Hadi Salim <j...@mojatatu.com> Jani Nikula <jani.nik...@intel.com> Jann Horn <ja...@google.com> Jason Andryuk <jandr...@gmail.com> Jean Delvare <jdelv...@suse.de> Jens Axboe <ax...@kernel.dk> Jiri Olsa <jo...@kernel.org> Johannes Berg <johannes.b...@intel.com> Kalle Valo <kv...@codeaurora.org> Kalle Valo <kv...@qca.qualcomm.com> Karthikeyan Periyasamy <periy...@codeaurora.org> Krzysztof Kozlowski <k...@kernel.org> Leon Romanovsky <leo...@mellanox.com> Martin K. Petersen <martin.peter...@oracle.com> Martin Schwidefsky <schwidef...@de.ibm.com> Matt Redfearn <matt.redfe...@imgtec.com> Mauro Carvalho Chehab <mche...@s-opensource.com> Merlijn Wajer <merl...@wizzup.org> Neil Horman <nhor...@tuxdriver.com> Paolo Abeni <pab...@redhat.com> Paul Burton <paul.bur...@imgtec.com> Radim Krčmář <rkrc...@redhat.com> Rafael J. Wysocki <rafael.j.wyso...@intel.com> Ralf Baechle <r...@linux-mips.org> Rob Herring <r...@kernel.org> Rodrigo Vivi <rodrigo.v...@intel.com> Ronnie Sahlberg <lsahl...@redhat.com> Sahitya Tummala <stumm...@codeaurora.org> Sebastian Ott <seb...@linux.ibm.com> Sebastian Reichel <s...@kernel.org> Sinan Kaya <ok...@codeaurora.org> Stefan Haberland <s...@linux.vnet.ibm.com> Steve French <smfre...@gmail.com> Theodore Ts'o <ty...@mit.edu> Thomas Gleixner <t...@linutronix.de> Tony Lindgren <t...@atomide.com> Toshiaki Makita <makita.toshi...@lab.ntt.co.jp> Vasily Gorbik <g...@linux.vnet.ibm.com> Willem de Bruijn <will...@google.com> Wolfgang Bumiller <w.bumil...@proxmox.com> Wolfram Sang <w...@the-dreams.de> Xiaoming Gao <gxm.linux.ker...@gmail.com> Xiaoming Gao <newton...@tencent.com> Xin Long <lucien....@gmail.com> Yuchung Cheng <ych...@google.com> jobs: build-amd64-xsm pass build-arm64-xsm pass build-armhf-xsm pass build-i386-xsm pass build-amd64 pass build-arm64 pass build-armhf pass build-i386 pass build-amd64-libvirt pass build-arm64-libvirt pass build-armhf-libvirt pass build-i386-libvirt pass build-amd64-pvops pass build-arm64-pvops pass build-armhf-pvops pass build-i386-pvops pass build-amd64-rumprun pass build-i386-rumprun pass test-amd64-amd64-xl pass test-arm64-arm64-xl pass test-armhf-armhf-xl pass test-amd64-i386-xl pass test-amd64-amd64-xl-qemut-debianhvm-amd64-xsm pass test-amd64-i386-xl-qemut-debianhvm-amd64-xsm pass test-amd64-amd64-libvirt-qemuu-debianhvm-amd64-xsm pass test-amd64-i386-libvirt-qemuu-debianhvm-amd64-xsm pass test-amd64-amd64-xl-qemuu-debianhvm-amd64-xsm pass test-amd64-i386-xl-qemuu-debianhvm-amd64-xsm pass test-amd64-amd64-xl-qemut-stubdom-debianhvm-amd64-xsm pass test-amd64-i386-xl-qemut-stubdom-debianhvm-amd64-xsm pass test-amd64-amd64-libvirt-xsm pass test-arm64-arm64-libvirt-xsm pass test-armhf-armhf-libvirt-xsm pass test-amd64-i386-libvirt-xsm pass test-amd64-amd64-xl-xsm pass test-arm64-arm64-xl-xsm pass test-armhf-armhf-xl-xsm pass test-amd64-i386-xl-xsm pass test-amd64-amd64-qemuu-nested-amd fail test-amd64-amd64-xl-pvhv2-amd fail test-amd64-i386-qemut-rhel6hvm-amd pass test-amd64-i386-qemuu-rhel6hvm-amd pass test-amd64-amd64-xl-qemut-debianhvm-amd64 pass test-amd64-i386-xl-qemut-debianhvm-amd64 pass test-amd64-amd64-xl-qemuu-debianhvm-amd64 pass test-amd64-i386-xl-qemuu-debianhvm-amd64 pass test-amd64-i386-freebsd10-amd64 pass test-amd64-amd64-xl-qemuu-ovmf-amd64 pass test-amd64-i386-xl-qemuu-ovmf-amd64 pass test-amd64-amd64-rumprun-amd64 pass test-amd64-amd64-xl-qemut-win7-amd64 fail test-amd64-i386-xl-qemut-win7-amd64 fail test-amd64-amd64-xl-qemuu-win7-amd64 fail test-amd64-i386-xl-qemuu-win7-amd64 fail test-amd64-amd64-xl-qemut-ws16-amd64 fail test-amd64-i386-xl-qemut-ws16-amd64 fail test-amd64-amd64-xl-qemuu-ws16-amd64 fail test-amd64-i386-xl-qemuu-ws16-amd64 fail test-armhf-armhf-xl-arndale pass test-amd64-amd64-xl-credit2 pass test-arm64-arm64-xl-credit2 pass test-armhf-armhf-xl-credit2 pass test-armhf-armhf-xl-cubietruck pass test-amd64-amd64-examine pass test-arm64-arm64-examine pass test-armhf-armhf-examine pass test-amd64-i386-examine pass test-amd64-i386-freebsd10-i386 pass test-amd64-i386-rumprun-i386 pass test-amd64-amd64-xl-qemut-win10-i386 fail test-amd64-i386-xl-qemut-win10-i386 fail test-amd64-amd64-xl-qemuu-win10-i386 fail test-amd64-i386-xl-qemuu-win10-i386 fail test-amd64-amd64-qemuu-nested-intel pass test-amd64-amd64-xl-pvhv2-intel fail test-amd64-i386-qemut-rhel6hvm-intel pass test-amd64-i386-qemuu-rhel6hvm-intel pass test-amd64-amd64-libvirt pass test-armhf-armhf-libvirt pass test-amd64-i386-libvirt pass test-amd64-amd64-xl-multivcpu pass test-armhf-armhf-xl-multivcpu pass test-amd64-amd64-pair pass test-amd64-i386-pair pass test-amd64-amd64-libvirt-pair pass test-amd64-i386-libvirt-pair pass test-amd64-amd64-amd64-pvgrub pass test-amd64-amd64-i386-pvgrub pass test-amd64-amd64-xl-pvshim pass test-amd64-i386-xl-pvshim fail test-amd64-amd64-pygrub pass test-amd64-amd64-xl-qcow2 pass test-armhf-armhf-libvirt-raw pass test-amd64-i386-xl-raw pass test-amd64-amd64-xl-rtds pass test-armhf-armhf-xl-rtds pass test-amd64-amd64-xl-qemuu-debianhvm-amd64-shadow pass test-amd64-i386-xl-qemuu-debianhvm-amd64-shadow pass test-amd64-amd64-xl-shadow pass test-amd64-i386-xl-shadow pass test-amd64-amd64-libvirt-vhd pass test-armhf-armhf-xl-vhd pass ------------------------------------------------------------ sg-report-flight on osstest.test-lab.xenproject.org logs: /home/logs/logs images: /home/logs/images Logs, config files, etc. are available at http://logs.test-lab.xenproject.org/osstest/logs Explanation of these reports, and of osstest in general, is at http://xenbits.xen.org/gitweb/?p=osstest.git;a=blob;f=README.email;hb=master http://xenbits.xen.org/gitweb/?p=osstest.git;a=blob;f=README;hb=master Test harness code can be found at http://xenbits.xen.org/gitweb?p=osstest.git;a=summary Pushing revision : To xenbits.xen.org:/home/xen/git/linux-pvops.git 5cd35f3eb538..ba3cd5796223 ba3cd5796223e0971d30e910e0d5b953576f8629 -> tested/linux-4.9 _______________________________________________ Xen-devel mailing list Xen-devel@lists.xenproject.org https://lists.xenproject.org/mailman/listinfo/xen-devel