flight 122515 linux-3.18 real [real] http://logs.test-lab.xenproject.org/osstest/logs/122515/
Failures :-/ but no regressions. Tests which did not succeed, but are not blocking: test-arm64-arm64-xl 1 build-check(1) blocked n/a test-arm64-arm64-examine 1 build-check(1) blocked n/a test-arm64-arm64-xl-credit2 1 build-check(1) blocked n/a test-arm64-arm64-libvirt-xsm 1 build-check(1) blocked n/a test-arm64-arm64-xl-xsm 1 build-check(1) blocked n/a test-armhf-armhf-libvirt 14 saverestore-support-check fail like 122286 test-armhf-armhf-libvirt-xsm 14 saverestore-support-check fail like 122286 test-amd64-amd64-xl-qemut-win7-amd64 17 guest-stop fail like 122286 test-amd64-i386-xl-qemuu-win7-amd64 17 guest-stop fail like 122286 test-amd64-amd64-xl-qemuu-win7-amd64 17 guest-stop fail like 122286 test-armhf-armhf-libvirt-raw 13 saverestore-support-check fail like 122286 test-amd64-i386-xl-qemut-win7-amd64 17 guest-stop fail like 122286 test-amd64-amd64-xl-pvhv2-intel 12 guest-start fail never pass test-amd64-amd64-xl-pvhv2-amd 12 guest-start fail never pass test-amd64-i386-xl-pvshim 12 guest-start fail never pass test-amd64-i386-libvirt-xsm 13 migrate-support-check fail never pass test-amd64-amd64-libvirt 13 migrate-support-check fail never pass test-amd64-amd64-libvirt-xsm 13 migrate-support-check fail never pass test-amd64-i386-libvirt 13 migrate-support-check fail never pass test-amd64-i386-libvirt-qemuu-debianhvm-amd64-xsm 11 migrate-support-check fail never pass test-armhf-armhf-xl-arndale 13 migrate-support-check fail never pass test-armhf-armhf-xl-arndale 14 saverestore-support-check fail never pass build-arm64-pvops 6 kernel-build fail never pass test-amd64-amd64-qemuu-nested-amd 17 debian-hvm-install/l1/l2 fail never pass test-amd64-amd64-libvirt-qemuu-debianhvm-amd64-xsm 11 migrate-support-check fail never pass test-amd64-amd64-libvirt-vhd 12 migrate-support-check fail never pass test-armhf-armhf-libvirt 13 migrate-support-check fail never pass test-armhf-armhf-xl-rtds 13 migrate-support-check fail never pass test-armhf-armhf-xl-rtds 14 saverestore-support-check fail never pass test-armhf-armhf-xl-credit2 13 migrate-support-check fail never pass test-armhf-armhf-xl-credit2 14 saverestore-support-check fail never pass test-armhf-armhf-xl 13 migrate-support-check fail never pass test-armhf-armhf-xl 14 saverestore-support-check fail never pass test-armhf-armhf-xl-cubietruck 13 migrate-support-check fail never pass test-armhf-armhf-xl-cubietruck 14 saverestore-support-check fail never pass test-armhf-armhf-libvirt-xsm 13 migrate-support-check fail never pass test-armhf-armhf-xl-multivcpu 13 migrate-support-check fail never pass test-armhf-armhf-xl-multivcpu 14 saverestore-support-check fail never pass test-armhf-armhf-xl-xsm 13 migrate-support-check fail never pass test-armhf-armhf-xl-xsm 14 saverestore-support-check fail never pass test-amd64-amd64-xl-qemut-ws16-amd64 17 guest-stop fail never pass test-armhf-armhf-libvirt-raw 12 migrate-support-check fail never pass test-amd64-i386-xl-qemut-ws16-amd64 17 guest-stop fail never pass test-armhf-armhf-xl-vhd 12 migrate-support-check fail never pass test-armhf-armhf-xl-vhd 13 saverestore-support-check fail never pass test-amd64-amd64-xl-qemuu-ws16-amd64 17 guest-stop fail never pass test-amd64-i386-xl-qemuu-ws16-amd64 17 guest-stop fail never pass test-amd64-i386-xl-qemuu-win10-i386 10 windows-install fail never pass test-amd64-i386-xl-qemut-win10-i386 10 windows-install fail never pass test-amd64-amd64-xl-qemuu-win10-i386 10 windows-install fail never pass test-amd64-amd64-xl-qemut-win10-i386 10 windows-install fail never pass version targeted for testing: linux 754ca08efd83eeb9cccdb109da2fa0b3a27c1172 baseline version: linux 78db2bbfa06cc39707054093fbbc5e573a643d3e Last test of basis 122286 2018-04-14 16:36:32 Z 16 days Failing since 122388 2018-04-24 07:40:13 Z 6 days 4 attempts Testing same since 122515 2018-04-29 15:01:38 Z 1 days 1 attempts ------------------------------------------------------------ People who touched revisions under test: Aaron Ma <aaron...@canonical.com> Al Viro <v...@zeniv.linux.org.uk> Alex Deucher <alexander.deuc...@amd.com> Alex Smith <alex.sm...@imgtec.com> Alexander Aring <ar...@mojatatu.com> Alexandre Belloni <alexandre.bell...@bootlin.com> Amir Goldstein <amir7...@gmail.com> Andrew Morton <a...@linux-foundation.org> Arnaldo Carvalho de Melo <a...@redhat.com> Artem Bityutskiy <dedeki...@gmail.com> Bin Liu <b-...@ti.com> Bjorn Helgaas <bhelg...@google.com> Boris Brezillon <boris.brezil...@bootlin.com> Christian König <christian.koe...@amd.com> Chunming Zhou <david1.z...@amd.com> Cong Wang <xiyou.wangc...@gmail.com> Dan Carpenter <dan.carpen...@oracle.com> David Ahern <dsah...@gmail.com> David S. Miller <da...@davemloft.net> Dong Aisheng <aisheng.d...@nxp.com> Eric Biggers <ebigg...@google.com> Eric Dumazet <eduma...@google.com> Fabio Estevam <fabio.este...@nxp.com> Felipe Balbi <felipe.ba...@linux.intel.com> Greg Kroah-Hartman <gre...@linuxfoundation.org> Gregory CLEMENT <gregory.clem...@bootlin.com> Guenter Roeck <li...@roeck-us.net> Guillaume Nault <g.na...@alphalink.fr> Gustavo A. R. Silva <gust...@embeddedor.com> Harsh Shandilya <ha...@prjkt.io> Heinrich Schuchardt <xypron.g...@gmx.de> Helge Deller <del...@gmx.de> Ian Kent <ra...@themaw.net> Igor Pylypiv <igor.pyly...@gmail.com> James Hogan <jho...@kernel.org> James Kelly <jamespeterke...@gmail.com> Jan Kara <j...@suse.cz> Jann Horn <ja...@google.com> Jason Andryuk <jandr...@gmail.com> Jeff Mahoney <je...@suse.com> Jens Axboe <ax...@kernel.dk> Jiri Kosina <jkos...@suse.cz> Jiri Olsa <jo...@kernel.org> Johannes Weiner <han...@cmpxchg.org> Juergen Gross <jgr...@suse.com> Julian Wiedmann <j...@linux.vnet.ibm.com> Kirill Tkhai <ktk...@virtuozzo.com> Linus Torvalds <torva...@linux-foundation.org> Mark Brown <broo...@kernel.org> Martin K. Petersen <martin.peter...@oracle.com> Martin Schwidefsky <schwidef...@de.ibm.com> Mathieu Malaterre <ma...@debian.org> Matt Redfearn <matt.redfe...@mips.com> Matthew Wilcox <mawil...@microsoft.com> Mauro Carvalho Chehab <mche...@s-opensource.com> Michael Ellerman <m...@ellerman.id.au> Michael Henders <hende...@shaw.ca> Michal Hocko <mho...@suse.com> Mika Westerberg <mika.westerb...@linux.intel.com> Mikhail Lappo <mikhail.la...@esrlabs.com> Nathan Chancellor <natechancel...@gmail.com> Nicholas Mc Guire <hof...@osadl.org> Nicholas Piggin <npig...@gmail.com> Nicolas Ferre <nicolas.fe...@microchip.com> Paolo Abeni <pab...@redhat.com> Paul Parsons <lost.dista...@yahoo.com> Ralph Sennhauser <ralph.sennhau...@gmail.com> Randy Dunlap <rdun...@infradead.org> Richard Genoud <richard.gen...@gmail.com> Richard Weinberger <rich...@nod.at> Rodrigo Rivas Costa <rodrigorivasco...@gmail.com> Romain Izard <romain.izard....@gmail.com> Ronnie Sahlberg <lsahl...@redhat.com> Sahitya Tummala <stumm...@codeaurora.org> Stephen Boyd <sb...@codeaurora.org> Stephen Boyd <sb...@kernel.org> Steve French <smfre...@gmail.com> Stewart Smith <stew...@linux.ibm.com> Takashi Iwai <ti...@suse.de> Tejaswi Tanikella <tejas...@codeaurora.org> Theodore Ts'o <ty...@mit.edu> Thinh Nguyen <thinh.ngu...@synopsys.com> Thinh Nguyen <thi...@synopsys.com> Thomas Gleixner <t...@linutronix.de> Ulf Hansson <ulf.hans...@linaro.org> Vasily Gorbik <g...@linux.ibm.com> wangguang <wang.guan...@zte.com.cn> wangguang <wangguan...@zte.com> Willem de Bruijn <will...@google.com> Wim Van Sebroeck <w...@iguana.be> Xiaoming Gao <gxm.linux.ker...@gmail.com> Xiaoming Gao <newton...@tencent.com> Xin Long <lucien....@gmail.com> Yuchung Cheng <ych...@google.com> Zhang Rui <rui.zh...@intel.com> Zhengjun Xing <zhengjun.x...@linux.intel.com> jobs: build-amd64-xsm pass build-arm64-xsm pass build-armhf-xsm pass build-i386-xsm pass build-amd64 pass build-arm64 pass build-armhf pass build-i386 pass build-amd64-libvirt pass build-arm64-libvirt pass build-armhf-libvirt pass build-i386-libvirt pass build-amd64-pvops pass build-arm64-pvops fail build-armhf-pvops pass build-i386-pvops pass build-amd64-rumprun pass build-i386-rumprun pass test-amd64-amd64-xl pass test-arm64-arm64-xl blocked test-armhf-armhf-xl pass test-amd64-i386-xl pass test-amd64-amd64-xl-qemut-debianhvm-amd64-xsm pass test-amd64-i386-xl-qemut-debianhvm-amd64-xsm pass test-amd64-amd64-libvirt-qemuu-debianhvm-amd64-xsm pass test-amd64-i386-libvirt-qemuu-debianhvm-amd64-xsm pass test-amd64-amd64-xl-qemuu-debianhvm-amd64-xsm pass test-amd64-i386-xl-qemuu-debianhvm-amd64-xsm pass test-amd64-amd64-xl-qemut-stubdom-debianhvm-amd64-xsm pass test-amd64-i386-xl-qemut-stubdom-debianhvm-amd64-xsm pass test-amd64-amd64-libvirt-xsm pass test-arm64-arm64-libvirt-xsm blocked test-armhf-armhf-libvirt-xsm pass test-amd64-i386-libvirt-xsm pass test-amd64-amd64-xl-xsm pass test-arm64-arm64-xl-xsm blocked test-armhf-armhf-xl-xsm pass test-amd64-i386-xl-xsm pass test-amd64-amd64-qemuu-nested-amd fail test-amd64-amd64-xl-pvhv2-amd fail test-amd64-i386-qemut-rhel6hvm-amd pass test-amd64-i386-qemuu-rhel6hvm-amd pass test-amd64-amd64-xl-qemut-debianhvm-amd64 pass test-amd64-i386-xl-qemut-debianhvm-amd64 pass test-amd64-amd64-xl-qemuu-debianhvm-amd64 pass test-amd64-i386-xl-qemuu-debianhvm-amd64 pass test-amd64-i386-freebsd10-amd64 pass test-amd64-amd64-xl-qemuu-ovmf-amd64 pass test-amd64-i386-xl-qemuu-ovmf-amd64 pass test-amd64-amd64-rumprun-amd64 pass test-amd64-amd64-xl-qemut-win7-amd64 fail test-amd64-i386-xl-qemut-win7-amd64 fail test-amd64-amd64-xl-qemuu-win7-amd64 fail test-amd64-i386-xl-qemuu-win7-amd64 fail test-amd64-amd64-xl-qemut-ws16-amd64 fail test-amd64-i386-xl-qemut-ws16-amd64 fail test-amd64-amd64-xl-qemuu-ws16-amd64 fail test-amd64-i386-xl-qemuu-ws16-amd64 fail test-armhf-armhf-xl-arndale pass test-amd64-amd64-xl-credit2 pass test-arm64-arm64-xl-credit2 blocked test-armhf-armhf-xl-credit2 pass test-armhf-armhf-xl-cubietruck pass test-amd64-amd64-examine pass test-arm64-arm64-examine blocked test-armhf-armhf-examine pass test-amd64-i386-examine pass test-amd64-i386-freebsd10-i386 pass test-amd64-i386-rumprun-i386 pass test-amd64-amd64-xl-qemut-win10-i386 fail test-amd64-i386-xl-qemut-win10-i386 fail test-amd64-amd64-xl-qemuu-win10-i386 fail test-amd64-i386-xl-qemuu-win10-i386 fail test-amd64-amd64-qemuu-nested-intel pass test-amd64-amd64-xl-pvhv2-intel fail test-amd64-i386-qemut-rhel6hvm-intel pass test-amd64-i386-qemuu-rhel6hvm-intel pass test-amd64-amd64-libvirt pass test-armhf-armhf-libvirt pass test-amd64-i386-libvirt pass test-amd64-amd64-xl-multivcpu pass test-armhf-armhf-xl-multivcpu pass test-amd64-amd64-pair pass test-amd64-i386-pair pass test-amd64-amd64-libvirt-pair pass test-amd64-i386-libvirt-pair pass test-amd64-amd64-amd64-pvgrub pass test-amd64-amd64-i386-pvgrub pass test-amd64-amd64-xl-pvshim pass test-amd64-i386-xl-pvshim fail test-amd64-amd64-pygrub pass test-amd64-amd64-xl-qcow2 pass test-armhf-armhf-libvirt-raw pass test-amd64-i386-xl-raw pass test-amd64-amd64-xl-rtds pass test-armhf-armhf-xl-rtds pass test-amd64-amd64-xl-qemuu-debianhvm-amd64-shadow pass test-amd64-i386-xl-qemuu-debianhvm-amd64-shadow pass test-amd64-amd64-xl-shadow pass test-amd64-i386-xl-shadow pass test-amd64-amd64-libvirt-vhd pass test-armhf-armhf-xl-vhd pass ------------------------------------------------------------ sg-report-flight on osstest.test-lab.xenproject.org logs: /home/logs/logs images: /home/logs/images Logs, config files, etc. are available at http://logs.test-lab.xenproject.org/osstest/logs Explanation of these reports, and of osstest in general, is at http://xenbits.xen.org/gitweb/?p=osstest.git;a=blob;f=README.email;hb=master http://xenbits.xen.org/gitweb/?p=osstest.git;a=blob;f=README;hb=master Test harness code can be found at http://xenbits.xen.org/gitweb?p=osstest.git;a=summary Pushing revision : To xenbits.xen.org:/home/xen/git/linux-pvops.git 78db2bbfa06c..754ca08efd83 754ca08efd83eeb9cccdb109da2fa0b3a27c1172 -> tested/linux-3.18 _______________________________________________ Xen-devel mailing list Xen-devel@lists.xenproject.org https://lists.xenproject.org/mailman/listinfo/xen-devel