flight 174638 linux-5.4 real [real] http://logs.test-lab.xenproject.org/osstest/logs/174638/
Regressions :-( Tests which did not succeed and are blocking, including tests which could not be run: test-armhf-armhf-xl-multivcpu 18 guest-start/debian.repeat fail REGR. vs. 174540 test-armhf-armhf-xl-credit2 18 guest-start/debian.repeat fail in 174630 REGR. vs. 174540 Tests which are failing intermittently (not blocking): test-amd64-i386-xl-shadow 7 xen-install fail in 174608 pass in 174638 test-amd64-i386-xl-xsm 17 guest-saverestore fail in 174630 pass in 174638 test-armhf-armhf-xl-multivcpu 14 guest-start fail in 174630 pass in 174638 test-armhf-armhf-libvirt-raw 13 guest-start fail pass in 174608 test-amd64-i386-libvirt-qemuu-debianhvm-amd64-xsm 7 xen-install fail pass in 174630 test-amd64-i386-pair 11 xen-install/dst_host fail pass in 174630 test-amd64-i386-libvirt-xsm 8 xen-boot fail pass in 174630 test-armhf-armhf-xl-credit2 14 guest-start fail pass in 174630 test-armhf-armhf-xl-rtds 14 guest-start fail pass in 174630 Regressions which are regarded as allowable (not blocking): test-armhf-armhf-xl-rtds 18 guest-start/debian.repeat fail in 174630 REGR. vs. 174540 Tests which did not succeed, but are not blocking: test-armhf-armhf-libvirt-raw 15 saverestore-support-check fail in 174608 like 174540 test-armhf-armhf-libvirt-raw 14 migrate-support-check fail in 174608 never pass test-amd64-i386-libvirt-xsm 15 migrate-support-check fail in 174630 never pass test-armhf-armhf-xl-credit2 15 migrate-support-check fail in 174630 never pass test-armhf-armhf-xl-credit2 16 saverestore-support-check fail in 174630 never pass test-amd64-i386-libvirt-qemuu-debianhvm-amd64-xsm 13 migrate-support-check fail in 174630 never pass test-armhf-armhf-xl-rtds 15 migrate-support-check fail in 174630 never pass test-armhf-armhf-xl-rtds 16 saverestore-support-check fail in 174630 never pass test-amd64-amd64-xl-qemuu-win7-amd64 19 guest-stop fail like 174540 test-amd64-i386-xl-qemut-win7-amd64 19 guest-stop fail like 174540 test-amd64-i386-xl-qemuu-win7-amd64 19 guest-stop fail like 174540 test-amd64-amd64-xl-qemut-win7-amd64 19 guest-stop fail like 174540 test-amd64-amd64-qemuu-nested-amd 20 debian-hvm-install/l1/l2 fail like 174540 test-amd64-amd64-xl-qemuu-ws16-amd64 19 guest-stop fail like 174540 test-amd64-amd64-xl-qemut-ws16-amd64 19 guest-stop fail like 174540 test-amd64-i386-xl-qemut-ws16-amd64 19 guest-stop fail like 174540 test-armhf-armhf-libvirt-qcow2 15 saverestore-support-check fail like 174540 test-armhf-armhf-libvirt 16 saverestore-support-check fail like 174540 test-amd64-i386-xl-qemuu-ws16-amd64 19 guest-stop fail like 174540 test-amd64-i386-xl-pvshim 14 guest-start fail never pass test-arm64-arm64-xl-seattle 15 migrate-support-check fail never pass test-arm64-arm64-xl-seattle 16 saverestore-support-check fail never pass test-amd64-amd64-libvirt 15 migrate-support-check fail never pass test-amd64-amd64-libvirt-xsm 15 migrate-support-check fail never pass test-amd64-i386-libvirt 15 migrate-support-check fail never pass test-arm64-arm64-xl 15 migrate-support-check fail never pass test-arm64-arm64-xl 16 saverestore-support-check fail never pass test-arm64-arm64-xl-xsm 15 migrate-support-check fail never pass test-arm64-arm64-xl-xsm 16 saverestore-support-check fail never pass test-arm64-arm64-libvirt-xsm 15 migrate-support-check fail never pass test-arm64-arm64-libvirt-xsm 16 saverestore-support-check fail never pass test-arm64-arm64-xl-credit2 15 migrate-support-check fail never pass test-arm64-arm64-xl-credit2 16 saverestore-support-check fail never pass test-arm64-arm64-xl-credit1 15 migrate-support-check fail never pass test-arm64-arm64-xl-credit1 16 saverestore-support-check fail never pass test-arm64-arm64-xl-thunderx 15 migrate-support-check fail never pass test-arm64-arm64-xl-thunderx 16 saverestore-support-check fail never pass test-amd64-amd64-libvirt-qemuu-debianhvm-amd64-xsm 13 migrate-support-check fail never pass test-armhf-armhf-xl-multivcpu 15 migrate-support-check fail never pass test-armhf-armhf-xl-multivcpu 16 saverestore-support-check fail never pass test-amd64-i386-libvirt-raw 14 migrate-support-check fail never pass test-arm64-arm64-libvirt-raw 14 migrate-support-check fail never pass test-arm64-arm64-libvirt-raw 15 saverestore-support-check fail never pass test-arm64-arm64-xl-vhd 14 migrate-support-check fail never pass test-arm64-arm64-xl-vhd 15 saverestore-support-check fail never pass test-armhf-armhf-xl-cubietruck 15 migrate-support-check fail never pass test-armhf-armhf-xl-cubietruck 16 saverestore-support-check fail never pass test-armhf-armhf-xl 15 migrate-support-check fail never pass test-armhf-armhf-xl 16 saverestore-support-check fail never pass test-armhf-armhf-xl-credit1 15 migrate-support-check fail never pass test-armhf-armhf-xl-credit1 16 saverestore-support-check fail never pass test-amd64-amd64-libvirt-vhd 14 migrate-support-check fail never pass test-armhf-armhf-libvirt-qcow2 14 migrate-support-check fail never pass test-armhf-armhf-libvirt 15 migrate-support-check fail never pass test-armhf-armhf-xl-arndale 15 migrate-support-check fail never pass test-armhf-armhf-xl-arndale 16 saverestore-support-check fail never pass test-armhf-armhf-xl-vhd 14 migrate-support-check fail never pass test-armhf-armhf-xl-vhd 15 saverestore-support-check fail never pass version targeted for testing: linux a0d9384967214783a92973c920092b7251c03e57 baseline version: linux b70bfeb98635040588883503d2760e0f46231491 Last test of basis 174540 2022-10-29 12:41:57 Z 7 days Failing since 174575 2022-11-01 18:42:39 Z 4 days 7 attempts Testing same since 174608 2022-11-03 19:46:50 Z 2 days 4 attempts ------------------------------------------------------------ People who touched revisions under test: "Darrick J. Wong" <darrick.w...@oracle.com> Aaron Conole <acon...@redhat.com> Abhinav Kumar <quic_abhin...@quicinc.com> Adrian Hunter <adrian.hun...@intel.com> Alexander Aring <aahri...@redhat.com> Alexander Stein <alexander.st...@ew.tq-group.com> Andrew Morton <a...@linux-foundation.org> Anssi Hannula <anssi.hann...@bitwise.fi> Arnaldo Carvalho de Melo <a...@redhat.com> Biju Das <biju.das...@bp.renesas.com> Brian Foster <bfos...@redhat.com> Chandan Babu R <chandan.b...@oracle.com> Chen Zhongjin <chenzhong...@huawei.com> Chen Zhou <chenzho...@huawei.com> Chris Packham <chris.pack...@alliedtelesis.co.nz> Christian A. Ehrhardt <l...@c--e.de> Darrick J. Wong <darrick.w...@oracle.com> Darrick J. Wong <djw...@kernel.org> Dave Chinner <dchin...@redhat.com> David S. Miller <da...@davemloft.net> Demi Marie Obenour <d...@invisiblethingslab.com> Dongliang Mu <dz...@hust.edu.cn> Eric Dumazet <eduma...@google.com> Florian Fainelli <f.faine...@gmail.com> Greg Kroah-Hartman <gre...@linuxfoundation.org> Guenter Roeck <li...@roeck-us.net> Gurucharan <gurucharan...@intel.com> (A Contingent worker at Intel) Hannu Hartikainen <ha...@hrtk.in> Hans Verkuil <hverkuil-ci...@xs4all.nl> Heiko Carstens <h...@linux.ibm.com> Helge Deller <del...@gmx.de> Hyong Youb Kim <hyon...@cisco.com> Hyunwoo Kim <imv4...@gmail.com> Ilya Maximets <i.maxim...@ovn.org> Jacob Keller <jacob.e.kel...@intel.com> Jakub Kicinski <k...@kernel.org> Jan Beulich <jbeul...@suse.com> Jason A. Donenfeld <ja...@zx2c4.com> Jeff Vanhoof <jdv1...@gmail.com> Jens Glathe <jens.gla...@oldschoolsolutions.biz> Jimmy Assarsson <ex...@kvaser.com> Johan Hovold <johan+lin...@kernel.org> Jon Hunter <jonath...@nvidia.com> Jon Maloy <jma...@redhat.com> Jonathan Cameron <jonathan.came...@huawei.com> Josh Poimboeuf <jpoim...@kernel.org> Juergen Gross <jgr...@suse.com> Justin Chen <justinpo...@gmail.com> Konrad Jankowski <konrad0.jankow...@intel.com> Kuogee Hsieh <quic_khs...@quicinc.com> Leon Romanovsky <leo...@nvidia.com> Linux Kernel Functional Testing <l...@linaro.org> Luiz Capitulino <luiz...@amazon.com> M. Vefa Bicakci <m....@runbox.com> Marc Kleine-Budde <m...@pengutronix.de> Marek Marczykowski-Górecki <marma...@invisiblethingslab.com> Mario Limonciello <mario.limoncie...@amd.com> Mateusz Palczewski <mateusz.palczew...@intel.com> Mathias Nyman <mathias.ny...@linux.intel.com> Matthew Ma <mahong...@zeku.com> Matti Vaittinen <mazziesacco...@gmail.com> Mauro Carvalho Chehab <mche...@kernel.org> Michal Jaron <michalx.ja...@intel.com> Mike Kravetz <mike.krav...@oracle.com> Miquel Raynal <miquel.ray...@bootlin.com> Nathan Huckleberry <nh...@google.com> Neal Cardwell <ncardw...@google.com> Nicolas Dichtel <nicolas.dich...@6wind.com> Oleksij Rempel <o.rem...@pengutronix.de> Paolo Abeni <pab...@redhat.com> Peter Zijlstra <pet...@infradead.org> Rafael J. Wysocki <rafael.j.wyso...@intel.com> Raju Rangoju <raju.rang...@amd.com> Randy Dunlap <rdun...@infradead.org> Rik van Riel <r...@surriel.com> Saeed Mahameed <sae...@nvidia.com> Sakari Ailus <sakari.ai...@linux.intel.com> Sasha Levin <sas...@kernel.org> Shreeya Patel <shreeya.pa...@collabora.com> Slawomir Laba <slawomirx.l...@intel.com> Stefan Schmidt <ste...@datenfreihafen.org> Steven Rostedt (Google) <rost...@goodmis.org> Sudeep Holla <sudeep.ho...@arm.com> Sudip Mukherjee <sudip.mukher...@codethink.co.uk> Sylwester Dziedziuch <sylwesterx.dziedzi...@intel.com> Takashi Iwai <ti...@suse.de> Tariq Toukan <tar...@nvidia.com> Tejun Heo <t...@kernel.org> Thinh Nguyen <thinh.ngu...@synopsys.com> Tom Lendacky <thomas.lenda...@amd.com> Tony O'Brien <tony.obr...@alliedtelesis.co.nz> Ulf Hansson <ulf.hans...@linaro.org> Vasily Gorbik <g...@linux.ibm.com> Vineet Gupta <vgu...@kernel.org> Vladimir Oltean <vladimir.olt...@nxp.com> Wei Yongjun <weiyongj...@huawei.com> Xin Long <lucien....@gmail.com> Yang Yingliang <yangyingli...@huawei.com> Yongqin Liu <yongqin....@linaro.org> Zhang Changzhong <zhangchangzh...@huawei.com> Zhengchao Shao <shaozhengc...@huawei.com> jobs: build-amd64-xsm pass build-arm64-xsm pass build-i386-xsm pass build-amd64 pass build-arm64 pass build-armhf pass build-i386 pass build-amd64-libvirt pass build-arm64-libvirt pass build-armhf-libvirt pass build-i386-libvirt pass build-amd64-pvops pass build-arm64-pvops pass build-armhf-pvops pass build-i386-pvops pass test-amd64-amd64-xl pass test-amd64-coresched-amd64-xl pass test-arm64-arm64-xl pass test-armhf-armhf-xl pass test-amd64-i386-xl pass test-amd64-coresched-i386-xl pass test-amd64-amd64-libvirt-qemuu-debianhvm-amd64-xsm pass test-amd64-i386-libvirt-qemuu-debianhvm-amd64-xsm fail test-amd64-amd64-xl-qemut-stubdom-debianhvm-amd64-xsm pass test-amd64-i386-xl-qemut-stubdom-debianhvm-amd64-xsm pass test-amd64-amd64-xl-qemut-debianhvm-i386-xsm pass test-amd64-i386-xl-qemut-debianhvm-i386-xsm pass test-amd64-amd64-xl-qemuu-debianhvm-i386-xsm pass test-amd64-i386-xl-qemuu-debianhvm-i386-xsm pass test-amd64-amd64-libvirt-xsm pass test-arm64-arm64-libvirt-xsm pass test-amd64-i386-libvirt-xsm fail test-amd64-amd64-xl-xsm pass test-arm64-arm64-xl-xsm pass test-amd64-i386-xl-xsm pass test-amd64-amd64-qemuu-nested-amd fail test-amd64-amd64-xl-pvhv2-amd pass test-amd64-i386-qemut-rhel6hvm-amd pass test-amd64-i386-qemuu-rhel6hvm-amd pass test-amd64-amd64-dom0pvh-xl-amd pass test-amd64-amd64-xl-qemut-debianhvm-amd64 pass test-amd64-i386-xl-qemut-debianhvm-amd64 pass test-amd64-amd64-xl-qemuu-debianhvm-amd64 pass test-amd64-i386-xl-qemuu-debianhvm-amd64 pass test-amd64-i386-freebsd10-amd64 pass test-amd64-amd64-qemuu-freebsd11-amd64 pass test-amd64-amd64-qemuu-freebsd12-amd64 pass test-amd64-amd64-xl-qemuu-ovmf-amd64 pass test-amd64-i386-xl-qemuu-ovmf-amd64 pass test-amd64-amd64-xl-qemut-win7-amd64 fail test-amd64-i386-xl-qemut-win7-amd64 fail test-amd64-amd64-xl-qemuu-win7-amd64 fail test-amd64-i386-xl-qemuu-win7-amd64 fail test-amd64-amd64-xl-qemut-ws16-amd64 fail test-amd64-i386-xl-qemut-ws16-amd64 fail test-amd64-amd64-xl-qemuu-ws16-amd64 fail test-amd64-i386-xl-qemuu-ws16-amd64 fail test-armhf-armhf-xl-arndale pass test-amd64-amd64-examine-bios pass test-amd64-i386-examine-bios pass test-amd64-amd64-xl-credit1 pass test-arm64-arm64-xl-credit1 pass test-armhf-armhf-xl-credit1 pass test-amd64-amd64-xl-credit2 pass test-arm64-arm64-xl-credit2 pass test-armhf-armhf-xl-credit2 fail test-armhf-armhf-xl-cubietruck pass test-amd64-amd64-xl-qemuu-dmrestrict-amd64-dmrestrict pass test-amd64-i386-xl-qemuu-dmrestrict-amd64-dmrestrict pass test-amd64-amd64-examine pass test-arm64-arm64-examine pass test-armhf-armhf-examine pass test-amd64-i386-examine pass test-amd64-i386-freebsd10-i386 pass test-amd64-amd64-qemuu-nested-intel pass test-amd64-amd64-xl-pvhv2-intel pass test-amd64-i386-qemut-rhel6hvm-intel pass test-amd64-i386-qemuu-rhel6hvm-intel pass test-amd64-amd64-dom0pvh-xl-intel pass test-amd64-amd64-libvirt pass test-armhf-armhf-libvirt pass test-amd64-i386-libvirt pass test-amd64-amd64-xl-multivcpu pass test-armhf-armhf-xl-multivcpu fail test-amd64-amd64-pair pass test-amd64-i386-pair fail test-amd64-amd64-libvirt-pair pass test-amd64-i386-libvirt-pair pass test-amd64-amd64-xl-pvshim pass test-amd64-i386-xl-pvshim fail test-amd64-amd64-pygrub pass test-armhf-armhf-libvirt-qcow2 pass test-amd64-amd64-xl-qcow2 pass test-arm64-arm64-libvirt-raw pass test-armhf-armhf-libvirt-raw fail test-amd64-i386-libvirt-raw pass test-amd64-amd64-xl-rtds pass test-armhf-armhf-xl-rtds fail test-arm64-arm64-xl-seattle pass test-amd64-amd64-xl-qemuu-debianhvm-amd64-shadow pass test-amd64-i386-xl-qemuu-debianhvm-amd64-shadow pass test-amd64-amd64-xl-shadow pass test-amd64-i386-xl-shadow pass test-arm64-arm64-xl-thunderx pass test-amd64-amd64-examine-uefi pass test-amd64-i386-examine-uefi pass test-amd64-amd64-libvirt-vhd pass test-arm64-arm64-xl-vhd pass test-armhf-armhf-xl-vhd pass test-amd64-i386-xl-vhd pass ------------------------------------------------------------ sg-report-flight on osstest.test-lab.xenproject.org logs: /home/logs/logs images: /home/logs/images Logs, config files, etc. are available at http://logs.test-lab.xenproject.org/osstest/logs Explanation of these reports, and of osstest in general, is at http://xenbits.xen.org/gitweb/?p=osstest.git;a=blob;f=README.email;hb=master http://xenbits.xen.org/gitweb/?p=osstest.git;a=blob;f=README;hb=master Test harness code can be found at http://xenbits.xen.org/gitweb?p=osstest.git;a=summary Not pushing. (No revision log; it would be 2244 lines long.)