flight 174450 linux-5.4 real [real]
http://logs.test-lab.xenproject.org/osstest/logs/174450/

Regressions :-(

Tests which did not succeed and are blocking,
including tests which could not be run:
 test-armhf-armhf-xl-vhd         <job status>                 broken
 test-armhf-armhf-libvirt-qcow2 17 guest-start/debian.repeat fail REGR. vs. 
174012
 test-armhf-armhf-xl-vhd      13 guest-start              fail REGR. vs. 174012

Tests which did not succeed, but are not blocking:
 test-armhf-armhf-xl-vhd      14 capture-logs(14)      broken blocked in 174012
 test-armhf-armhf-xl-credit2 18 guest-start/debian.repeat fail blocked in 174012
 test-amd64-amd64-xl-qemuu-win7-amd64 19 guest-stop            fail like 174012
 test-armhf-armhf-xl-credit1  18 guest-start/debian.repeat    fail  like 174012
 test-amd64-i386-xl-qemut-win7-amd64 19 guest-stop             fail like 174012
 test-amd64-i386-xl-qemuu-win7-amd64 19 guest-stop             fail like 174012
 test-armhf-armhf-libvirt     16 saverestore-support-check    fail  like 174012
 test-armhf-armhf-xl-multivcpu 18 guest-start/debian.repeat    fail like 174012
 test-amd64-amd64-xl-qemut-win7-amd64 19 guest-stop            fail like 174012
 test-amd64-amd64-qemuu-nested-amd 20 debian-hvm-install/l1/l2 fail like 174012
 test-amd64-amd64-xl-qemuu-ws16-amd64 19 guest-stop            fail like 174012
 test-amd64-amd64-xl-qemut-ws16-amd64 19 guest-stop            fail like 174012
 test-armhf-armhf-libvirt-qcow2 15 saverestore-support-check   fail like 174012
 test-amd64-i386-xl-qemut-ws16-amd64 19 guest-stop             fail like 174012
 test-armhf-armhf-libvirt-raw 15 saverestore-support-check    fail  like 174012
 test-amd64-i386-xl-qemuu-ws16-amd64 19 guest-stop             fail like 174012
 test-amd64-i386-xl-pvshim    14 guest-start                  fail   never pass
 test-amd64-amd64-libvirt     15 migrate-support-check        fail   never pass
 test-amd64-amd64-libvirt-xsm 15 migrate-support-check        fail   never pass
 test-arm64-arm64-xl-seattle  15 migrate-support-check        fail   never pass
 test-arm64-arm64-xl-seattle  16 saverestore-support-check    fail   never pass
 test-amd64-i386-libvirt-xsm  15 migrate-support-check        fail   never pass
 test-amd64-i386-libvirt      15 migrate-support-check        fail   never pass
 test-armhf-armhf-xl-credit2  15 migrate-support-check        fail   never pass
 test-armhf-armhf-xl-credit2  16 saverestore-support-check    fail   never pass
 test-amd64-amd64-libvirt-qemuu-debianhvm-amd64-xsm 13 migrate-support-check 
fail never pass
 test-arm64-arm64-xl-thunderx 15 migrate-support-check        fail   never pass
 test-arm64-arm64-xl-thunderx 16 saverestore-support-check    fail   never pass
 test-arm64-arm64-xl          15 migrate-support-check        fail   never pass
 test-arm64-arm64-xl          16 saverestore-support-check    fail   never pass
 test-arm64-arm64-libvirt-xsm 15 migrate-support-check        fail   never pass
 test-arm64-arm64-libvirt-xsm 16 saverestore-support-check    fail   never pass
 test-arm64-arm64-xl-credit1  15 migrate-support-check        fail   never pass
 test-arm64-arm64-xl-credit1  16 saverestore-support-check    fail   never pass
 test-arm64-arm64-xl-credit2  15 migrate-support-check        fail   never pass
 test-arm64-arm64-xl-credit2  16 saverestore-support-check    fail   never pass
 test-arm64-arm64-xl-xsm      15 migrate-support-check        fail   never pass
 test-arm64-arm64-xl-xsm      16 saverestore-support-check    fail   never pass
 test-armhf-armhf-xl-credit1  15 migrate-support-check        fail   never pass
 test-armhf-armhf-xl-credit1  16 saverestore-support-check    fail   never pass
 test-amd64-i386-libvirt-qemuu-debianhvm-amd64-xsm 13 migrate-support-check 
fail never pass
 test-armhf-armhf-xl-multivcpu 15 migrate-support-check        fail  never pass
 test-armhf-armhf-xl-multivcpu 16 saverestore-support-check    fail  never pass
 test-armhf-armhf-xl-arndale  15 migrate-support-check        fail   never pass
 test-armhf-armhf-xl-arndale  16 saverestore-support-check    fail   never pass
 test-amd64-i386-libvirt-raw  14 migrate-support-check        fail   never pass
 test-amd64-amd64-libvirt-vhd 14 migrate-support-check        fail   never pass
 test-arm64-arm64-libvirt-raw 14 migrate-support-check        fail   never pass
 test-arm64-arm64-libvirt-raw 15 saverestore-support-check    fail   never pass
 test-armhf-armhf-libvirt     15 migrate-support-check        fail   never pass
 test-armhf-armhf-xl          15 migrate-support-check        fail   never pass
 test-armhf-armhf-xl          16 saverestore-support-check    fail   never pass
 test-armhf-armhf-xl-cubietruck 15 migrate-support-check        fail never pass
 test-armhf-armhf-xl-cubietruck 16 saverestore-support-check    fail never pass
 test-arm64-arm64-xl-vhd      14 migrate-support-check        fail   never pass
 test-arm64-arm64-xl-vhd      15 saverestore-support-check    fail   never pass
 test-armhf-armhf-xl-rtds     15 migrate-support-check        fail   never pass
 test-armhf-armhf-xl-rtds     16 saverestore-support-check    fail   never pass
 test-armhf-armhf-libvirt-qcow2 14 migrate-support-check        fail never pass
 test-armhf-armhf-libvirt-raw 14 migrate-support-check        fail   never pass

version targeted for testing:
 linux                fe18f1af38a7999e05a6564c80d63e8d9df5ee60
baseline version:
 linux                fd92cfed8bc6668d314acd1e6da708a80826f768

Last test of basis   174012  2022-10-17 16:21:11 Z   10 days
Testing same since   174450  2022-10-26 11:42:18 Z    1 days    1 attempts

------------------------------------------------------------
People who touched revisions under test:
  Adrian Hunter <adrian.hun...@intel.com>
  Ahmad Fatoum <a.fat...@pengutronix.de>
  Albert Briscoe <albertsbris...@gmail.com>
  Alex Deucher <alexander.deuc...@amd.com>
  Alexander Aring <aahri...@redhat.com>
  Alexander Coffin <alex.cof...@matician.com>
  Alexander Dahl <a...@thorsis.com>
  Alexander Stein <alexander.st...@ew.tq-group.com>
  Alexei Starovoitov <a...@kernel.org>
  Alexey Lyashkov <alexey.lyash...@gmail.com>
  Allen Pais <ap...@linux.microsoft.com>
  Alvin Šipraga <a...@bang-olufsen.dk>
  Andreas Pape <ap...@de.adit-jv.com>
  Andrew Bresticker <abres...@rivosinc.com>
  Andrew Gaul <g...@gaul.org>
  Andrew Gaul <g...@google.com>
  Andrew Morton <a...@linux-foundation.org>
  Andrew Perepechko <anser...@ya.ru>
  Andri Yngvason <an...@yngvason.is>
  Andrii Nakryiko <and...@kernel.org>
  Andy Shevchenko <andriy.shevche...@linux.intel.com>
  AngeloGioacchino Del Regno <angelogioacchino.delre...@collabora.com>
  Anna Schumaker <anna.schuma...@netapp.com>
  Anssi Hannula <anssi.hann...@bitwise.fi>
  Ard Biesheuvel <a...@kernel.org>
  Arnaldo Carvalho de Melo <a...@redhat.com>
  Arnd Bergmann <a...@arndb.de>
  Arvid Norlander <l...@vorpal.se>
  Baokun Li <libaok...@huawei.com>
  Benjamin Tissoires <benjamin.tissoi...@redhat.com>
  Bernard Metzler <b...@zurich.ibm.com>
  Bitterblue Smith <rtl8821cer...@gmail.com>
  Bjorn Andersson <bjorn.anders...@linaro.org>
  Bjorn Helgaas <bhelg...@google.com>
  Borislav Petkov <b...@suse.de>
  Callum Osmotherly <callum.osmothe...@gmail.com>
  Carlos Llamas <cmlla...@google.com>
  Chao Qin <chao....@intel.com>
  Chao Yu <c...@kernel.org>
  Chen-Yu Tsai <we...@chromium.org>
  Chi-hsien Lin <chi-hsien....@cypress.com>
  Christian Brauner (Microsoft) <brau...@kernel.org>
  Christoph Hellwig <h...@lst.de>
  Christophe JAILLET <christophe.jail...@wanadoo.fr>
  Christophe Leroy <christophe.le...@csgroup.eu>
  Chuck Lever <chuck.le...@oracle.com>
  Claudiu Beznea <claudiu.bez...@microchip.com>
  Coly Li <col...@suse.de>
  Conor Dooley <conor.doo...@microchip.com>
  Damien Le Moal <damien.lem...@opensource.wdc.com>
  Dan Carpenter <dan.carpen...@oracle.com>
  Daniel Borkmann <dan...@iogearbox.net>
  Daniel Golle <dan...@makrotopia.org>
  Daniel Vetter <daniel.vet...@ffwll.ch>
  Dave Hansen <dave.han...@linux.intel.com>
  Dave Jiang <dave.ji...@intel.com>
  David Collins <colli...@codeaurora.org>
  David Gow <david...@google.com>
  David S. Miller <da...@davemloft.net>
  David Sterba <dste...@suse.com>
  David Teigland <teigl...@redhat.com>
  Dmitry Baryshkov <dmitry.barysh...@linaro.org>
  Dmitry Osipenko <dmitry.osipe...@collabora.com>
  Dmitry Torokhov <dmitry.torok...@gmail.com>
  Dongliang Mu <mudonglianga...@gmail.com>
  Duoming Zhou <duom...@zju.edu.cn>
  Eddie James <eaja...@linux.ibm.com>
  Eric Dumazet <eduma...@google.com>
  Eugeniu Rosca <ero...@de.adit-jv.com>
  Fangrui Song <mask...@google.com>
  Fenglin Wu <quic_fengl...@quicinc.com>
  Filipe Manana <fdman...@suse.com>
  Florian Fainelli <f.faine...@gmail.com>
  Florian Westphal <f...@strlen.de>
  Frederic Barrat <fbar...@linux.ibm.com>
  Geert Uytterhoeven <geert+rene...@glider.be>
  Greg Kroah-Hartman <gre...@linuxfoundation.org>
  Gregory CLEMENT <gregory.clem...@bootlin.com>
  Guenter Roeck <li...@roeck-us.net>
  Guilherme G. Piccoli <gpicc...@igalia.com>
  Guoqing Jiang <guoqing.ji...@linux.dev>
  Haibo Chen <haibo.c...@nxp.com>
  Hangyu Hua <hbh...@gmail.com>
  Hans de Goede <hdego...@redhat.com>
  Hans Verkuil <hverkuil-ci...@xs4all.nl>
  Hari Chandrakanthan <quic_ha...@quicinc.com>
  Hawkins Jiawei <yin31...@gmail.com>
  Helge Deller <del...@gmx.de>
  Herbert Xu <herb...@gondor.apana.org.au>
  Hillf Danton <hdan...@sina.com>
  hongao <hon...@uniontech.com>
  Huacai Chen <chenhua...@loongson.cn>
  Hyunwoo Kim <imv4...@gmail.com>
  Ian Nam <young.kwan....@xilinx.com>
  Ignat Korchagin <ig...@cloudflare.com>
  Ingo Molnar <mi...@kernel.org>
  Jack Wang <jinpu.w...@ionos.com>
  Jaegeuk Kim <jaeg...@kernel.org>
  Jakub Kicinski <k...@kernel.org>
  Jan Kara <j...@suse.cz>
  Jason Baron <jba...@akamai.com>
  Jassi Brar <jaswinder.si...@linaro.org>
  Javier Martinez Canillas <javi...@redhat.com>
  Jean-Francois Le Fillatre <jflf_ker...@gmx.com>
  Jens Axboe <ax...@kernel.dk>
  Jerry Lee <jerry...@qnap.com>
  Jerry Lee 李修賢 <jerry...@qnap.com>
  Jes Sorensen <jes.soren...@gmail.com>
  Jianglei Nie <niejianglei2...@163.com>
  Jiasheng Jiang <jiash...@iscas.ac.cn>
  Jim Cromie <jim.cro...@gmail.com>
  Jimmy Assarsson <ex...@kvaser.com>
  Jinke Han <hanjinke....@bytedance.com>
  Jiri Kosina <jkos...@suse.cz>
  Joel Stanley <j...@jms.id.au>
  Joerg Roedel <jroe...@suse.de>
  Johannes Berg <johannes.b...@intel.com>
  John Fastabend <john.fastab...@gmail.com>
  Jon Hunter <jonath...@nvidia.com>
  Jonathan Cameron <jonathan.came...@huawei.com>
  Josh Poimboeuf <jpoim...@kernel.org>
  Junichi Uekawa <uek...@chromium.org>
  Kalle Valo <kv...@kernel.org>
  Kalle Valo <quic_kv...@quicinc.com>
  Kees Cook <keesc...@chromium.org>
  Kefeng Wang <wangkefeng.w...@huawei.com>
  Keith Busch <kbu...@kernel.org>
  Kevin(Yudong) Yang <y...@google.com>
  Khalid Masum <khalid.masum...@gmail.com>
  Koba Ko <koba...@canonical.com>
  Kohei Tarumizu <tarumizu.ko...@fujitsu.com>
  Krzysztof Kozlowski <krzysztof.kozlow...@linaro.org>
  Kuninori Morimoto <kuninori.morimoto...@renesas.com>
  Lalith Rajendran <lalithk...@google.com>
  Lam Thai <lamt...@arista.com>
  Laurent Pinchart <laurent.pinch...@ideasonboard.com>
  Lee Jones <l...@kernel.org>
  Leon Romanovsky <l...@kernel.org>
  Letu Ren <fantasq...@gmail.com>
  Liang He <win...@126.com>
  Liang Yang <liang.y...@amlogic.com>
  Linus Walleij <linus.wall...@linaro.org>
  Linux Kernel Functional Testing <l...@linaro.org>
  Liu Jian <liujia...@huawei.com>
  Logan Gunthorpe <log...@deltatee.com>
  Lorenz Bauer <o...@lmb.io>
  Luiz Augusto von Dentz <luiz.von.de...@intel.com>
  Luke D. Jones <l...@ljones.dev>
  Lyude Paul <ly...@redhat.com>
  Maciej W. Rozycki <ma...@orcam.me.uk>
  Marc Kleine-Budde <m...@pengutronix.de>
  Marek Behún <ka...@kernel.org>
  Mario Limonciello <mario.limoncie...@amd.com>
  Mark Brown <broo...@kernel.org>
  Martin K. Petersen <martin.peter...@oracle.com>
  Martin Liska <mli...@suse.cz>
  Masahiro Yamada <masahi...@kernel.org>
  Mateusz Kwiatkowski <kfyatek+public...@gmail.com>
  Mathias Nyman <mathias.ny...@linux.intel.com>
  Mauro Carvalho Chehab <mche...@kernel.org>
  Maxime Ripard <max...@cerno.tech>
  Maya Matuszczyk <maccraft12...@gmail.com>
  Miaoqian Lin <linmq...@gmail.com>
  Michael Ellerman <m...@ellerman.id.au>
  Michael Hennerich <michael.henner...@analog.com>
  Michael S. Tsirkin <m...@redhat.com>
  Michael Walle <mich...@walle.cc>
  Michal Luczaj <m...@rbox.co>
  Michal Simek <michal.si...@amd.com>
  Mike Pattrick <m...@redhat.com>
  Mingzhe Zou <mingzhe....@easystack.cn>
  Miquel Raynal <miquel.ray...@bootlin.com>
  Nam Cao <namc...@gmail.com>
  Namhyung Kim <namhy...@kernel.org>
  Nathan Chancellor <nat...@kernel.org>
  Neal Cardwell <ncardw...@google.com>
  Nicholas Piggin <npig...@gmail.com>
  Nick Desaulniers <ndesaulni...@google.com>
  Nicolas Dufresne <nicolas.dufre...@collabora.com>
  Niklas Cassel <niklas.cas...@wdc.com>
  Ninad Naik <ninad.n...@intel.com>
  Noralf Trønnes <nor...@tronnes.org>
  Nuno Sá <nuno...@analog.com>
  Olga Kornievskaia <ko...@netapp.com>
  Oliver Hartkopp <socket...@hartkopp.net>
  Ondrej Mosnacek <omosn...@redhat.com>
  Pali Rohár <p...@kernel.org>
  Palmer Dabbelt <pal...@rivosinc.com>
  Paolo Bonzini <pbonz...@redhat.com>
  Paul Kocialkowski <paul.kocialkow...@bootlin.com>
  Paul Moore <p...@paul-moore.com>
  Paulo Alcantara (SUSE) <p...@cjr.nz>
  Pavel Begunkov <asml.sile...@gmail.com>
  Peter Oberparleiter <ober...@linux.ibm.com>
  Peter Robinson <pbrobin...@gmail.com>
  Peter Rosin <p...@axentia.se>
  Peter Xu <pet...@redhat.com>
  Petr Mladek <pmla...@suse.com>
  Phil Sutter <p...@nwl.cc>
  Philipp Hortmann <philipp.g.hortm...@gmail.com>
  Qu Wenruo <w...@suse.com>
  Quanyang Wang <quanyang.w...@windriver.com>
  Quentin Monnet <quen...@isovalent.com>
  Rafael J. Wysocki <rafael.j.wyso...@intel.com>
  Randy Dunlap <rdun...@infradead.org>
  Reinette Chatre <reinette.cha...@intel.com>
  Rich Felker <dal...@libc.org>
  Richard Acayan <mailingrad...@gmail.com>
  Richard Weinberger <rich...@nod.at>
  Rik van Riel <r...@surriel.com>
  Rob Clark <robdcl...@chromium.org>
  Robert Foss <robert.f...@linaro.org>
  Robin Guo <guowei...@inspur.com>
  Robin Murphy <robin.mur...@arm.com>
  Ronnie Sahlberg <lsahl...@redhat.com>
  Russell King (Oracle) <rmk+ker...@armlinux.org.uk>
  Rustam Subkhankulov <subkhanku...@ispras.ru>
  Ryusuke Konishi <konishi.ryus...@gmail.com>
  Saranya Gopal <saranya.go...@intel.com>
  Sasha Levin <sas...@kernel.org>
  Saurabh Sengar <ssen...@linux.microsoft.com>
  Sean Christopherson <sea...@google.com>
  Sebastian Reichel <sebastian.reic...@collabora.com>
  Serge Semin <sergey.se...@baikalelectronics.ru>
  Shawn Guo <shawn...@kernel.org>
  Sherry Sun <sherry....@nxp.com>
  Shigeru Yoshida <syosh...@redhat.com>
  Shuah Khan <sk...@linuxfoundation.org>
  Shubhrajyoti Datta <shubhrajyoti.da...@xilinx.com>
  Slade Watkins <s...@sladewatkins.net>
  Song Liu <s...@kernel.org>
  Srinivas Pandruvada <srinivas.pandruv...@linux.intel.com>
  Stanislaw Gruszka <stf...@wp.pl>
  Stefan Schmidt <ste...@datenfreihafen.org>
  Stefan Wahren <stefan.wah...@i2se.com>
  Steffen Klassert <steffen.klass...@secunet.com>
  Stephen Boyd <sb...@kernel.org>
  Steve French <stfre...@microsoft.com>
  Steven Rostedt (Google) <rost...@goodmis.org>
  sunghwan jung <onen...@gmail.com>
  Sungwoo Kim <i...@sung-woo.kim>
  syzbot <syzbot+78c55c7bc6f66e53d...@syzkaller.appspotmail.com>
  syzbot+5ec9bb042ddfe9644...@syzkaller.appspotmail.com
  Tadeusz Struk<tadeusz.st...@linaro.org>
  Takashi Iwai <ti...@suse.de>
  Tales Aparecida <tales.aparec...@gmail.com>
  Tejun Heo <t...@kernel.org>
  Tetsuo Handa <penguin-ker...@i-love.sakura.ne.jp>
  Thadeu Lima de Souza Cascardo <casca...@canonical.com>
  Thara Gopinath <tgopin...@microsoft.com>
  Theodore Ts'o <ty...@mit.edu>
  Thomas Bogendoerfer <tsbog...@alpha.franken.de>
  Thomas Zimmermann <tzimmerm...@suse.de>
  Toke Høiland-Jørgensen <t...@toke.dk>
  Tom Lendacky <thomas.lenda...@amd.com>
  Tomi Valkeinen <tomi.valkei...@ideasonboard.com>
  Tudor Ambarus <tudor.amba...@microchip.com>
  Tzung-Bi Shih <tzun...@kernel.org>
  Ulf Hansson <ulf.hans...@linaro.org>
  Varun Prakash <va...@chelsio.com>
  Vincent Whitchurch <vincent.whitchu...@axis.com>
  Vinod Koul <vk...@kernel.org>
  Vitaly Kuznetsov <vkuzn...@redhat.com>
  Waiman Long <long...@redhat.com>
  Wang Kefeng <wangkefeng.w...@huawei.com>
  Wei Yongjun <weiyongj...@huawei.com>
  Wen Gong <quic_wg...@quicinc.com>
  Wenchao Chen <wenchao.c...@unisoc.com>
  William Dean <williamsukat...@gmail.com>
  Wright Feng <wright.f...@cypress.com>
  Xiaoke Wang <xkernel.w...@foxmail.com>
  Xin Long <lucien....@gmail.com>
  Xu Qiang <xuqian...@huawei.com>
  Yonghong Song <y...@fb.com>
  Yuchung Cheng <ych...@google.com>
  Zhang Qilong <zhangqilo...@huawei.com>
  Zhang Rui <rui.zh...@intel.com>
  Zhang Xiaoxu <zhangxiao...@huawei.com>
  Zheng Yejian <zhengyeji...@huawei.com>
  Zheng Yongjun <zhengyongj...@huawei.com>
  Zheyu Ma <zheyum...@gmail.com>
  Zhihao Cheng <chengzhih...@huawei.com>
  Zhu Yanjun <yanjun....@linux.dev>
  Ziyang Xuan <william.xuanziy...@huawei.com>

jobs:
 build-amd64-xsm                                              pass    
 build-arm64-xsm                                              pass    
 build-i386-xsm                                               pass    
 build-amd64                                                  pass    
 build-arm64                                                  pass    
 build-armhf                                                  pass    
 build-i386                                                   pass    
 build-amd64-libvirt                                          pass    
 build-arm64-libvirt                                          pass    
 build-armhf-libvirt                                          pass    
 build-i386-libvirt                                           pass    
 build-amd64-pvops                                            pass    
 build-arm64-pvops                                            pass    
 build-armhf-pvops                                            pass    
 build-i386-pvops                                             pass    
 test-amd64-amd64-xl                                          pass    
 test-amd64-coresched-amd64-xl                                pass    
 test-arm64-arm64-xl                                          pass    
 test-armhf-armhf-xl                                          pass    
 test-amd64-i386-xl                                           pass    
 test-amd64-coresched-i386-xl                                 pass    
 test-amd64-amd64-libvirt-qemuu-debianhvm-amd64-xsm           pass    
 test-amd64-i386-libvirt-qemuu-debianhvm-amd64-xsm            pass    
 test-amd64-amd64-xl-qemut-stubdom-debianhvm-amd64-xsm        pass    
 test-amd64-i386-xl-qemut-stubdom-debianhvm-amd64-xsm         pass    
 test-amd64-amd64-xl-qemut-debianhvm-i386-xsm                 pass    
 test-amd64-i386-xl-qemut-debianhvm-i386-xsm                  pass    
 test-amd64-amd64-xl-qemuu-debianhvm-i386-xsm                 pass    
 test-amd64-i386-xl-qemuu-debianhvm-i386-xsm                  pass    
 test-amd64-amd64-libvirt-xsm                                 pass    
 test-arm64-arm64-libvirt-xsm                                 pass    
 test-amd64-i386-libvirt-xsm                                  pass    
 test-amd64-amd64-xl-xsm                                      pass    
 test-arm64-arm64-xl-xsm                                      pass    
 test-amd64-i386-xl-xsm                                       pass    
 test-amd64-amd64-qemuu-nested-amd                            fail    
 test-amd64-amd64-xl-pvhv2-amd                                pass    
 test-amd64-i386-qemut-rhel6hvm-amd                           pass    
 test-amd64-i386-qemuu-rhel6hvm-amd                           pass    
 test-amd64-amd64-dom0pvh-xl-amd                              pass    
 test-amd64-amd64-xl-qemut-debianhvm-amd64                    pass    
 test-amd64-i386-xl-qemut-debianhvm-amd64                     pass    
 test-amd64-amd64-xl-qemuu-debianhvm-amd64                    pass    
 test-amd64-i386-xl-qemuu-debianhvm-amd64                     pass    
 test-amd64-i386-freebsd10-amd64                              pass    
 test-amd64-amd64-qemuu-freebsd11-amd64                       pass    
 test-amd64-amd64-qemuu-freebsd12-amd64                       pass    
 test-amd64-amd64-xl-qemuu-ovmf-amd64                         pass    
 test-amd64-i386-xl-qemuu-ovmf-amd64                          pass    
 test-amd64-amd64-xl-qemut-win7-amd64                         fail    
 test-amd64-i386-xl-qemut-win7-amd64                          fail    
 test-amd64-amd64-xl-qemuu-win7-amd64                         fail    
 test-amd64-i386-xl-qemuu-win7-amd64                          fail    
 test-amd64-amd64-xl-qemut-ws16-amd64                         fail    
 test-amd64-i386-xl-qemut-ws16-amd64                          fail    
 test-amd64-amd64-xl-qemuu-ws16-amd64                         fail    
 test-amd64-i386-xl-qemuu-ws16-amd64                          fail    
 test-armhf-armhf-xl-arndale                                  pass    
 test-amd64-amd64-examine-bios                                pass    
 test-amd64-i386-examine-bios                                 pass    
 test-amd64-amd64-xl-credit1                                  pass    
 test-arm64-arm64-xl-credit1                                  pass    
 test-armhf-armhf-xl-credit1                                  fail    
 test-amd64-amd64-xl-credit2                                  pass    
 test-arm64-arm64-xl-credit2                                  pass    
 test-armhf-armhf-xl-credit2                                  fail    
 test-armhf-armhf-xl-cubietruck                               pass    
 test-amd64-amd64-xl-qemuu-dmrestrict-amd64-dmrestrict        pass    
 test-amd64-i386-xl-qemuu-dmrestrict-amd64-dmrestrict         pass    
 test-amd64-amd64-examine                                     pass    
 test-arm64-arm64-examine                                     pass    
 test-armhf-armhf-examine                                     pass    
 test-amd64-i386-examine                                      pass    
 test-amd64-i386-freebsd10-i386                               pass    
 test-amd64-amd64-qemuu-nested-intel                          pass    
 test-amd64-amd64-xl-pvhv2-intel                              pass    
 test-amd64-i386-qemut-rhel6hvm-intel                         pass    
 test-amd64-i386-qemuu-rhel6hvm-intel                         pass    
 test-amd64-amd64-dom0pvh-xl-intel                            pass    
 test-amd64-amd64-libvirt                                     pass    
 test-armhf-armhf-libvirt                                     pass    
 test-amd64-i386-libvirt                                      pass    
 test-amd64-amd64-xl-multivcpu                                pass    
 test-armhf-armhf-xl-multivcpu                                fail    
 test-amd64-amd64-pair                                        pass    
 test-amd64-i386-pair                                         pass    
 test-amd64-amd64-libvirt-pair                                pass    
 test-amd64-i386-libvirt-pair                                 pass    
 test-amd64-amd64-xl-pvshim                                   pass    
 test-amd64-i386-xl-pvshim                                    fail    
 test-amd64-amd64-pygrub                                      pass    
 test-armhf-armhf-libvirt-qcow2                               fail    
 test-amd64-amd64-xl-qcow2                                    pass    
 test-arm64-arm64-libvirt-raw                                 pass    
 test-armhf-armhf-libvirt-raw                                 pass    
 test-amd64-i386-libvirt-raw                                  pass    
 test-amd64-amd64-xl-rtds                                     pass    
 test-armhf-armhf-xl-rtds                                     pass    
 test-arm64-arm64-xl-seattle                                  pass    
 test-amd64-amd64-xl-qemuu-debianhvm-amd64-shadow             pass    
 test-amd64-i386-xl-qemuu-debianhvm-amd64-shadow              pass    
 test-amd64-amd64-xl-shadow                                   pass    
 test-amd64-i386-xl-shadow                                    pass    
 test-arm64-arm64-xl-thunderx                                 pass    
 test-amd64-amd64-examine-uefi                                pass    
 test-amd64-i386-examine-uefi                                 pass    
 test-amd64-amd64-libvirt-vhd                                 pass    
 test-arm64-arm64-xl-vhd                                      pass    
 test-armhf-armhf-xl-vhd                                      broken  
 test-amd64-i386-xl-vhd                                       pass    


------------------------------------------------------------
sg-report-flight on osstest.test-lab.xenproject.org
logs: /home/logs/logs
images: /home/logs/images

Logs, config files, etc. are available at
    http://logs.test-lab.xenproject.org/osstest/logs

Explanation of these reports, and of osstest in general, is at
    http://xenbits.xen.org/gitweb/?p=osstest.git;a=blob;f=README.email;hb=master
    http://xenbits.xen.org/gitweb/?p=osstest.git;a=blob;f=README;hb=master

Test harness code can be found at
    http://xenbits.xen.org/gitweb?p=osstest.git;a=summary

broken-job test-armhf-armhf-xl-vhd broken
broken-step test-armhf-armhf-xl-vhd capture-logs(14)

Not pushing.

(No revision log; it would be 7597 lines long.)

Reply via email to