flight 173984 xen-unstable-smoke real [real] http://logs.test-lab.xenproject.org/osstest/logs/173984/
Regressions :-( Tests which did not succeed and are blocking, including tests which could not be run: build-amd64 6 xen-build fail REGR. vs. 173457 test-armhf-armhf-xl 14 guest-start fail REGR. vs. 173457 Tests which are failing intermittently (not blocking): test-arm64-arm64-xl-xsm 14 guest-start fail pass in 173973 Tests which did not succeed, but are not blocking: build-amd64-libvirt 1 build-check(1) blocked n/a test-amd64-amd64-libvirt 1 build-check(1) blocked n/a test-amd64-amd64-xl-qemuu-debianhvm-amd64 1 build-check(1) blocked n/a test-arm64-arm64-xl-xsm 15 migrate-support-check fail in 173973 never pass test-arm64-arm64-xl-xsm 16 saverestore-support-check fail in 173973 never pass version targeted for testing: xen 5310a3aa5026fb27d6834306d920d6207a1e0898 baseline version: xen 9029bc265cdf2bd63376dde9fdd91db4ce9c0586 Last test of basis 173457 2022-10-07 14:03:14 Z 9 days Failing since 173492 2022-10-11 13:01:50 Z 5 days 37 attempts Testing same since 173776 2022-10-14 21:00:25 Z 2 days 18 attempts ------------------------------------------------------------ People who touched revisions under test: Andrew Cooper <andrew.coop...@citrix.com> Anthony PERARD <anthony.per...@citrix.com> Artem Bityutskiy <artem.bityuts...@linux.intel.com> Borislav Petkov <b...@suse.de> Christian Lindig <christian.lin...@citrix.com> Daniel P. Smith <dpsm...@apertussolutions.com> George Dunlap <george.dun...@citrix.com> Henry Wang <henry.w...@arm.com> Jan Beulich <jbeul...@suse.com> Jason Andryuk <jandr...@gmail.com> Julien Grall <jgr...@amazon.com> Peter Zijlstra (Intel) <pet...@infradead.org> Peter Zijlstra <pet...@infradead.org> Rafael J. Wysocki <rafael.j.wyso...@intel.com> Roger Pau Monné <roger....@citrix.com> Tim Deegan <t...@xen.org> Zhang Rui <rui.zh...@intel.com> jobs: build-arm64-xsm pass build-amd64 fail build-armhf pass build-amd64-libvirt blocked test-armhf-armhf-xl fail test-arm64-arm64-xl-xsm fail test-amd64-amd64-xl-qemuu-debianhvm-amd64 blocked test-amd64-amd64-libvirt blocked ------------------------------------------------------------ sg-report-flight on osstest.test-lab.xenproject.org logs: /home/logs/logs images: /home/logs/images Logs, config files, etc. are available at http://logs.test-lab.xenproject.org/osstest/logs Explanation of these reports, and of osstest in general, is at http://xenbits.xen.org/gitweb/?p=osstest.git;a=blob;f=README.email;hb=master http://xenbits.xen.org/gitweb/?p=osstest.git;a=blob;f=README;hb=master Test harness code can be found at http://xenbits.xen.org/gitweb?p=osstest.git;a=summary Not pushing. (No revision log; it would be 938 lines long.)