flight 173211 ovmf real [real] http://logs.test-lab.xenproject.org/osstest/logs/173211/
Regressions :-( Tests which did not succeed and are blocking, including tests which could not be run: build-i386-libvirt 6 libvirt-build fail REGR. vs. 172136 build-amd64-libvirt 6 libvirt-build fail REGR. vs. 172136 version targeted for testing: ovmf 45297e6c9bd1be53b3c462adb9b37b4df2ea8681 baseline version: ovmf 444260d45ec2a84e8f8c192b3539a3cd5591d009 Last test of basis 172136 2022-08-04 06:43:42 Z 42 days Failing since 172151 2022-08-05 02:40:28 Z 41 days 313 attempts Testing same since 173211 2022-09-15 12:14:39 Z 0 days 1 attempts ------------------------------------------------------------ People who touched revisions under test: "Lee, Chun-Yi" <j...@suse.com> Abdul Lateef Attar <abdat...@amd.com> Abner Chang <abner.ch...@amd.com> Annie Li <annie...@oracle.com> Ard Biesheuvel <a...@kernel.org> Baraneedharan Anbazhagan <anbazha...@hp.com> Bob Feng <bob.c.f...@intel.com> Chasel Chiu <chasel.c...@intel.com> Chen, Xiao X <xiao.x.c...@intel.com> Corvin Köhne <c.koe...@beckhoff.com> Czajkowski, Maciej <maciej.czajkow...@intel.com> Dimitrije Pavlov <dimitrije.pav...@arm.com> Dun Tan <dun....@intel.com> Edward Pickup <edward.pic...@arm.com> Feng, Bob C <bob.c.f...@intel.com> Foster Nong <foster.n...@intel.com> Gerd Hoffmann <kra...@redhat.com> Gregx Yeh <gregx....@intel.com> Guo Dong <guo.d...@intel.com> Heng Luo <heng....@intel.com> Igor Kulchytskyy <ig...@ami.com> James Lu <james...@intel.com> Jeff Brasen <jbra...@nvidia.com> Jianyong Wu <jianyong...@arm.com> Jiaxin Wu <jiaxin...@intel.com> Jose Marinho <jose.mari...@arm.com> KasimX Liu <kasimx....@intel.com> Kavya <k.kavyax.sravan...@intel.com> Konstantin Aladyshev <aladyshe...@gmail.com> Kun Qin <kuqi...@gmail.com> Kuo, Ted <ted....@intel.com> Laszlo Ersek <ler...@redhat.com> Lee, Chun-Yi <joeyli.ker...@gmail.com> Leif Lindholm <quic_llind...@quicinc.com> Liming Gao <gaolim...@byosoft.com.cn> Liu, Zhiguang <zhiguang....@intel.com> Maciej Czajkowski <maciej.czajkow...@intel.com> Michael D Kinney <michael.d.kin...@intel.com> Michael Kubacki <michael.kuba...@microsoft.com> Min M Xu <min.m...@intel.com> Min Xu <min.m...@intel.com> Oliver Steffen <ostef...@redhat.com> Pierre Gondois <pierre.gond...@arm.com> Pranav Madhu <pranav.ma...@arm.com> Ray Ni <ray...@intel.com> Rebecca Cran <rebe...@bsdio.com> Rebecca Cran <rebe...@quicinc.com> Rohit Mathew <rohit.mat...@arm.com> Sainadh Nagolu <saina...@ami.com> Sami Mujawar <sami.muja...@arm.com> Sebastien Boeuf <sebastien.bo...@intel.com> Shengfengx Xue <shengfengx....@intel.com> Ted Kuo <ted....@intel.com> Wenyi Xie <xiewen...@huawei.com> Wu, Jiaxin <jiaxin...@intel.com> Xiao X Chen <xiao.x.c...@intel.com> Yuan Yu <yua...@google.com> Yuanhao Xie <yuanhao....@intel.com> Zhiguang Liu <zhiguang....@intel.com> jobs: build-amd64-xsm pass build-i386-xsm pass build-amd64 pass build-i386 pass build-amd64-libvirt fail build-i386-libvirt fail build-amd64-pvops pass build-i386-pvops pass test-amd64-amd64-xl-qemuu-ovmf-amd64 pass test-amd64-i386-xl-qemuu-ovmf-amd64 pass ------------------------------------------------------------ sg-report-flight on osstest.test-lab.xenproject.org logs: /home/logs/logs images: /home/logs/images Logs, config files, etc. are available at http://logs.test-lab.xenproject.org/osstest/logs Explanation of these reports, and of osstest in general, is at http://xenbits.xen.org/gitweb/?p=osstest.git;a=blob;f=README.email;hb=master http://xenbits.xen.org/gitweb/?p=osstest.git;a=blob;f=README;hb=master Test harness code can be found at http://xenbits.xen.org/gitweb?p=osstest.git;a=summary Not pushing. (No revision log; it would be 2543 lines long.)