flight 173138 qemu-mainline real [real] http://logs.test-lab.xenproject.org/osstest/logs/173138/
Regressions :-( Tests which did not succeed and are blocking, including tests which could not be run: build-amd64-libvirt 6 libvirt-build fail REGR. vs. 172123 build-i386-libvirt 6 libvirt-build fail REGR. vs. 172123 build-arm64-libvirt 6 libvirt-build fail REGR. vs. 172123 build-armhf-libvirt 6 libvirt-build fail REGR. vs. 172123 Tests which are failing intermittently (not blocking): test-amd64-i386-qemuu-rhel6hvm-amd 7 xen-install fail in 173131 pass in 173138 test-amd64-i386-xl-vhd 21 guest-start/debian.repeat fail pass in 173131 Tests which did not succeed, but are not blocking: test-arm64-arm64-libvirt-raw 1 build-check(1) blocked n/a test-arm64-arm64-libvirt-xsm 1 build-check(1) blocked n/a test-armhf-armhf-libvirt 1 build-check(1) blocked n/a test-armhf-armhf-libvirt-qcow2 1 build-check(1) blocked n/a test-armhf-armhf-libvirt-raw 1 build-check(1) blocked n/a test-amd64-i386-libvirt-xsm 1 build-check(1) blocked n/a test-amd64-i386-libvirt-raw 1 build-check(1) blocked n/a test-amd64-i386-libvirt-qemuu-debianhvm-amd64-xsm 1 build-check(1) blocked n/a test-amd64-i386-libvirt-pair 1 build-check(1) blocked n/a test-amd64-i386-libvirt 1 build-check(1) blocked n/a test-amd64-amd64-libvirt 1 build-check(1) blocked n/a test-amd64-amd64-libvirt-pair 1 build-check(1) blocked n/a test-amd64-amd64-libvirt-qemuu-debianhvm-amd64-xsm 1 build-check(1) blocked n/a test-amd64-amd64-libvirt-vhd 1 build-check(1) blocked n/a test-amd64-amd64-libvirt-xsm 1 build-check(1) blocked n/a test-amd64-amd64-xl-qemuu-win7-amd64 19 guest-stop fail like 172123 test-amd64-i386-xl-qemuu-win7-amd64 19 guest-stop fail like 172123 test-amd64-amd64-qemuu-nested-amd 20 debian-hvm-install/l1/l2 fail like 172123 test-amd64-i386-xl-qemuu-ws16-amd64 19 guest-stop fail like 172123 test-amd64-amd64-xl-qemuu-ws16-amd64 19 guest-stop fail like 172123 test-arm64-arm64-xl-seattle 15 migrate-support-check fail never pass test-arm64-arm64-xl-seattle 16 saverestore-support-check fail never pass test-amd64-i386-xl-pvshim 14 guest-start fail never pass test-arm64-arm64-xl 15 migrate-support-check fail never pass test-arm64-arm64-xl 16 saverestore-support-check fail never pass test-arm64-arm64-xl-thunderx 15 migrate-support-check fail never pass test-arm64-arm64-xl-thunderx 16 saverestore-support-check fail never pass test-arm64-arm64-xl-xsm 15 migrate-support-check fail never pass test-arm64-arm64-xl-xsm 16 saverestore-support-check fail never pass test-arm64-arm64-xl-credit2 15 migrate-support-check fail never pass test-arm64-arm64-xl-credit2 16 saverestore-support-check fail never pass test-arm64-arm64-xl-credit1 15 migrate-support-check fail never pass test-arm64-arm64-xl-credit1 16 saverestore-support-check fail never pass test-arm64-arm64-xl-vhd 14 migrate-support-check fail never pass test-arm64-arm64-xl-vhd 15 saverestore-support-check fail never pass test-armhf-armhf-xl-credit2 15 migrate-support-check fail never pass test-armhf-armhf-xl-credit2 16 saverestore-support-check fail never pass test-armhf-armhf-xl-multivcpu 15 migrate-support-check fail never pass test-armhf-armhf-xl-multivcpu 16 saverestore-support-check fail never pass test-armhf-armhf-xl-credit1 15 migrate-support-check fail never pass test-armhf-armhf-xl-credit1 16 saverestore-support-check fail never pass test-armhf-armhf-xl-arndale 15 migrate-support-check fail never pass test-armhf-armhf-xl-arndale 16 saverestore-support-check fail never pass test-armhf-armhf-xl-vhd 14 migrate-support-check fail never pass test-armhf-armhf-xl-vhd 15 saverestore-support-check fail never pass test-armhf-armhf-xl-rtds 15 migrate-support-check fail never pass test-armhf-armhf-xl-rtds 16 saverestore-support-check fail never pass test-armhf-armhf-xl 15 migrate-support-check fail never pass test-armhf-armhf-xl 16 saverestore-support-check fail never pass test-armhf-armhf-xl-cubietruck 15 migrate-support-check fail never pass test-armhf-armhf-xl-cubietruck 16 saverestore-support-check fail never pass version targeted for testing: qemuu 79dfa177ae348bb5ab5f97c0915359b13d6186e2 baseline version: qemuu 2480f3bbd03814b0651a1f74959f5c6631ee5819 Last test of basis 172123 2022-08-03 18:10:07 Z 39 days Failing since 172148 2022-08-04 21:39:38 Z 38 days 86 attempts Testing same since 173060 2022-09-08 07:34:59 Z 3 days 8 attempts ------------------------------------------------------------ People who touched revisions under test: Akihiko Odaki <akihiko.od...@daynix.com> Akihiko Odaki <akihiko.od...@gmail.com> Alex Bennée <alex.ben...@linaro.org> Alexey Baturo <baturo.ale...@gmail.com> Alexey Kardashevskiy <a...@ozlabs.ru> Alistair Francis <alistair.fran...@wdc.com> Andrea Bolognani <abolo...@redhat.com> Anton Kochkov <anton.koch...@proton.me> Anup Patel <apa...@ventanamicro.com> Atish Patra <atish.pa...@wdc.com> Atish Patra <ati...@rivosinc.com> BALATON Zoltan <bala...@eik.bme.hu> Bin Meng <bin.m...@windriver.com> Bin Meng <bmeng...@gmail.com> Christian Borntraeger <borntrae...@linux.ibm.com> Conor Dooley <conor.doo...@microchip.com> Cornelia Huck <coh...@redhat.com> Cédric Le Goater <c...@kaod.org> Daniel Henrique Barboza <danielhb...@gmail.com> Daniel P. Berrangé <berra...@redhat.com> Dao Lu <da...@rivosinc.com> David Hildenbrand <da...@redhat.com> dramforever <dramfore...@live.com> eop Chen <eop.c...@sifive.com> eopXD <eop.c...@sifive.com> Eugenio Pérez <epere...@redhat.com> Frédéric Pétrot <frederic.pet...@univ-grenoble-alpes.fr> Gerd Hoffmann <kra...@redhat.com> Heiko Stuebner <he...@sntech.de> Helge Deller <del...@gmx.de> Igor Mammedov <imamm...@redhat.com> Ilya Leoshkevich <i...@linux.ibm.com> Jason A. Donenfeld <ja...@zx2c4.com> Jason Wang <jasow...@redhat.com> John Millikin <j...@john-millikin.com> John Snow <js...@redhat.com> Jonathan Cameron <jonathan.came...@huawei.com> Junqiang Wang <wangjunqi...@iscas.ac.cn> Kevin Wolf <kw...@redhat.com> Laurent Vivier <laur...@vivier.eu> Leonardo Bras <leob...@redhat.com> Lucas Mateus Castro (alqotel) <lucas.ara...@eldorado.org.br> Marc-André Lureau <marcandre.lur...@redhat.com> Mark Cave-Ayland <mark.cave-ayl...@ilande.co.uk> Markus Armbruster <arm...@redhat.com> Matheus Tavares Bernardino <quic_mathb...@quicinc.com> Michael S. Tsirkin <m...@redhat.com> Nicholas Piggin <npig...@gmail.com> Paolo Bonzini <pbonz...@redhat.com> Paul Brook <p...@nowt.org> Pavel Dovgalyuk <pavel.dovgal...@ispras.ru> Peter Maydell <peter.mayd...@linaro.org> Philippe Mathieu-Daudé <f4...@amsat.org> Priyankar Jain <priyankar.j...@nutanix.com> Qi Hu <h...@loongson.cn> Qiang Liu <cyruscy...@gmail.com> Rahul Pathak <rpat...@ventanamicro.com> Richard Henderson <richard.hender...@linaro.org> Richard W.M. Jones <rjo...@redhat.com> Samuel Thibault <samuel.thiba...@ens-lyon.org> Song Gao <gaos...@loongson.cn> Stafford Horne <sho...@gmail.com> Stefan Hajnoczi <stefa...@redhat.com> Stefan Weil <s...@weilnetz.de> Thomas Huth <th...@redhat.com> Tomasz Martyniak <gitlab.com/tom4r> Victor Toso <victort...@redhat.com> Vitaly Buka <vitalyb...@google.com> Vitaly Kuznetsov <vkuzn...@redhat.com> Weiwei Li <liwei...@iscas.ac.cn> Wilfred Mallawa <wilfred.mall...@wdc.com> Xiaojuan Yang <yangxiaoj...@loongson.cn> Xuzhou Cheng <xuzhou.ch...@windriver.com> Yonggang Luo <luoyongg...@gmail.com> Yueh-Ting (eop) Chen <eop.c...@sifive.com> Zenghui Yu <yuzeng...@huawei.com> Zhang Chen <chen.zh...@intel.com> Zheyu Ma <zheyum...@gmail.com> jobs: build-amd64-xsm pass build-arm64-xsm pass build-i386-xsm pass build-amd64 pass build-arm64 pass build-armhf pass build-i386 pass build-amd64-libvirt fail build-arm64-libvirt fail build-armhf-libvirt fail build-i386-libvirt fail build-amd64-pvops pass build-arm64-pvops pass build-armhf-pvops pass build-i386-pvops pass test-amd64-amd64-xl pass test-amd64-coresched-amd64-xl pass test-arm64-arm64-xl pass test-armhf-armhf-xl pass test-amd64-i386-xl pass test-amd64-coresched-i386-xl pass test-amd64-amd64-libvirt-qemuu-debianhvm-amd64-xsm blocked test-amd64-i386-libvirt-qemuu-debianhvm-amd64-xsm blocked test-amd64-amd64-xl-qemuu-debianhvm-i386-xsm pass test-amd64-i386-xl-qemuu-debianhvm-i386-xsm pass test-amd64-amd64-libvirt-xsm blocked test-arm64-arm64-libvirt-xsm blocked test-amd64-i386-libvirt-xsm blocked test-amd64-amd64-xl-xsm pass test-arm64-arm64-xl-xsm pass test-amd64-i386-xl-xsm pass test-amd64-amd64-qemuu-nested-amd fail test-amd64-amd64-xl-pvhv2-amd pass test-amd64-i386-qemuu-rhel6hvm-amd pass test-amd64-amd64-dom0pvh-xl-amd pass test-amd64-amd64-xl-qemuu-debianhvm-amd64 pass test-amd64-i386-xl-qemuu-debianhvm-amd64 pass test-amd64-i386-freebsd10-amd64 pass test-amd64-amd64-qemuu-freebsd11-amd64 pass test-amd64-amd64-qemuu-freebsd12-amd64 pass test-amd64-amd64-xl-qemuu-ovmf-amd64 pass test-amd64-i386-xl-qemuu-ovmf-amd64 pass test-amd64-amd64-xl-qemuu-win7-amd64 fail test-amd64-i386-xl-qemuu-win7-amd64 fail test-amd64-amd64-xl-qemuu-ws16-amd64 fail test-amd64-i386-xl-qemuu-ws16-amd64 fail test-armhf-armhf-xl-arndale pass test-amd64-amd64-xl-credit1 pass test-arm64-arm64-xl-credit1 pass test-armhf-armhf-xl-credit1 pass test-amd64-amd64-xl-credit2 pass test-arm64-arm64-xl-credit2 pass test-armhf-armhf-xl-credit2 pass test-armhf-armhf-xl-cubietruck pass test-amd64-amd64-xl-qemuu-dmrestrict-amd64-dmrestrict pass test-amd64-i386-xl-qemuu-dmrestrict-amd64-dmrestrict pass test-amd64-i386-freebsd10-i386 pass test-amd64-amd64-qemuu-nested-intel pass test-amd64-amd64-xl-pvhv2-intel pass test-amd64-i386-qemuu-rhel6hvm-intel pass test-amd64-amd64-dom0pvh-xl-intel pass test-amd64-amd64-libvirt blocked test-armhf-armhf-libvirt blocked test-amd64-i386-libvirt blocked test-amd64-amd64-xl-multivcpu pass test-armhf-armhf-xl-multivcpu pass test-amd64-amd64-pair pass test-amd64-i386-pair pass test-amd64-amd64-libvirt-pair blocked test-amd64-i386-libvirt-pair blocked test-amd64-amd64-xl-pvshim pass test-amd64-i386-xl-pvshim fail test-amd64-amd64-pygrub pass test-armhf-armhf-libvirt-qcow2 blocked test-amd64-amd64-xl-qcow2 pass test-arm64-arm64-libvirt-raw blocked test-armhf-armhf-libvirt-raw blocked test-amd64-i386-libvirt-raw blocked test-amd64-amd64-xl-rtds pass test-armhf-armhf-xl-rtds pass test-arm64-arm64-xl-seattle pass test-amd64-amd64-xl-qemuu-debianhvm-amd64-shadow pass test-amd64-i386-xl-qemuu-debianhvm-amd64-shadow pass test-amd64-amd64-xl-shadow pass test-amd64-i386-xl-shadow pass test-arm64-arm64-xl-thunderx pass test-amd64-amd64-libvirt-vhd blocked test-arm64-arm64-xl-vhd pass test-armhf-armhf-xl-vhd pass test-amd64-i386-xl-vhd fail ------------------------------------------------------------ sg-report-flight on osstest.test-lab.xenproject.org logs: /home/logs/logs images: /home/logs/images Logs, config files, etc. are available at http://logs.test-lab.xenproject.org/osstest/logs Explanation of these reports, and of osstest in general, is at http://xenbits.xen.org/gitweb/?p=osstest.git;a=blob;f=README.email;hb=master http://xenbits.xen.org/gitweb/?p=osstest.git;a=blob;f=README;hb=master Test harness code can be found at http://xenbits.xen.org/gitweb?p=osstest.git;a=summary Not pushing. (No revision log; it would be 7269 lines long.)