flight 172537 ovmf real [real] http://logs.test-lab.xenproject.org/osstest/logs/172537/
Regressions :-( Tests which did not succeed and are blocking, including tests which could not be run: build-i386-libvirt 6 libvirt-build fail REGR. vs. 172136 build-amd64-libvirt 6 libvirt-build fail REGR. vs. 172136 version targeted for testing: ovmf 803ed060ee2b22cc136ae97308d494a9d6716947 baseline version: ovmf 444260d45ec2a84e8f8c192b3539a3cd5591d009 Last test of basis 172136 2022-08-04 06:43:42 Z 11 days Failing since 172151 2022-08-05 02:40:28 Z 10 days 96 attempts Testing same since 172533 2022-08-15 05:42:57 Z 0 days 2 attempts ------------------------------------------------------------ People who touched revisions under test: Czajkowski, Maciej <maciej.czajkow...@intel.com> Dun Tan <dun....@intel.com> Edward Pickup <edward.pic...@arm.com> Foster Nong <foster.n...@intel.com> Jose Marinho <jose.mari...@arm.com> Konstantin Aladyshev <aladyshe...@gmail.com> Liu, Zhiguang <zhiguang....@intel.com> Maciej Czajkowski <maciej.czajkow...@intel.com> Michael D Kinney <michael.d.kin...@intel.com> Ray Ni <ray...@intel.com> Sami Mujawar <sami.muja...@arm.com> Shengfengx Xue <shengfengx....@intel.com> Zhiguang Liu <zhiguang....@intel.com> jobs: build-amd64-xsm pass build-i386-xsm pass build-amd64 pass build-i386 pass build-amd64-libvirt fail build-i386-libvirt fail build-amd64-pvops pass build-i386-pvops pass test-amd64-amd64-xl-qemuu-ovmf-amd64 pass test-amd64-i386-xl-qemuu-ovmf-amd64 pass ------------------------------------------------------------ sg-report-flight on osstest.test-lab.xenproject.org logs: /home/logs/logs images: /home/logs/images Logs, config files, etc. are available at http://logs.test-lab.xenproject.org/osstest/logs Explanation of these reports, and of osstest in general, is at http://xenbits.xen.org/gitweb/?p=osstest.git;a=blob;f=README.email;hb=master http://xenbits.xen.org/gitweb/?p=osstest.git;a=blob;f=README;hb=master Test harness code can be found at http://xenbits.xen.org/gitweb?p=osstest.git;a=summary Not pushing. (No revision log; it would be 614 lines long.)