flight 171447 xen-unstable-smoke real [real] http://logs.test-lab.xenproject.org/osstest/logs/171447/
Failures :-/ but no regressions. Tests which did not succeed, but are not blocking: test-amd64-amd64-libvirt 15 migrate-support-check fail never pass test-arm64-arm64-xl-xsm 15 migrate-support-check fail never pass test-arm64-arm64-xl-xsm 16 saverestore-support-check fail never pass test-armhf-armhf-xl 15 migrate-support-check fail never pass test-armhf-armhf-xl 16 saverestore-support-check fail never pass version targeted for testing: xen bf2f989531ad3851685a1847cbc1e28901ed80a2 baseline version: xen ee11f092b515bf3c926eaad053d12d3f2b6e593e Last test of basis 171430 2022-06-30 21:01:45 Z 1 days Testing same since 171447 2022-07-01 18:00:25 Z 0 days 1 attempts ------------------------------------------------------------ People who touched revisions under test: Julien Grall <jgr...@amazon.com> jobs: build-arm64-xsm pass build-amd64 pass build-armhf pass build-amd64-libvirt pass test-armhf-armhf-xl pass test-arm64-arm64-xl-xsm pass test-amd64-amd64-xl-qemuu-debianhvm-amd64 pass test-amd64-amd64-libvirt pass ------------------------------------------------------------ sg-report-flight on osstest.test-lab.xenproject.org logs: /home/logs/logs images: /home/logs/images Logs, config files, etc. are available at http://logs.test-lab.xenproject.org/osstest/logs Explanation of these reports, and of osstest in general, is at http://xenbits.xen.org/gitweb/?p=osstest.git;a=blob;f=README.email;hb=master http://xenbits.xen.org/gitweb/?p=osstest.git;a=blob;f=README;hb=master Test harness code can be found at http://xenbits.xen.org/gitweb?p=osstest.git;a=summary Pushing revision : To xenbits.xen.org:/home/xen/git/xen.git ee11f092b5..bf2f989531 bf2f989531ad3851685a1847cbc1e28901ed80a2 -> smoke