flight 170876 linux-5.4 real [real] http://logs.test-lab.xenproject.org/osstest/logs/170876/
Regressions :-( Tests which did not succeed and are blocking, including tests which could not be run: test-armhf-armhf-xl-credit1 <job status> broken test-armhf-armhf-xl-credit1 14 guest-start fail in 170846 REGR. vs. 170736 Tests which are failing intermittently (not blocking): test-armhf-armhf-xl-credit1 5 host-install(5) broken pass in 170860 test-amd64-i386-examine-uefi 6 xen-install fail in 170846 pass in 170876 test-armhf-armhf-xl-multivcpu 14 guest-start fail in 170846 pass in 170876 test-armhf-armhf-xl-arndale 18 guest-start/debian.repeat fail in 170846 pass in 170876 test-arm64-arm64-libvirt-raw 17 guest-start/debian.repeat fail in 170846 pass in 170876 test-amd64-amd64-xl-qemuu-debianhvm-amd64-shadow 18 guest-localmigrate/x10 fail in 170860 pass in 170876 test-armhf-armhf-libvirt-qcow2 13 guest-start fail in 170860 pass in 170876 test-armhf-armhf-xl-credit2 14 guest-start fail pass in 170846 Tests which did not succeed, but are not blocking: test-armhf-armhf-xl-credit2 18 guest-start/debian.repeat fail in 170846 like 170736 test-armhf-armhf-xl-rtds 18 guest-start/debian.repeat fail in 170846 like 170736 test-armhf-armhf-xl-credit2 15 migrate-support-check fail in 170846 never pass test-armhf-armhf-xl-credit2 16 saverestore-support-check fail in 170846 never pass test-armhf-armhf-xl-multivcpu 18 guest-start/debian.repeat fail in 170860 like 170724 test-armhf-armhf-libvirt-raw 15 saverestore-support-check fail like 170724 test-amd64-amd64-xl-qemuu-win7-amd64 19 guest-stop fail like 170736 test-amd64-amd64-xl-qemut-win7-amd64 19 guest-stop fail like 170736 test-amd64-i386-xl-qemut-win7-amd64 19 guest-stop fail like 170736 test-amd64-i386-xl-qemuu-win7-amd64 19 guest-stop fail like 170736 test-armhf-armhf-libvirt 16 saverestore-support-check fail like 170736 test-amd64-amd64-qemuu-nested-amd 20 debian-hvm-install/l1/l2 fail like 170736 test-amd64-amd64-xl-qemuu-ws16-amd64 19 guest-stop fail like 170736 test-amd64-i386-xl-qemut-ws16-amd64 19 guest-stop fail like 170736 test-armhf-armhf-libvirt-qcow2 15 saverestore-support-check fail like 170736 test-amd64-amd64-xl-qemut-ws16-amd64 19 guest-stop fail like 170736 test-amd64-i386-xl-qemuu-ws16-amd64 19 guest-stop fail like 170736 test-amd64-i386-libvirt-xsm 15 migrate-support-check fail never pass test-amd64-amd64-libvirt-xsm 15 migrate-support-check fail never pass test-amd64-i386-xl-pvshim 14 guest-start fail never pass test-amd64-i386-libvirt 15 migrate-support-check fail never pass test-arm64-arm64-xl-seattle 15 migrate-support-check fail never pass test-arm64-arm64-xl-seattle 16 saverestore-support-check fail never pass test-amd64-amd64-libvirt 15 migrate-support-check fail never pass test-arm64-arm64-xl-credit1 15 migrate-support-check fail never pass test-arm64-arm64-xl-credit1 16 saverestore-support-check fail never pass test-arm64-arm64-xl-credit2 15 migrate-support-check fail never pass test-arm64-arm64-xl-credit2 16 saverestore-support-check fail never pass test-arm64-arm64-xl 15 migrate-support-check fail never pass test-arm64-arm64-xl 16 saverestore-support-check fail never pass test-arm64-arm64-xl-thunderx 15 migrate-support-check fail never pass test-arm64-arm64-xl-xsm 15 migrate-support-check fail never pass test-arm64-arm64-xl-thunderx 16 saverestore-support-check fail never pass test-arm64-arm64-xl-xsm 16 saverestore-support-check fail never pass test-amd64-i386-libvirt-qemuu-debianhvm-amd64-xsm 13 migrate-support-check fail never pass test-armhf-armhf-xl-arndale 15 migrate-support-check fail never pass test-armhf-armhf-xl-arndale 16 saverestore-support-check fail never pass test-armhf-armhf-xl-multivcpu 15 migrate-support-check fail never pass test-armhf-armhf-xl-multivcpu 16 saverestore-support-check fail never pass test-amd64-amd64-libvirt-vhd 14 migrate-support-check fail never pass test-amd64-amd64-libvirt-qemuu-debianhvm-amd64-xsm 13 migrate-support-check fail never pass test-arm64-arm64-libvirt-xsm 15 migrate-support-check fail never pass test-arm64-arm64-libvirt-xsm 16 saverestore-support-check fail never pass test-amd64-i386-libvirt-raw 14 migrate-support-check fail never pass test-arm64-arm64-libvirt-raw 14 migrate-support-check fail never pass test-arm64-arm64-libvirt-raw 15 saverestore-support-check fail never pass test-armhf-armhf-xl-cubietruck 15 migrate-support-check fail never pass test-armhf-armhf-xl-cubietruck 16 saverestore-support-check fail never pass test-armhf-armhf-xl 15 migrate-support-check fail never pass test-armhf-armhf-xl 16 saverestore-support-check fail never pass test-armhf-armhf-libvirt 15 migrate-support-check fail never pass test-arm64-arm64-xl-vhd 14 migrate-support-check fail never pass test-arm64-arm64-xl-vhd 15 saverestore-support-check fail never pass test-armhf-armhf-xl-rtds 15 migrate-support-check fail never pass test-armhf-armhf-xl-rtds 16 saverestore-support-check fail never pass test-armhf-armhf-libvirt-qcow2 14 migrate-support-check fail never pass test-armhf-armhf-xl-vhd 14 migrate-support-check fail never pass test-armhf-armhf-xl-vhd 15 saverestore-support-check fail never pass test-armhf-armhf-libvirt-raw 14 migrate-support-check fail never pass version targeted for testing: linux 35c6471fd2c181f6e5e0b292dc759b49dbd95d6a baseline version: linux 04b092e4a01a3488e762897e2d29f85eda2c6a60 Last test of basis 170736 2022-05-25 18:40:38 Z 13 days Testing same since 170843 2022-06-06 06:44:17 Z 2 days 4 attempts ------------------------------------------------------------ People who touched revisions under test: Akira Yokosawa <aki...@gmail.com> Andrew Morton <a...@linux-foundation.org> Andy Lutomirski <l...@kernel.org> Andy Shevchenko <andriy.shevche...@linux.intel.com> Anna Schumaker <anna.schuma...@netapp.com> Ard Biesheuvel <a...@kernel.org> Ariadne Conill <aria...@dereferenced.org> Aristeu Rozanski <a...@redhat.com> Benjamin Tissoires <benjamin.tissoi...@redhat.com> Christian Brauner <brau...@kernel.org> Chuck Lever <chuck.le...@oracle.com> Dan Carpenter <dan.carpen...@oracle.com> Daniel Borkmann <dan...@iogearbox.net> Daniel Thompson <daniel.thomp...@linaro.org> David Howells <dhowe...@redhat.com> David S. Miller <da...@davemloft.net> Denis Efremov (Oracle) <efre...@linux.com> Dmitry Mastykin <dmasty...@astralinux.ru> Dmitry Torokhov <dmitry.torok...@gmail.com> Eric Dumazet <eduma...@google.com> Florian Westphal <f...@strlen.de> Greg Kroah-Hartman <gre...@linuxfoundation.org> Guenter Roeck <li...@roeck-us.net> Gustavo A. R. Silva <gustavo...@kernel.org> Hans Verkuil <hverkuil-ci...@xs4all.nl> Herbert Xu <herb...@gondor.apana.org.au> Hulk Robot <hulkro...@huawei.com> IotaHydrae <writefore...@foxmail.com> Jakub Kicinski <k...@kernel.org> Jarkko Sakkinen <jar...@kernel.org> Jiri Kosina <jkos...@suse.cz> Joel Stanley <j...@jms.id.au> Johannes Berg <johannes.b...@intel.com> Jonathan Corbet <cor...@lwn.net> Kees Cook <keesc...@chromium.org> Linus Torvalds <torva...@linux-foundation.org> Linus Walleij <linus.wall...@linaro.org> Linux Kernel Functional Testing <l...@linaro.org> Liu Jian <liujia...@huawei.com> Lorenzo Pieralisi <lorenzo.pieral...@arm.com> Luca Coelho <luciano.coe...@intel.com> Marek Maslanka <m...@semihalf.com> Marek Maślanka <m...@semihalf.com> Mariusz Tkaczyk <mariusz.tkac...@linux.intel.com> Mark-PK Tsai <mark-pk.t...@mediatek.com> Mauro Carvalho Chehab <mchehab+hua...@kernel.org> Mika Westerberg <mika.westerb...@linux.intel.com> Mike Snitzer <snit...@kernel.org> Mikulas Patocka <mpato...@redhat.com> Milan Broz <gmazyl...@gmail.com> Minchan Kim <minc...@kernel.org> Miri Korenblit <miriam.rachel.korenb...@intel.com> Noah Meyerhans <nmeye...@amazon.com> Noah Meyerhans <no...@debian.org> Pablo Neira Ayuso <pa...@netfilter.org> Piyush Malgujar <pmalgu...@marvell.com> Rafael J. Wysocki <rafael.j.wyso...@intel.com> Sakari Ailus <sakari.ai...@linux.intel.com> Sarthak Kukreti <sarthakkukr...@google.com> Sasha Levin <sas...@kernel.org> Song Liu <s...@kernel.org> Song Liu <songliubrav...@fb.com> Stefan Ghinea <stefan.ghi...@windriver.com> Stefan Mahnke-Hartmann <stefan.mahnke-hartm...@infineon.com> Steffen Klassert <steffen.klass...@secunet.com> Stephen Brennan <stephen.s.bren...@oracle.com> Sudip Mukherjee <sudip.mukher...@codethink.co.uk> Sultan Alsawaf <sul...@kerneltoast.com> Szymon Balcerak <sbalce...@marvell.com> Thomas Bartschies <thomas.bartsch...@cvk.de> Thomas Gleixner <t...@linutronix.de> Trond Myklebust <trond.mykleb...@hammerspace.com> Vegard Nossum <vegard.nos...@oracle.com> Veronika Kabatova <vkaba...@redhat.com> Vitaly Chikunov <v...@altlinux.org> Willy Tarreau <w...@1wt.eu> Wolfram Sang <w...@kernel.org> Xiu Jianfeng <xiujianf...@huawei.com> jobs: build-amd64-xsm pass build-arm64-xsm pass build-i386-xsm pass build-amd64 pass build-arm64 pass build-armhf pass build-i386 pass build-amd64-libvirt pass build-arm64-libvirt pass build-armhf-libvirt pass build-i386-libvirt pass build-amd64-pvops pass build-arm64-pvops pass build-armhf-pvops pass build-i386-pvops pass test-amd64-amd64-xl pass test-amd64-coresched-amd64-xl pass test-arm64-arm64-xl pass test-armhf-armhf-xl pass test-amd64-i386-xl pass test-amd64-coresched-i386-xl pass test-amd64-amd64-libvirt-qemuu-debianhvm-amd64-xsm pass test-amd64-i386-libvirt-qemuu-debianhvm-amd64-xsm pass test-amd64-amd64-xl-qemut-stubdom-debianhvm-amd64-xsm pass test-amd64-i386-xl-qemut-stubdom-debianhvm-amd64-xsm pass test-amd64-amd64-xl-qemut-debianhvm-i386-xsm pass test-amd64-i386-xl-qemut-debianhvm-i386-xsm pass test-amd64-amd64-xl-qemuu-debianhvm-i386-xsm pass test-amd64-i386-xl-qemuu-debianhvm-i386-xsm pass test-amd64-amd64-libvirt-xsm pass test-arm64-arm64-libvirt-xsm pass test-amd64-i386-libvirt-xsm pass test-amd64-amd64-xl-xsm pass test-arm64-arm64-xl-xsm pass test-amd64-i386-xl-xsm pass test-amd64-amd64-qemuu-nested-amd fail test-amd64-amd64-xl-pvhv2-amd pass test-amd64-i386-qemut-rhel6hvm-amd pass test-amd64-i386-qemuu-rhel6hvm-amd pass test-amd64-amd64-dom0pvh-xl-amd pass test-amd64-amd64-xl-qemut-debianhvm-amd64 pass test-amd64-i386-xl-qemut-debianhvm-amd64 pass test-amd64-amd64-xl-qemuu-debianhvm-amd64 pass test-amd64-i386-xl-qemuu-debianhvm-amd64 pass test-amd64-i386-freebsd10-amd64 pass test-amd64-amd64-qemuu-freebsd11-amd64 pass test-amd64-amd64-qemuu-freebsd12-amd64 pass test-amd64-amd64-xl-qemuu-ovmf-amd64 pass test-amd64-i386-xl-qemuu-ovmf-amd64 pass test-amd64-amd64-xl-qemut-win7-amd64 fail test-amd64-i386-xl-qemut-win7-amd64 fail test-amd64-amd64-xl-qemuu-win7-amd64 fail test-amd64-i386-xl-qemuu-win7-amd64 fail test-amd64-amd64-xl-qemut-ws16-amd64 fail test-amd64-i386-xl-qemut-ws16-amd64 fail test-amd64-amd64-xl-qemuu-ws16-amd64 fail test-amd64-i386-xl-qemuu-ws16-amd64 fail test-armhf-armhf-xl-arndale pass test-amd64-amd64-examine-bios pass test-amd64-i386-examine-bios pass test-amd64-amd64-xl-credit1 pass test-arm64-arm64-xl-credit1 pass test-armhf-armhf-xl-credit1 broken test-amd64-amd64-xl-credit2 pass test-arm64-arm64-xl-credit2 pass test-armhf-armhf-xl-credit2 fail test-armhf-armhf-xl-cubietruck pass test-amd64-amd64-xl-qemuu-dmrestrict-amd64-dmrestrict pass test-amd64-i386-xl-qemuu-dmrestrict-amd64-dmrestrict pass test-amd64-amd64-examine pass test-arm64-arm64-examine pass test-armhf-armhf-examine pass test-amd64-i386-examine pass test-amd64-i386-freebsd10-i386 pass test-amd64-amd64-qemuu-nested-intel pass test-amd64-amd64-xl-pvhv2-intel pass test-amd64-i386-qemut-rhel6hvm-intel pass test-amd64-i386-qemuu-rhel6hvm-intel pass test-amd64-amd64-dom0pvh-xl-intel pass test-amd64-amd64-libvirt pass test-armhf-armhf-libvirt pass test-amd64-i386-libvirt pass test-amd64-amd64-xl-multivcpu pass test-armhf-armhf-xl-multivcpu pass test-amd64-amd64-pair pass test-amd64-i386-pair pass test-amd64-amd64-libvirt-pair pass test-amd64-i386-libvirt-pair pass test-amd64-amd64-xl-pvshim pass test-amd64-i386-xl-pvshim fail test-amd64-amd64-pygrub pass test-armhf-armhf-libvirt-qcow2 pass test-amd64-amd64-xl-qcow2 pass test-arm64-arm64-libvirt-raw pass test-armhf-armhf-libvirt-raw pass test-amd64-i386-libvirt-raw pass test-amd64-amd64-xl-rtds pass test-armhf-armhf-xl-rtds pass test-arm64-arm64-xl-seattle pass test-amd64-amd64-xl-qemuu-debianhvm-amd64-shadow pass test-amd64-i386-xl-qemuu-debianhvm-amd64-shadow pass test-amd64-amd64-xl-shadow pass test-amd64-i386-xl-shadow pass test-arm64-arm64-xl-thunderx pass test-amd64-amd64-examine-uefi pass test-amd64-i386-examine-uefi pass test-amd64-amd64-libvirt-vhd pass test-arm64-arm64-xl-vhd pass test-armhf-armhf-xl-vhd pass test-amd64-i386-xl-vhd pass ------------------------------------------------------------ sg-report-flight on osstest.test-lab.xenproject.org logs: /home/logs/logs images: /home/logs/images Logs, config files, etc. are available at http://logs.test-lab.xenproject.org/osstest/logs Explanation of these reports, and of osstest in general, is at http://xenbits.xen.org/gitweb/?p=osstest.git;a=blob;f=README.email;hb=master http://xenbits.xen.org/gitweb/?p=osstest.git;a=blob;f=README;hb=master Test harness code can be found at http://xenbits.xen.org/gitweb?p=osstest.git;a=summary broken-job test-armhf-armhf-xl-credit1 broken broken-step test-armhf-armhf-xl-credit1 host-install(5) Not pushing. (No revision log; it would be 1081 lines long.)