flight 122182 libvirt real [real] http://logs.test-lab.xenproject.org/osstest/logs/122182/
Regressions :-( Tests which did not succeed and are blocking, including tests which could not be run: test-amd64-i386-libvirt-xsm 15 guest-saverestore fail REGR. vs. 122005 test-amd64-i386-libvirt-pair 23 guest-migrate/dst_host/src_host fail REGR. vs. 122005 test-amd64-i386-libvirt 15 guest-saverestore fail REGR. vs. 122005 test-armhf-armhf-libvirt-xsm 16 guest-start/debian.repeat fail REGR. vs. 122005 test-armhf-armhf-libvirt 16 guest-start/debian.repeat fail REGR. vs. 122005 test-armhf-armhf-libvirt-raw 11 guest-start fail REGR. vs. 122005 Tests which did not succeed, but are not blocking: test-armhf-armhf-libvirt-xsm 14 saverestore-support-check fail like 122005 test-armhf-armhf-libvirt 14 saverestore-support-check fail like 122005 test-amd64-amd64-libvirt-xsm 13 migrate-support-check fail never pass test-amd64-i386-libvirt-xsm 13 migrate-support-check fail never pass test-amd64-i386-libvirt 13 migrate-support-check fail never pass test-amd64-amd64-libvirt 13 migrate-support-check fail never pass test-arm64-arm64-libvirt 13 migrate-support-check fail never pass test-arm64-arm64-libvirt 14 saverestore-support-check fail never pass test-arm64-arm64-libvirt-xsm 13 migrate-support-check fail never pass test-arm64-arm64-libvirt-xsm 14 saverestore-support-check fail never pass test-amd64-amd64-libvirt-qemuu-debianhvm-amd64-xsm 11 migrate-support-check fail never pass test-arm64-arm64-libvirt-qcow2 12 migrate-support-check fail never pass test-arm64-arm64-libvirt-qcow2 13 saverestore-support-check fail never pass test-amd64-i386-libvirt-qemuu-debianhvm-amd64-xsm 11 migrate-support-check fail never pass test-amd64-amd64-libvirt-vhd 12 migrate-support-check fail never pass test-armhf-armhf-libvirt-xsm 13 migrate-support-check fail never pass test-armhf-armhf-libvirt 13 migrate-support-check fail never pass version targeted for testing: libvirt dffe584aa4194b0667924632e9e1ae12c5520956 baseline version: libvirt 4300a56378cb4401ac2b66be5da985e94a4ca90c Last test of basis 122005 2018-04-07 03:34:15 Z 5 days Failing since 122154 2018-04-10 04:23:02 Z 2 days 3 attempts Testing same since 122182 2018-04-12 04:20:14 Z 0 days 1 attempts ------------------------------------------------------------ People who touched revisions under test: Andrea Bolognani <abolo...@redhat.com> Daniel P. Berrangé <berra...@redhat.com> Erik Skultety <eskul...@redhat.com> Jim Fehlig <jfeh...@suse.com> John Ferlan <jfer...@redhat.com> Ján Tomko <jto...@redhat.com> Michal Privoznik <mpriv...@redhat.com> Vincent Bernat <vinc...@bernat.im> Wim ten Have <wim.ten.h...@oracle.com> jobs: build-amd64-xsm pass build-arm64-xsm pass build-armhf-xsm pass build-i386-xsm pass build-amd64 pass build-arm64 pass build-armhf pass build-i386 pass build-amd64-libvirt pass build-arm64-libvirt pass build-armhf-libvirt pass build-i386-libvirt pass build-amd64-pvops pass build-arm64-pvops pass build-armhf-pvops pass build-i386-pvops pass test-amd64-amd64-libvirt-qemuu-debianhvm-amd64-xsm pass test-amd64-i386-libvirt-qemuu-debianhvm-amd64-xsm pass test-amd64-amd64-libvirt-xsm pass test-arm64-arm64-libvirt-xsm pass test-armhf-armhf-libvirt-xsm fail test-amd64-i386-libvirt-xsm fail test-amd64-amd64-libvirt pass test-arm64-arm64-libvirt pass test-armhf-armhf-libvirt fail test-amd64-i386-libvirt fail test-amd64-amd64-libvirt-pair pass test-amd64-i386-libvirt-pair fail test-arm64-arm64-libvirt-qcow2 pass test-armhf-armhf-libvirt-raw fail test-amd64-amd64-libvirt-vhd pass ------------------------------------------------------------ sg-report-flight on osstest.test-lab.xenproject.org logs: /home/logs/logs images: /home/logs/images Logs, config files, etc. are available at http://logs.test-lab.xenproject.org/osstest/logs Explanation of these reports, and of osstest in general, is at http://xenbits.xen.org/gitweb/?p=osstest.git;a=blob;f=README.email;hb=master http://xenbits.xen.org/gitweb/?p=osstest.git;a=blob;f=README;hb=master Test harness code can be found at http://xenbits.xen.org/gitweb?p=osstest.git;a=summary Not pushing. (No revision log; it would be 635 lines long.) _______________________________________________ Xen-devel mailing list Xen-devel@lists.xenproject.org https://lists.xenproject.org/mailman/listinfo/xen-devel