flight 169304 xen-unstable-smoke real [real] http://logs.test-lab.xenproject.org/osstest/logs/169304/
Failures :-/ but no regressions. Tests which did not succeed, but are not blocking: test-amd64-amd64-libvirt 15 migrate-support-check fail never pass test-arm64-arm64-xl-xsm 15 migrate-support-check fail never pass test-arm64-arm64-xl-xsm 16 saverestore-support-check fail never pass test-armhf-armhf-xl 15 migrate-support-check fail never pass test-armhf-armhf-xl 16 saverestore-support-check fail never pass version targeted for testing: xen f44201124e8713f6eff80f349351b5740001c6fc baseline version: xen 8847ec08fd0eecbe3da944fdd49ca3d755e8a9bf Last test of basis 169250 2022-04-08 20:03:24 Z 2 days Testing same since 169304 2022-04-11 11:00:27 Z 0 days 1 attempts ------------------------------------------------------------ People who touched revisions under test: Anthony PERARD <anthony.per...@citrix.com> Henry Wang <henry.w...@arm.com> Jan Beulich <jbeul...@suse.com> Julien Grall <jgr...@amazon.com> Michal Orzel <michal.or...@arm.com> Roger Pau Monné <roger....@citrix.com> jobs: build-arm64-xsm pass build-amd64 pass build-armhf pass build-amd64-libvirt pass test-armhf-armhf-xl pass test-arm64-arm64-xl-xsm pass test-amd64-amd64-xl-qemuu-debianhvm-amd64 pass test-amd64-amd64-libvirt pass ------------------------------------------------------------ sg-report-flight on osstest.test-lab.xenproject.org logs: /home/logs/logs images: /home/logs/images Logs, config files, etc. are available at http://logs.test-lab.xenproject.org/osstest/logs Explanation of these reports, and of osstest in general, is at http://xenbits.xen.org/gitweb/?p=osstest.git;a=blob;f=README.email;hb=master http://xenbits.xen.org/gitweb/?p=osstest.git;a=blob;f=README;hb=master Test harness code can be found at http://xenbits.xen.org/gitweb?p=osstest.git;a=summary Pushing revision : To xenbits.xen.org:/home/xen/git/xen.git 8847ec08fd..f44201124e f44201124e8713f6eff80f349351b5740001c6fc -> smoke