flight 168130 linux-5.4 real [real]
http://logs.test-lab.xenproject.org/osstest/logs/168130/

Failures :-/ but no regressions.

Tests which did not succeed, but are not blocking:
 test-amd64-amd64-xl-qemuu-win7-amd64 19 guest-stop            fail like 168112
 test-amd64-i386-xl-qemut-win7-amd64 19 guest-stop             fail like 168112
 test-amd64-amd64-xl-qemut-win7-amd64 19 guest-stop            fail like 168112
 test-armhf-armhf-libvirt     16 saverestore-support-check    fail  like 168112
 test-amd64-amd64-xl-qemuu-ws16-amd64 19 guest-stop            fail like 168112
 test-amd64-amd64-qemuu-nested-amd 20 debian-hvm-install/l1/l2 fail like 168112
 test-amd64-amd64-xl-qemut-ws16-amd64 19 guest-stop            fail like 168112
 test-amd64-i386-xl-qemuu-win7-amd64 19 guest-stop             fail like 168112
 test-amd64-i386-xl-qemut-ws16-amd64 19 guest-stop             fail like 168112
 test-armhf-armhf-libvirt-qcow2 15 saverestore-support-check   fail like 168112
 test-armhf-armhf-libvirt-raw 15 saverestore-support-check    fail  like 168112
 test-amd64-i386-xl-qemuu-ws16-amd64 19 guest-stop             fail like 168112
 test-amd64-i386-xl-pvshim    14 guest-start                  fail   never pass
 test-arm64-arm64-xl-seattle  15 migrate-support-check        fail   never pass
 test-arm64-arm64-xl-seattle  16 saverestore-support-check    fail   never pass
 test-amd64-amd64-libvirt-xsm 15 migrate-support-check        fail   never pass
 test-amd64-amd64-libvirt     15 migrate-support-check        fail   never pass
 test-amd64-i386-libvirt-xsm  15 migrate-support-check        fail   never pass
 test-amd64-i386-libvirt      15 migrate-support-check        fail   never pass
 test-arm64-arm64-xl-credit1  15 migrate-support-check        fail   never pass
 test-arm64-arm64-xl-xsm      15 migrate-support-check        fail   never pass
 test-arm64-arm64-xl-credit1  16 saverestore-support-check    fail   never pass
 test-arm64-arm64-xl-xsm      16 saverestore-support-check    fail   never pass
 test-arm64-arm64-xl-thunderx 15 migrate-support-check        fail   never pass
 test-arm64-arm64-xl-thunderx 16 saverestore-support-check    fail   never pass
 test-arm64-arm64-xl-credit2  15 migrate-support-check        fail   never pass
 test-arm64-arm64-xl-credit2  16 saverestore-support-check    fail   never pass
 test-arm64-arm64-libvirt-xsm 15 migrate-support-check        fail   never pass
 test-arm64-arm64-libvirt-xsm 16 saverestore-support-check    fail   never pass
 test-arm64-arm64-xl          15 migrate-support-check        fail   never pass
 test-arm64-arm64-xl          16 saverestore-support-check    fail   never pass
 test-amd64-amd64-libvirt-qemuu-debianhvm-amd64-xsm 13 migrate-support-check 
fail never pass
 test-armhf-armhf-xl-arndale  15 migrate-support-check        fail   never pass
 test-armhf-armhf-xl-arndale  16 saverestore-support-check    fail   never pass
 test-amd64-i386-libvirt-qemuu-debianhvm-amd64-xsm 13 migrate-support-check 
fail never pass
 test-amd64-i386-libvirt-raw  14 migrate-support-check        fail   never pass
 test-amd64-amd64-libvirt-vhd 14 migrate-support-check        fail   never pass
 test-arm64-arm64-libvirt-raw 14 migrate-support-check        fail   never pass
 test-arm64-arm64-libvirt-raw 15 saverestore-support-check    fail   never pass
 test-arm64-arm64-xl-vhd      14 migrate-support-check        fail   never pass
 test-arm64-arm64-xl-vhd      15 saverestore-support-check    fail   never pass
 test-armhf-armhf-xl-credit2  15 migrate-support-check        fail   never pass
 test-armhf-armhf-xl-credit2  16 saverestore-support-check    fail   never pass
 test-armhf-armhf-libvirt     15 migrate-support-check        fail   never pass
 test-armhf-armhf-xl          15 migrate-support-check        fail   never pass
 test-armhf-armhf-xl          16 saverestore-support-check    fail   never pass
 test-armhf-armhf-xl-credit1  15 migrate-support-check        fail   never pass
 test-armhf-armhf-xl-rtds     15 migrate-support-check        fail   never pass
 test-armhf-armhf-xl-credit1  16 saverestore-support-check    fail   never pass
 test-armhf-armhf-xl-rtds     16 saverestore-support-check    fail   never pass
 test-armhf-armhf-xl-cubietruck 15 migrate-support-check        fail never pass
 test-armhf-armhf-xl-cubietruck 16 saverestore-support-check    fail never pass
 test-armhf-armhf-xl-multivcpu 15 migrate-support-check        fail  never pass
 test-armhf-armhf-xl-multivcpu 16 saverestore-support-check    fail  never pass
 test-armhf-armhf-libvirt-qcow2 14 migrate-support-check        fail never pass
 test-armhf-armhf-libvirt-raw 14 migrate-support-check        fail   never pass
 test-armhf-armhf-xl-vhd      14 migrate-support-check        fail   never pass
 test-armhf-armhf-xl-vhd      15 saverestore-support-check    fail   never pass

version targeted for testing:
 linux                7b3eb66d0daf61e91cccdb2fe5d271ae5adc5a76
baseline version:
 linux                52871671099d1bb3fca5ed076029e4b937bfc053

Last test of basis   168112  2022-02-14 18:12:51 Z    2 days
Testing same since   168130  2022-02-16 12:13:29 Z    0 days    1 attempts

------------------------------------------------------------
People who touched revisions under test:
  Adam Ford <aford...@gmail.com>
  Adrian Hunter <adrian.hun...@intel.com>
  Alexandre Ghiti <alexandre.gh...@canonical.com>
  Alexei Starovoitov <a...@kernel.org>
  Amadeusz Sławiński <amadeuszx.slawin...@linux.intel.com>
  Amelie Delaunay <amelie.delau...@foss.st.com>
  Andrew Jeffery <and...@aj.id.au>
  Anna Schumaker <anna.schuma...@netapp.com>
  Antoine Tenart <aten...@kernel.org>
  Armin Wolf <w_ar...@gmx.de>
  Arnaldo Carvalho de Melo <a...@redhat.com>
  Aurelien Jarno <aurel...@aurel32.net>
  Brian Johannesmeyer <bjohannesme...@gmail.com>
  Cameron Williams <ca...@live.co.uk>
  Catalin Marinas <catalin.mari...@arm.com>
  Christian Brauner <brau...@kernel.org>
  Christian König <christian.koe...@amd.com>
  Christoph Hellwig <h...@lst.de>
  Chuck Lever <chuck.le...@oracle.com>
  Daniel Borkmann <dan...@iogearbox.net>
  Daniel Vetter <daniel.vet...@ffwll.ch>
  David S. Miller <da...@davemloft.net>
  Dinh Nguyen <dingu...@kernel.org>
  Eric Dumazet <eduma...@google.com>
  Fabio Estevam <feste...@gmail.com>
  Florian Fainelli <f.faine...@gmail.com>
  Frank van der Linden <fllin...@amazon.com>
  Greg Kroah-Hartman <gre...@linuxfoundation.org>
  Guenter Roeck <li...@roeck-us.net>
  Hulk Robot <hulkro...@huawei.com>
  Jakob Koschel <jakobkosc...@gmail.com>
  Jakub Kicinski <k...@kernel.org>
  James Smart <jsmart2...@gmail.com>
  Jann Horn <ja...@google.com>
  Jay Vosburgh <jay.vosbu...@canonical.com>
  Jens Axboe <ax...@kernel.dk>
  Jernej Skrabec <jernej.skra...@gmail.com>
  Jiasheng Jiang <jiash...@iscas.ac.cn>
  Jisheng Zhang <jszh...@kernel.org>
  Joel Stanley <j...@jms.id.au>
  Johan Hovold <jo...@kernel.org>
  Jon Hunter <jonath...@nvidia.com>
  Jon Maloy <jma...@redhat.com>
  Jonas Malaco <jo...@protocubo.io>
  Kees Cook <keesc...@chromium.org>
  Keith Busch <kbu...@kernel.org>
  Konrad Jankowski <konrad0.jankow...@intel.com>
  Kosuke Tatsukawa <tatsu-...@nec.com>
  Krzysztof Kozlowski <krzysztof.kozlow...@canonical.com>
  Linux Kernel Functional Testing <l...@linaro.org>
  Lorenzo Pieralisi <lorenzo.pieral...@arm.com>
  Louis Peens <louis.pe...@corigine.com>
  Mahesh Bandewar <mahe...@google.com>
  Martin Blumenstingl <martin.blumensti...@googlemail.com>
  Martin K. Petersen <martin.peter...@oracle.com>
  Masami Hiramatsu <mhira...@kernel.org>
  Mathias Krause <mini...@grsecurity.net>
  Mimi Zohar <zo...@linux.ibm.com>
  Minas Harutyunyan <minas.harutyun...@synopsys.com>
  Neil Armstrong <narmstr...@baylibre.com>
  Nikolay Aleksandrov <niko...@cumulusnetworks.com>
  Nilesh Javali <njav...@marvell.com>
  Olga Kornievskaia <ko...@netapp.com>
  Palmer Dabbelt <pal...@rivosinc.com>
  Paolo Abeni <pab...@redhat.com>
  Paolo Bonzini <pbonz...@redhat.com>
  Pavel Hofman <pavel.hof...@ivitera.com>
  Pavel Parkhomenko <pavel.parkhome...@baikalelectronics.ru>
  Pawel Dembicki <paweldembi...@gmail.com>
  Peter Zijlstra (Intel) <pet...@infradead.org>
  Prabhath Sajeepa <psaje...@purestorage.com>
  Pratham Pratap <quic_ppra...@quicinc.com>
  Rafael J. Wysocki <rafael.j.wyso...@intel.com>
  Raju Rangoju <raju.rang...@amd.com>
  Raymond Jay Golo <rjg...@gmail.com>
  Roberto Sassu <roberto.sa...@huawei.com>
  Robin Murphy <robin.mur...@arm.com>
  Sagi Grimberg <s...@grimberg.me>
  Samuel Mendoza-Jonas <samjo...@amazon.com>
  Sasha Levin <sas...@kernel.org>
  Saurav Kashyap <skash...@marvell.com>
  Sean Anderson <sean.ander...@seco.com>
  Shawn Guo <shawn...@kernel.org>
  Shuah Khan <sk...@linuxfoundation.org>
  Simon Horman <simon.hor...@corigine.com>
  Slade Watkins <sl...@sladewatkins.com>
  Song Liu <s...@kernel.org>
  Stefan Berger <stef...@linux.ibm.com>
  Stephan Brunner <s.brun...@stephan-brunner.net>
  Sudip Mukherjee <sudip.mukher...@codethink.co.uk>
  Sudip Mukherjee <sudipm.mukher...@gmail.com>
  Szymon Heidrich <szymon.heidr...@gmail.com>
  TATSUKAWA KOSUKE (立川 江介) <tatsu-...@nec.com>
  Tong Zhang <ztong0...@gmail.com>
  Tony Nguyen <anthony.l.ngu...@intel.com>
  Trond Myklebust <trond.mykleb...@hammerspace.com>
  Udipto Goswami <quic_ugosw...@quicinc.com>
  Ulf Hansson <ulf.hans...@linaro.org>
  Uwe Kleine-König <u.kleine-koe...@pengutronix.de>
  Victor Nogueira <vic...@mojatatu.com>
  Vitaly Kuznetsov <vkuzn...@redhat.com>
  Vlad Buslov <vla...@nvidia.com>
  Xiaoke Wang <xkernel.w...@foxmail.com>
  Zechuan Chen <chenzechu...@huawei.com>
  ZouMingzhe <mingzhe....@easystack.cn>

jobs:
 build-amd64-xsm                                              pass    
 build-arm64-xsm                                              pass    
 build-i386-xsm                                               pass    
 build-amd64                                                  pass    
 build-arm64                                                  pass    
 build-armhf                                                  pass    
 build-i386                                                   pass    
 build-amd64-libvirt                                          pass    
 build-arm64-libvirt                                          pass    
 build-armhf-libvirt                                          pass    
 build-i386-libvirt                                           pass    
 build-amd64-pvops                                            pass    
 build-arm64-pvops                                            pass    
 build-armhf-pvops                                            pass    
 build-i386-pvops                                             pass    
 test-amd64-amd64-xl                                          pass    
 test-amd64-coresched-amd64-xl                                pass    
 test-arm64-arm64-xl                                          pass    
 test-armhf-armhf-xl                                          pass    
 test-amd64-i386-xl                                           pass    
 test-amd64-coresched-i386-xl                                 pass    
 test-amd64-amd64-libvirt-qemuu-debianhvm-amd64-xsm           pass    
 test-amd64-i386-libvirt-qemuu-debianhvm-amd64-xsm            pass    
 test-amd64-amd64-xl-qemut-stubdom-debianhvm-amd64-xsm        pass    
 test-amd64-i386-xl-qemut-stubdom-debianhvm-amd64-xsm         pass    
 test-amd64-amd64-xl-qemut-debianhvm-i386-xsm                 pass    
 test-amd64-i386-xl-qemut-debianhvm-i386-xsm                  pass    
 test-amd64-amd64-xl-qemuu-debianhvm-i386-xsm                 pass    
 test-amd64-i386-xl-qemuu-debianhvm-i386-xsm                  pass    
 test-amd64-amd64-libvirt-xsm                                 pass    
 test-arm64-arm64-libvirt-xsm                                 pass    
 test-amd64-i386-libvirt-xsm                                  pass    
 test-amd64-amd64-xl-xsm                                      pass    
 test-arm64-arm64-xl-xsm                                      pass    
 test-amd64-i386-xl-xsm                                       pass    
 test-amd64-amd64-qemuu-nested-amd                            fail    
 test-amd64-amd64-xl-pvhv2-amd                                pass    
 test-amd64-i386-qemut-rhel6hvm-amd                           pass    
 test-amd64-i386-qemuu-rhel6hvm-amd                           pass    
 test-amd64-amd64-dom0pvh-xl-amd                              pass    
 test-amd64-amd64-xl-qemut-debianhvm-amd64                    pass    
 test-amd64-i386-xl-qemut-debianhvm-amd64                     pass    
 test-amd64-amd64-xl-qemuu-debianhvm-amd64                    pass    
 test-amd64-i386-xl-qemuu-debianhvm-amd64                     pass    
 test-amd64-i386-freebsd10-amd64                              pass    
 test-amd64-amd64-qemuu-freebsd11-amd64                       pass    
 test-amd64-amd64-qemuu-freebsd12-amd64                       pass    
 test-amd64-amd64-xl-qemuu-ovmf-amd64                         pass    
 test-amd64-i386-xl-qemuu-ovmf-amd64                          pass    
 test-amd64-amd64-xl-qemut-win7-amd64                         fail    
 test-amd64-i386-xl-qemut-win7-amd64                          fail    
 test-amd64-amd64-xl-qemuu-win7-amd64                         fail    
 test-amd64-i386-xl-qemuu-win7-amd64                          fail    
 test-amd64-amd64-xl-qemut-ws16-amd64                         fail    
 test-amd64-i386-xl-qemut-ws16-amd64                          fail    
 test-amd64-amd64-xl-qemuu-ws16-amd64                         fail    
 test-amd64-i386-xl-qemuu-ws16-amd64                          fail    
 test-armhf-armhf-xl-arndale                                  pass    
 test-amd64-amd64-examine-bios                                pass    
 test-amd64-i386-examine-bios                                 pass    
 test-amd64-amd64-xl-credit1                                  pass    
 test-arm64-arm64-xl-credit1                                  pass    
 test-armhf-armhf-xl-credit1                                  pass    
 test-amd64-amd64-xl-credit2                                  pass    
 test-arm64-arm64-xl-credit2                                  pass    
 test-armhf-armhf-xl-credit2                                  pass    
 test-armhf-armhf-xl-cubietruck                               pass    
 test-amd64-amd64-xl-qemuu-dmrestrict-amd64-dmrestrict        pass    
 test-amd64-i386-xl-qemuu-dmrestrict-amd64-dmrestrict         pass    
 test-amd64-amd64-examine                                     pass    
 test-arm64-arm64-examine                                     pass    
 test-armhf-armhf-examine                                     pass    
 test-amd64-i386-examine                                      pass    
 test-amd64-i386-freebsd10-i386                               pass    
 test-amd64-amd64-qemuu-nested-intel                          pass    
 test-amd64-amd64-xl-pvhv2-intel                              pass    
 test-amd64-i386-qemut-rhel6hvm-intel                         pass    
 test-amd64-i386-qemuu-rhel6hvm-intel                         pass    
 test-amd64-amd64-dom0pvh-xl-intel                            pass    
 test-amd64-amd64-libvirt                                     pass    
 test-armhf-armhf-libvirt                                     pass    
 test-amd64-i386-libvirt                                      pass    
 test-amd64-amd64-xl-multivcpu                                pass    
 test-armhf-armhf-xl-multivcpu                                pass    
 test-amd64-amd64-pair                                        pass    
 test-amd64-i386-pair                                         pass    
 test-amd64-amd64-libvirt-pair                                pass    
 test-amd64-i386-libvirt-pair                                 pass    
 test-amd64-amd64-xl-pvshim                                   pass    
 test-amd64-i386-xl-pvshim                                    fail    
 test-amd64-amd64-pygrub                                      pass    
 test-armhf-armhf-libvirt-qcow2                               pass    
 test-amd64-amd64-xl-qcow2                                    pass    
 test-arm64-arm64-libvirt-raw                                 pass    
 test-armhf-armhf-libvirt-raw                                 pass    
 test-amd64-i386-libvirt-raw                                  pass    
 test-amd64-amd64-xl-rtds                                     pass    
 test-armhf-armhf-xl-rtds                                     pass    
 test-arm64-arm64-xl-seattle                                  pass    
 test-amd64-amd64-xl-qemuu-debianhvm-amd64-shadow             pass    
 test-amd64-i386-xl-qemuu-debianhvm-amd64-shadow              pass    
 test-amd64-amd64-xl-shadow                                   pass    
 test-amd64-i386-xl-shadow                                    pass    
 test-arm64-arm64-xl-thunderx                                 pass    
 test-amd64-amd64-examine-uefi                                pass    
 test-amd64-i386-examine-uefi                                 pass    
 test-amd64-amd64-libvirt-vhd                                 pass    
 test-arm64-arm64-xl-vhd                                      pass    
 test-armhf-armhf-xl-vhd                                      pass    
 test-amd64-i386-xl-vhd                                       pass    


------------------------------------------------------------
sg-report-flight on osstest.test-lab.xenproject.org
logs: /home/logs/logs
images: /home/logs/images

Logs, config files, etc. are available at
    http://logs.test-lab.xenproject.org/osstest/logs

Explanation of these reports, and of osstest in general, is at
    http://xenbits.xen.org/gitweb/?p=osstest.git;a=blob;f=README.email;hb=master
    http://xenbits.xen.org/gitweb/?p=osstest.git;a=blob;f=README;hb=master

Test harness code can be found at
    http://xenbits.xen.org/gitweb?p=osstest.git;a=summary


Pushing revision :

hint: The 'hooks/update' hook was ignored because it's not set as executable.
hint: You can disable this warning with `git config advice.ignoredHook false`.
hint: The 'hooks/post-receive' hook was ignored because it's not set as 
executable.
hint: You can disable this warning with `git config advice.ignoredHook false`.
hint: The 'hooks/post-update' hook was ignored because it's not set as 
executable.
hint: You can disable this warning with `git config advice.ignoredHook false`.
To xenbits.xen.org:/home/xen/git/linux-pvops.git
   52871671099d..7b3eb66d0daf  7b3eb66d0daf61e91cccdb2fe5d271ae5adc5a76 -> 
tested/linux-5.4

Reply via email to