flight 168113 linux-linus real [real] http://logs.test-lab.xenproject.org/osstest/logs/168113/
Failures :-/ but no regressions. Regressions which are regarded as allowable (not blocking): test-amd64-amd64-xl-rtds 20 guest-localmigrate/x10 fail REGR. vs. 168080 Tests which did not succeed, but are not blocking: test-amd64-amd64-xl-qemut-win7-amd64 19 guest-stop fail like 168080 test-amd64-amd64-qemuu-nested-amd 20 debian-hvm-install/l1/l2 fail like 168080 test-amd64-amd64-xl-qemuu-ws16-amd64 19 guest-stop fail like 168080 test-amd64-amd64-xl-qemut-ws16-amd64 19 guest-stop fail like 168080 test-amd64-amd64-xl-qemuu-win7-amd64 19 guest-stop fail like 168080 test-armhf-armhf-libvirt-raw 15 saverestore-support-check fail like 168080 test-armhf-armhf-libvirt 16 saverestore-support-check fail like 168080 test-armhf-armhf-libvirt-qcow2 15 saverestore-support-check fail like 168080 test-arm64-arm64-xl-seattle 15 migrate-support-check fail never pass test-arm64-arm64-xl-seattle 16 saverestore-support-check fail never pass test-amd64-amd64-libvirt 15 migrate-support-check fail never pass test-amd64-amd64-libvirt-xsm 15 migrate-support-check fail never pass test-arm64-arm64-xl-credit1 15 migrate-support-check fail never pass test-arm64-arm64-xl-credit1 16 saverestore-support-check fail never pass test-arm64-arm64-libvirt-xsm 15 migrate-support-check fail never pass test-arm64-arm64-libvirt-xsm 16 saverestore-support-check fail never pass test-arm64-arm64-xl-xsm 15 migrate-support-check fail never pass test-arm64-arm64-xl-xsm 16 saverestore-support-check fail never pass test-arm64-arm64-xl 15 migrate-support-check fail never pass test-arm64-arm64-xl 16 saverestore-support-check fail never pass test-arm64-arm64-xl-thunderx 15 migrate-support-check fail never pass test-arm64-arm64-xl-thunderx 16 saverestore-support-check fail never pass test-amd64-amd64-libvirt-qemuu-debianhvm-amd64-xsm 13 migrate-support-check fail never pass test-armhf-armhf-xl-arndale 15 migrate-support-check fail never pass test-armhf-armhf-xl-arndale 16 saverestore-support-check fail never pass test-amd64-amd64-libvirt-qcow2 14 migrate-support-check fail never pass test-amd64-amd64-libvirt-raw 14 migrate-support-check fail never pass test-arm64-arm64-libvirt-raw 14 migrate-support-check fail never pass test-arm64-arm64-libvirt-raw 15 saverestore-support-check fail never pass test-armhf-armhf-xl-multivcpu 15 migrate-support-check fail never pass test-armhf-armhf-xl-multivcpu 16 saverestore-support-check fail never pass test-armhf-armhf-xl 15 migrate-support-check fail never pass test-armhf-armhf-xl 16 saverestore-support-check fail never pass test-armhf-armhf-xl-cubietruck 15 migrate-support-check fail never pass test-armhf-armhf-xl-cubietruck 16 saverestore-support-check fail never pass test-armhf-armhf-xl-rtds 15 migrate-support-check fail never pass test-armhf-armhf-xl-rtds 16 saverestore-support-check fail never pass test-arm64-arm64-xl-credit2 15 migrate-support-check fail never pass test-arm64-arm64-xl-credit2 16 saverestore-support-check fail never pass test-armhf-armhf-xl-credit1 15 migrate-support-check fail never pass test-armhf-armhf-libvirt-raw 14 migrate-support-check fail never pass test-armhf-armhf-xl-credit1 16 saverestore-support-check fail never pass test-armhf-armhf-xl-credit2 15 migrate-support-check fail never pass test-armhf-armhf-xl-credit2 16 saverestore-support-check fail never pass test-armhf-armhf-libvirt 15 migrate-support-check fail never pass test-armhf-armhf-xl-vhd 14 migrate-support-check fail never pass test-armhf-armhf-xl-vhd 15 saverestore-support-check fail never pass test-arm64-arm64-xl-vhd 14 migrate-support-check fail never pass test-arm64-arm64-xl-vhd 15 saverestore-support-check fail never pass test-armhf-armhf-libvirt-qcow2 14 migrate-support-check fail never pass version targeted for testing: linux d567f5db412ed52de0b3b3efca4a451263de6108 baseline version: linux f1baf68e1383f6ed93eb9cff2866d46562607a43 Last test of basis 168080 2022-02-11 00:09:22 Z 4 days Failing since 168086 2022-02-11 20:11:19 Z 3 days 8 attempts Testing same since 168113 2022-02-14 19:11:17 Z 0 days 1 attempts ------------------------------------------------------------ People who touched revisions under test: Aaron Liu <aaron....@amd.com> Adam Ford <aford...@gmail.com> Al Cooper <alcoop...@gmail.com> Alex Deucher <alexander.deuc...@amd.com> Alexander Egorenkov <egore...@linux.ibm.com> Alexander Gordeev <agord...@linux.ibm.com> Alexander Stein <alexander.st...@ew.tq-group.com> Alexandre Ghiti <alexandre.gh...@canonical.com> Alim Akhtar <alim.akh...@samsung.com> Alviro Iskandar Setiawan <alviro.iskan...@gmail.com> Ammar Faizi <ammarfai...@gnuweeb.org> Andreas Gruenbacher <agrue...@redhat.com> Andrew Morton <a...@linux-foundation.org> Andrey Konovalov <andreyk...@gmail.com> Andrzej Pietrasiewicz <andrze...@collabora.com> Andy Shevchenko <andriy.shevche...@linux.intel.com> Arnd Bergmann <a...@arndb.de> Aswath Govindraju <a-govindr...@ti.com> Aurelien Jarno <aurel...@aurel32.net> Bartosz Golaszewski <b...@bgdev.pl> Bean Huo <bean...@micron.com> Benjamin Gaignard <benjamin.gaign...@collabora.com> Bjorn Helgaas <bhelg...@google.com> Bob Peterson <rpete...@redhat.com> Brenda Streiff <brenda.stre...@ni.com> Brian Johannesmeyer <bjohannesme...@gmail.com> Brian Norris <briannor...@chromium.org> Cai Huoqing <cai.huoq...@linux.dev> Cameron Williams <ca...@live.co.uk> Catalin Marinas <catalin.mari...@arm.com> Changbin Du <changbin...@gmail.com> Chia-Wei Wang <chiawei_w...@aspeedtech.com> Christian Borntraeger <borntrae...@de.ibm.com> Christian Borntraeger <borntrae...@linux.ibm.com> Christian Hewitt <christianshew...@gmail.com> Christian König <christian.koe...@amd.com> Christoph Hellwig <h...@lst.de> Christoph Niedermaier <cniederma...@dh-electronics.com> Christophe JAILLET <christophe.jail...@wanadoo.fr> Chunfeng Yun <chunfeng....@mediatek.com> Damien Le Moal <damien.lem...@opensource.wdc.com> Dan Carpenter <dan.carpen...@oracle.com> Daniel Bristot de Oliveira <bris...@kernel.org> Daniel Stone <dani...@collabora.com> Daniel Vetter <daniel.vet...@ffwll.ch> Daniel Vetter <daniel.vet...@intel.com> Daniel Wheeler <daniel.whee...@amd.com> Dave Airlie <airl...@redhat.com> Dave Hansen <dave.han...@linux.intel.com> Dave Stevenson <dave.steven...@raspberrypi.com> David Hildenbrand <da...@redhat.com> David Rientjes <rient...@google.com> Dinh Nguyen <dingu...@kernel.org> Dmytro Laktyushkin <dmytro.laktyush...@amd.com> Dongjin Kim <tobet...@gmail.com> Fabio Estevam <feste...@gmail.com> Fabio M. De Francesco <fmdefrance...@gmail.com> Fabrice Gasnier <fabrice.gasn...@foss.st.com> Florian Fainelli <f.faine...@gmail.com> Geert Uytterhoeven <geert+rene...@glider.be> Geert Uytterhoeven <ge...@linux-m68k.org> Greg Kroah-Hartman <gre...@linuxfoundation.org> Greg Kroah-Hartman <gre...@linuxfoundation.org>Cc: Dave Airlie <airl...@gmail.com> Guido Günther <a...@sigxcpu.org> # Librem 5 (imx8mq) with it's rather picky panel Guo Ren <guo...@linux.alibaba.com> Hans de Goede <hdego...@redhat.com> Hector Martin <mar...@marcan.st> Heiko Carstens <h...@linux.ibm.com> Heiko Stuebner <he...@sntech.de> Helge Deller <del...@gmx.de> Ilya Leoshkevich <i...@linux.ibm.com> Jae Hyun Yoo <jae.hyun....@linux.intel.com> JaeSang Yoo <js.yoo...@gmail.com> JaeSang Yoo <jsyo...@gmail.com> Jakob Koschel <jakobkosc...@gmail.com> James Smart <jsmart2...@gmail.com> Jan Beulich <jbeul...@suse.com> Jan Kara <j...@suse.cz> Jani Nikula <jani.nik...@intel.com> Jann Horn <ja...@google.com> Jarkko Nikula <jarkko.nik...@bitmer.com> Jarkko Sakkinen <jar...@kernel.org> (kselftest as sanity check) Jasdeep Dhillon <jdhil...@amd.com> Jayesh Choudhary <j-choudh...@ti.com> Jens Axboe <ax...@kernel.dk> Jens Wiklander <jens.wiklan...@linaro.org> Jeremy Linton <jeremy.lin...@arm.com> Jerome Forissier <jer...@forissier.org> Jiapeng Chong <jiapeng.ch...@linux.alibaba.com> Jing Leng <jl...@ambarella.com> Jisheng Zhang <jszh...@kernel.org> Joel Stanley <j...@jms.id.au> Johan Hovold <jo...@kernel.org> Jonas Malaco <jo...@protocubo.io> Josh Poimboeuf <jpoim...@redhat.com> Juergen Gross <jgr...@suse.com> Kai-Heng Feng <kai.heng.f...@canonical.com> Kees Cook <keesc...@chromium.org> Kishon Vijay Abraham I <kis...@ti.com> Kosuke Tatsukawa <tatsu-...@nec.com> Krzysztof Kozlowski <krzysztof.kozlow...@canonical.com> Linus Torvalds <torva...@linux-foundation.org> Linus Walleij <linus.wall...@linaro.org> Liu Ying <victor....@nxp.com> Liu Ying <victor....@nxp.com> # RM67191 DSI panel on i.MX8mq EVK Lorenzo Pieralisi <lorenzo.pieral...@arm.com> Lucas De Marchi <lucas.demar...@intel.com> Lutz Koschorreck <thel...@ko-hh.de> Manivannan Sadhasivam <manivannan.sadhasi...@linaro.org> Marc Zyngier <m...@kernel.org> Marek Vasut <ma...@denx.de> Mario Limonciello <mario.limoncie...@amd.com> Mark Brown <broo...@kernel.org> Martin Blumenstingl <martin.blumensti...@googlemail.com> Martin K. Petersen <martin.peter...@oracle.com> Martin Kepplinger <martin.kepplin...@puri.sm> Masahiro Yamada <masahi...@kernel.org> Mathias Krause <mini...@grsecurity.net> Maxime Ripard <max...@cerno.tech> Mel Gorman <mgor...@suse.de> Michael Walle <mich...@walle.cc> Michal Hocko <mho...@suse.com> Michal Simek <michal.si...@xilinx.com> Mike Rapoport <r...@linux.ibm.com> Minas Harutyunyan <minas.harutyun...@synopsys.com> Myrtle Shah <gate...@ds0.me> Nathan Chancellor <nat...@kernel.org> Neil Armstrong <narmstr...@baylibre.com> Neil Armstrong <narmstr...@baylibre.com> # for phy-meson-axg-mipi-dphy.c Nick Desaulniers <ndesaulni...@google.com> Niklas Cassel <niklas.cas...@wdc.com> Nishanth Menon <n...@ti.com> Oliver Barta <oliver.ba...@aptiv.com> Padmanabha Srinivasaiah <treasure4pa...@gmail.com> Palmer Dabbelt <pal...@rivosinc.com> Pavel Hofman <pavel.hof...@ivitera.com> Pawel Dembicki <paweldembi...@gmail.com> Peng Liu <liupeng...@huawei.com> Peter Zijlstra (Intel) <pet...@infradead.org> Philippe Cornu <philippe.co...@foss.st.com> Pingfan Liu <kernelf...@gmail.com> Pratham Pratap <quic_ppra...@quicinc.com> Rafael J. Wysocki <rafael.j.wyso...@intel.com> Rafał Miłecki <ra...@milecki.pl> Reinette Chatre <reinette.cha...@intel.com> Rob Herring <r...@kernel.org> Robert Hancock <robert.hanc...@calian.com> Robin Murphy <robin.mur...@arm.com> Roger Pau Monne <roger....@citrix.com> Roger Pau Monné <roger....@citrix.com> Roman Gushchin <g...@fb.com> Roman Li <roman...@amd.com> Rui Salvaterra <rsalvate...@gmail.com> Sagi Grimberg <s...@grimberg.me> Sam Protsenko <semen.protse...@linaro.org> Sam Ravnborg <s...@ravnborg.org> Samuel Holland <sam...@sholland.org> Samuel Thibault <samuel.thiba...@ens-lyon.org> Sascha Hauer <s.ha...@pengutronix.de> Sean Anderson <sean.ander...@seco.com> Shakeel Butt <shake...@google.com> Shawn Guo <shawn...@kernel.org> Shyam Prasad N <spra...@microsoft.com> Slark Xiao <slark_x...@163.com> Song Liu <s...@kernel.org> Steev Klimaszewski <st...@kali.org> Stefan Wahren <stefan.wah...@i2se.com> Stephan Brunner <s.brun...@stephan-brunner.net> Steve French <stfre...@microsoft.com> Steven Rostedt (Google) <rost...@goodmis.org> Sven Peter <s...@svenpeter.dev> Sven Schnelle <sv...@linux.ibm.com> Sylwester Nawrocki <s.nawro...@samsung.com> Szymon Heidrich <szymon.heidr...@gmail.com> Tadeusz Struk <tadeusz.st...@linaro.org> TATSUKAWA KOSUKE (立川 江介) <tatsu-...@nec.com> Tejun Heo <t...@kernel.org> Tetsuo Handa <penguin-ker...@i-love.sakura.ne.jp> Thomas Gleixner <t...@linutronix.de> Thomas Hellström <thomas.hellst...@linux.intel.com> Thomas Zimmermann <tzimmerm...@suse.de> Tim Harvey <thar...@gateworks.com> Tomi Valkeinen <tomi.valkei...@ideasonboard.com> Tommaso Merciai <tomm.merc...@gmail.com> Tony Lindgren <t...@atomide.com> Tvrtko Ursulin <tvrtko.ursu...@intel.com> Tvrtko Ursulin <tvrtko.ursu...@linux.intel.com> Udipto Goswami <quic_ugosw...@quicinc.com> Uwe Kleine-König <u.kleine-koe...@pengutronix.de> Vasily Gorbik <g...@linux.ibm.com> Vignesh Raghavendra <vigne...@ti.com> Ville Syrjälä <ville.syrj...@linux.intel.com> Vineeth Vijayan <vnee...@linux.ibm.com> Vinod Koul <vk...@kernel.org> Vlastimil Babka <vba...@suse.cz> Wan Jiabing <wanjiab...@vivo.com> Yang Shi <shy828...@gmail.com> Yang Wang <kevinyang.w...@amd.com> Ye Guojin <ye.guo...@zte.com.cn> Yizhuo Zhai <yzhai...@ucr.edu> Zhan Liu <zhan....@amd.com> Zoltán Böszörményi <zbos...@gmail.com> jobs: build-amd64-xsm pass build-arm64-xsm pass build-i386-xsm pass build-amd64 pass build-arm64 pass build-armhf pass build-i386 pass build-amd64-libvirt pass build-arm64-libvirt pass build-armhf-libvirt pass build-i386-libvirt pass build-amd64-pvops pass build-arm64-pvops pass build-armhf-pvops pass build-i386-pvops pass test-amd64-amd64-xl pass test-amd64-coresched-amd64-xl pass test-arm64-arm64-xl pass test-armhf-armhf-xl pass test-amd64-amd64-libvirt-qemuu-debianhvm-amd64-xsm pass test-amd64-amd64-xl-qemut-stubdom-debianhvm-amd64-xsm pass test-amd64-amd64-xl-qemut-debianhvm-i386-xsm pass test-amd64-amd64-xl-qemuu-debianhvm-i386-xsm pass test-amd64-amd64-libvirt-xsm pass test-arm64-arm64-libvirt-xsm pass test-amd64-amd64-xl-xsm pass test-arm64-arm64-xl-xsm pass test-amd64-amd64-qemuu-nested-amd fail test-amd64-amd64-xl-pvhv2-amd pass test-amd64-amd64-dom0pvh-xl-amd pass test-amd64-amd64-xl-qemut-debianhvm-amd64 pass test-amd64-amd64-xl-qemuu-debianhvm-amd64 pass test-amd64-amd64-freebsd11-amd64 pass test-amd64-amd64-freebsd12-amd64 pass test-amd64-amd64-xl-qemuu-ovmf-amd64 pass test-amd64-amd64-xl-qemut-win7-amd64 fail test-amd64-amd64-xl-qemuu-win7-amd64 fail test-amd64-amd64-xl-qemut-ws16-amd64 fail test-amd64-amd64-xl-qemuu-ws16-amd64 fail test-armhf-armhf-xl-arndale pass test-amd64-amd64-examine-bios pass test-amd64-amd64-xl-credit1 pass test-arm64-arm64-xl-credit1 pass test-armhf-armhf-xl-credit1 pass test-amd64-amd64-xl-credit2 pass test-arm64-arm64-xl-credit2 pass test-armhf-armhf-xl-credit2 pass test-armhf-armhf-xl-cubietruck pass test-amd64-amd64-xl-qemuu-dmrestrict-amd64-dmrestrict pass test-amd64-amd64-examine pass test-arm64-arm64-examine pass test-armhf-armhf-examine pass test-amd64-amd64-qemuu-nested-intel pass test-amd64-amd64-xl-pvhv2-intel pass test-amd64-amd64-dom0pvh-xl-intel pass test-amd64-amd64-libvirt pass test-armhf-armhf-libvirt pass test-amd64-amd64-xl-multivcpu pass test-armhf-armhf-xl-multivcpu pass test-amd64-amd64-pair pass test-amd64-amd64-libvirt-pair pass test-amd64-amd64-xl-pvshim pass test-amd64-amd64-pygrub pass test-amd64-amd64-libvirt-qcow2 pass test-armhf-armhf-libvirt-qcow2 pass test-amd64-amd64-libvirt-raw pass test-arm64-arm64-libvirt-raw pass test-armhf-armhf-libvirt-raw pass test-amd64-amd64-xl-rtds fail test-armhf-armhf-xl-rtds pass test-arm64-arm64-xl-seattle pass test-amd64-amd64-xl-qemuu-debianhvm-amd64-shadow pass test-amd64-amd64-xl-shadow pass test-arm64-arm64-xl-thunderx pass test-amd64-amd64-examine-uefi pass test-amd64-amd64-xl-vhd pass test-arm64-arm64-xl-vhd pass test-armhf-armhf-xl-vhd pass ------------------------------------------------------------ sg-report-flight on osstest.test-lab.xenproject.org logs: /home/logs/logs images: /home/logs/images Logs, config files, etc. are available at http://logs.test-lab.xenproject.org/osstest/logs Explanation of these reports, and of osstest in general, is at http://xenbits.xen.org/gitweb/?p=osstest.git;a=blob;f=README.email;hb=master http://xenbits.xen.org/gitweb/?p=osstest.git;a=blob;f=README;hb=master Test harness code can be found at http://xenbits.xen.org/gitweb?p=osstest.git;a=summary Pushing revision : hint: The 'hooks/update' hook was ignored because it's not set as executable. hint: You can disable this warning with `git config advice.ignoredHook false`. hint: The 'hooks/post-receive' hook was ignored because it's not set as executable. hint: You can disable this warning with `git config advice.ignoredHook false`. hint: The 'hooks/post-update' hook was ignored because it's not set as executable. hint: You can disable this warning with `git config advice.ignoredHook false`. To xenbits.xen.org:/home/xen/git/linux-pvops.git f1baf68e1383..d567f5db412e d567f5db412ed52de0b3b3efca4a451263de6108 -> tested/linux-linus