flight 168080 linux-linus real [real]
flight 168083 linux-linus real-retest [real]
http://logs.test-lab.xenproject.org/osstest/logs/168080/
http://logs.test-lab.xenproject.org/osstest/logs/168083/

Failures :-/ but no regressions.

Tests which are failing intermittently (not blocking):
 test-arm64-arm64-libvirt-raw 17 guest-start/debian.repeat fail pass in 
168083-retest

Tests which did not succeed, but are not blocking:
 test-amd64-amd64-xl-qemut-win7-amd64 19 guest-stop            fail like 168078
 test-amd64-amd64-qemuu-nested-amd 20 debian-hvm-install/l1/l2 fail like 168078
 test-amd64-amd64-xl-qemuu-ws16-amd64 19 guest-stop            fail like 168078
 test-amd64-amd64-xl-qemut-ws16-amd64 19 guest-stop            fail like 168078
 test-amd64-amd64-xl-qemuu-win7-amd64 19 guest-stop            fail like 168078
 test-amd64-amd64-xl-qemut-debianhvm-i386-xsm 12 debian-hvm-install fail like 
168078
 test-armhf-armhf-libvirt     16 saverestore-support-check    fail  like 168078
 test-armhf-armhf-libvirt-raw 15 saverestore-support-check    fail  like 168078
 test-armhf-armhf-libvirt-qcow2 15 saverestore-support-check   fail like 168078
 test-arm64-arm64-xl-seattle  15 migrate-support-check        fail   never pass
 test-arm64-arm64-xl-seattle  16 saverestore-support-check    fail   never pass
 test-amd64-amd64-libvirt     15 migrate-support-check        fail   never pass
 test-amd64-amd64-libvirt-xsm 15 migrate-support-check        fail   never pass
 test-arm64-arm64-xl-credit1  15 migrate-support-check        fail   never pass
 test-arm64-arm64-xl-credit1  16 saverestore-support-check    fail   never pass
 test-arm64-arm64-libvirt-xsm 15 migrate-support-check        fail   never pass
 test-arm64-arm64-libvirt-xsm 16 saverestore-support-check    fail   never pass
 test-arm64-arm64-xl-xsm      15 migrate-support-check        fail   never pass
 test-arm64-arm64-xl-xsm      16 saverestore-support-check    fail   never pass
 test-arm64-arm64-xl          15 migrate-support-check        fail   never pass
 test-arm64-arm64-xl          16 saverestore-support-check    fail   never pass
 test-arm64-arm64-xl-thunderx 15 migrate-support-check        fail   never pass
 test-arm64-arm64-xl-thunderx 16 saverestore-support-check    fail   never pass
 test-armhf-armhf-xl-arndale  15 migrate-support-check        fail   never pass
 test-armhf-armhf-xl-arndale  16 saverestore-support-check    fail   never pass
 test-amd64-amd64-libvirt-qemuu-debianhvm-amd64-xsm 13 migrate-support-check 
fail never pass
 test-amd64-amd64-libvirt-qcow2 14 migrate-support-check        fail never pass
 test-amd64-amd64-libvirt-raw 14 migrate-support-check        fail   never pass
 test-arm64-arm64-libvirt-raw 14 migrate-support-check        fail   never pass
 test-arm64-arm64-libvirt-raw 15 saverestore-support-check    fail   never pass
 test-armhf-armhf-xl-multivcpu 15 migrate-support-check        fail  never pass
 test-armhf-armhf-xl-multivcpu 16 saverestore-support-check    fail  never pass
 test-arm64-arm64-xl-vhd      14 migrate-support-check        fail   never pass
 test-arm64-arm64-xl-vhd      15 saverestore-support-check    fail   never pass
 test-armhf-armhf-xl-cubietruck 15 migrate-support-check        fail never pass
 test-armhf-armhf-xl-cubietruck 16 saverestore-support-check    fail never pass
 test-armhf-armhf-xl-rtds     15 migrate-support-check        fail   never pass
 test-armhf-armhf-xl-rtds     16 saverestore-support-check    fail   never pass
 test-arm64-arm64-xl-credit2  15 migrate-support-check        fail   never pass
 test-arm64-arm64-xl-credit2  16 saverestore-support-check    fail   never pass
 test-armhf-armhf-xl          15 migrate-support-check        fail   never pass
 test-armhf-armhf-xl          16 saverestore-support-check    fail   never pass
 test-armhf-armhf-xl-credit1  15 migrate-support-check        fail   never pass
 test-armhf-armhf-xl-credit1  16 saverestore-support-check    fail   never pass
 test-armhf-armhf-xl-credit2  15 migrate-support-check        fail   never pass
 test-armhf-armhf-xl-credit2  16 saverestore-support-check    fail   never pass
 test-armhf-armhf-libvirt     15 migrate-support-check        fail   never pass
 test-armhf-armhf-libvirt-raw 14 migrate-support-check        fail   never pass
 test-armhf-armhf-xl-vhd      14 migrate-support-check        fail   never pass
 test-armhf-armhf-xl-vhd      15 saverestore-support-check    fail   never pass
 test-armhf-armhf-libvirt-qcow2 14 migrate-support-check        fail never pass

version targeted for testing:
 linux                f1baf68e1383f6ed93eb9cff2866d46562607a43
baseline version:
 linux                e3c85076d7a6f986445b9008be7e7f83d1b0780a

Last test of basis   168078  2022-02-10 14:12:17 Z    0 days
Testing same since   168080  2022-02-11 00:09:22 Z    0 days    1 attempts

------------------------------------------------------------
People who touched revisions under test:
  Akira Kawata <akirakawa...@gmail.com>
  Andrew Jeffery <and...@aj.id.au>
  Antoine Tenart <aten...@kernel.org>
  Axel Rasmussen <axelrasmus...@google.com>
  Bjørn Mork <bj...@mork.no>
  Cai Huoqing <cai.huoq...@linux.dev>
  Christian Brauner <brau...@kernel.org>
  Colin Foster <colin.fos...@in-advantage.com>
  Conor Dooley <conor.doo...@microchip.com>
  Dan Carpenter <dan.carpen...@oracle.com>
  Daniel Klauer <daniel.kla...@gin.de>
  Daniel Latypov <dlaty...@google.com>
  Dave Ertman <david.m.ert...@intel.com>
  David S. Miller <da...@davemloft.net>
  Duoming Zhou <duom...@zju.edu.cn>
  Eric Dumazet <eduma...@google.com>
  Florian Westphal <f...@strlen.de>
  Geliang Tang <geliang.t...@suse.com>
  Gurucharan G <gurucharan...@intel.com>
  Harini Katakam <harini.kata...@xilinx.com>
  Ioana Ciornei <ioana.cior...@nxp.com>
  Jakub Kicinski <k...@kernel.org>
  Jay Vosburgh <jay.vosbu...@canonical.com>
  Jesse Brandeburg <jesse.brandeb...@intel.com>
  Joel Stanley <j...@jms.id.au>
  Jon Maloy <jma...@redhat.com>
  Jonathan Toppins <jtopp...@redhat.com>
  Jozsef Kadlecsik <kad...@netfilter.org>
  Kishen Maloor <kishen.mal...@intel.com>
  Konrad Jankowski <konrad0.jankow...@intel.com>
  Linus Torvalds <torva...@linux-foundation.org>
  Louis Peens <louis.pe...@corigine.com>
  Mahesh Bandewar <mahe...@google.com>
  Marc Kleine-Budde <m...@pengutronix.de>
  Marc St-Amand <mstam...@ciena.com>
  Mat Martineau <mathew.j.martin...@linux.intel.com>
  Matthieu Baerts <matthieu.bae...@tessares.net>
  Nicolas Ferre <nicolas.fe...@microchip.com>
  Oleksij Rempel <o.rem...@pengutronix.de>
  Oliver Hartkopp <socket...@hartkopp.net>
  Pablo Neira Ayuso <pa...@netfilter.org>
  Paolo Abeni <pab...@redhat.com>
  Pavel Parkhomenko <pavel.parkhome...@baikalelectronics.ru>
  Raju Rangoju <raju.rang...@amd.com>
  Robert-Ionut Alexa <robert-ionut.al...@nxp.com>
  Samuel Mendoza-Jonas <samjo...@amazon.com>
  Sean Young <s...@mess.org>
  Shuah Khan <sk...@linuxfoundation.org>
  Simon Horman <simon.hor...@corigine.com>
  Slark Xiao <slark_x...@163.com>
  Soheil Hassas Yeganeh <soh...@google.com>
  Steen Hegelund <steen.hegel...@microchip.com>
  Sukadev Bhattiprolu <suka...@linux.ibm.com>
  Sunitha Mekala <sunithax.d.mek...@intel.com>
  Tao Liu <xliut...@google.com>
  Tom Rix <t...@redhat.com>
  Tony Nguyen <anthony.l.ngu...@intel.com>
  Victor Erminpour <victor.erminp...@oracle.com>
  Vlad Buslov <vla...@nvidia.com>
  Vladimir Oltean <vladimir.olt...@nxp.com>
  Xin Long <lucien....@gmail.com>

jobs:
 build-amd64-xsm                                              pass    
 build-arm64-xsm                                              pass    
 build-i386-xsm                                               pass    
 build-amd64                                                  pass    
 build-arm64                                                  pass    
 build-armhf                                                  pass    
 build-i386                                                   pass    
 build-amd64-libvirt                                          pass    
 build-arm64-libvirt                                          pass    
 build-armhf-libvirt                                          pass    
 build-i386-libvirt                                           pass    
 build-amd64-pvops                                            pass    
 build-arm64-pvops                                            pass    
 build-armhf-pvops                                            pass    
 build-i386-pvops                                             pass    
 test-amd64-amd64-xl                                          pass    
 test-amd64-coresched-amd64-xl                                pass    
 test-arm64-arm64-xl                                          pass    
 test-armhf-armhf-xl                                          pass    
 test-amd64-amd64-libvirt-qemuu-debianhvm-amd64-xsm           pass    
 test-amd64-amd64-xl-qemut-stubdom-debianhvm-amd64-xsm        pass    
 test-amd64-amd64-xl-qemut-debianhvm-i386-xsm                 fail    
 test-amd64-amd64-xl-qemuu-debianhvm-i386-xsm                 pass    
 test-amd64-amd64-libvirt-xsm                                 pass    
 test-arm64-arm64-libvirt-xsm                                 pass    
 test-amd64-amd64-xl-xsm                                      pass    
 test-arm64-arm64-xl-xsm                                      pass    
 test-amd64-amd64-qemuu-nested-amd                            fail    
 test-amd64-amd64-xl-pvhv2-amd                                pass    
 test-amd64-amd64-dom0pvh-xl-amd                              pass    
 test-amd64-amd64-xl-qemut-debianhvm-amd64                    pass    
 test-amd64-amd64-xl-qemuu-debianhvm-amd64                    pass    
 test-amd64-amd64-freebsd11-amd64                             pass    
 test-amd64-amd64-freebsd12-amd64                             pass    
 test-amd64-amd64-xl-qemuu-ovmf-amd64                         pass    
 test-amd64-amd64-xl-qemut-win7-amd64                         fail    
 test-amd64-amd64-xl-qemuu-win7-amd64                         fail    
 test-amd64-amd64-xl-qemut-ws16-amd64                         fail    
 test-amd64-amd64-xl-qemuu-ws16-amd64                         fail    
 test-armhf-armhf-xl-arndale                                  pass    
 test-amd64-amd64-examine-bios                                pass    
 test-amd64-amd64-xl-credit1                                  pass    
 test-arm64-arm64-xl-credit1                                  pass    
 test-armhf-armhf-xl-credit1                                  pass    
 test-amd64-amd64-xl-credit2                                  pass    
 test-arm64-arm64-xl-credit2                                  pass    
 test-armhf-armhf-xl-credit2                                  pass    
 test-armhf-armhf-xl-cubietruck                               pass    
 test-amd64-amd64-xl-qemuu-dmrestrict-amd64-dmrestrict        pass    
 test-amd64-amd64-examine                                     pass    
 test-arm64-arm64-examine                                     pass    
 test-armhf-armhf-examine                                     pass    
 test-amd64-amd64-qemuu-nested-intel                          pass    
 test-amd64-amd64-xl-pvhv2-intel                              pass    
 test-amd64-amd64-dom0pvh-xl-intel                            pass    
 test-amd64-amd64-libvirt                                     pass    
 test-armhf-armhf-libvirt                                     pass    
 test-amd64-amd64-xl-multivcpu                                pass    
 test-armhf-armhf-xl-multivcpu                                pass    
 test-amd64-amd64-pair                                        pass    
 test-amd64-amd64-libvirt-pair                                pass    
 test-amd64-amd64-xl-pvshim                                   pass    
 test-amd64-amd64-pygrub                                      pass    
 test-amd64-amd64-libvirt-qcow2                               pass    
 test-armhf-armhf-libvirt-qcow2                               pass    
 test-amd64-amd64-libvirt-raw                                 pass    
 test-arm64-arm64-libvirt-raw                                 fail    
 test-armhf-armhf-libvirt-raw                                 pass    
 test-amd64-amd64-xl-rtds                                     pass    
 test-armhf-armhf-xl-rtds                                     pass    
 test-arm64-arm64-xl-seattle                                  pass    
 test-amd64-amd64-xl-qemuu-debianhvm-amd64-shadow             pass    
 test-amd64-amd64-xl-shadow                                   pass    
 test-arm64-arm64-xl-thunderx                                 pass    
 test-amd64-amd64-examine-uefi                                pass    
 test-amd64-amd64-xl-vhd                                      pass    
 test-arm64-arm64-xl-vhd                                      pass    
 test-armhf-armhf-xl-vhd                                      pass    


------------------------------------------------------------
sg-report-flight on osstest.test-lab.xenproject.org
logs: /home/logs/logs
images: /home/logs/images

Logs, config files, etc. are available at
    http://logs.test-lab.xenproject.org/osstest/logs

Explanation of these reports, and of osstest in general, is at
    http://xenbits.xen.org/gitweb/?p=osstest.git;a=blob;f=README.email;hb=master
    http://xenbits.xen.org/gitweb/?p=osstest.git;a=blob;f=README;hb=master

Test harness code can be found at
    http://xenbits.xen.org/gitweb?p=osstest.git;a=summary


Pushing revision :

hint: The 'hooks/update' hook was ignored because it's not set as executable.
hint: You can disable this warning with `git config advice.ignoredHook false`.
hint: The 'hooks/post-receive' hook was ignored because it's not set as 
executable.
hint: You can disable this warning with `git config advice.ignoredHook false`.
hint: The 'hooks/post-update' hook was ignored because it's not set as 
executable.
hint: You can disable this warning with `git config advice.ignoredHook false`.
To xenbits.xen.org:/home/xen/git/linux-pvops.git
   e3c85076d7a6..f1baf68e1383  f1baf68e1383f6ed93eb9cff2866d46562607a43 -> 
tested/linux-linus

Reply via email to